{"id":95,"date":"2022-03-02T13:38:38","date_gmt":"2022-03-02T12:38:38","guid":{"rendered":"https:\/\/artesania.conselldeivissa.es\/?post_type=tribe_events&#038;p=95"},"modified":"2022-08-25T11:54:45","modified_gmt":"2022-08-25T09:54:45","slug":"mercado-de-artesania-de-santa-gertrudis","status":"publish","type":"tribe_events","link":"https:\/\/artesania.conselldeivissa.es\/es\/agenda\/mercado-de-artesania-de-santa-gertrudis\/2022-08-19\/","title":{"rendered":"Mercado de artesan\u00eda de Santa Gertrudis"},"content":{"rendered":"<p>La pintoresca plaza de la iglesia de la localidad de Santa Gertrudis acoge un atractivo mercadillo de artesan\u00eda en los que se pueden encontrar productos de todas partes del mundo as\u00ed como artesan\u00eda de producci\u00f3n local. Joyer\u00eda, cuero, tallas de madera, bisuter\u00eda o textiles son algunos de los tesoros de los puestos ambulantes atendidos personalmente por sus artesanos y artistas, muchos de ellos establecidos en la isla en las d\u00e9cadas de los a\u00f1os 60 y 70 y por lo tanto, un testimonio imprescindible de la \u00e9poca m\u00e1s popular de Ibiza. Viernes de 19.00 a 00.00 horas, de junio a septiembre. En la plaza de la Iglesia de Santa Gertrudis de Frutera.<\/p>\n","protected":false},"excerpt":{"rendered":"<p>La pintoresca plaza de la iglesia de la localidad de Santa Gertrudis acoge un atractivo mercadillo de artesan\u00eda en los que se pueden encontrar productos de todas partes del mundo [&hellip;]<\/p>\n","protected":false},"author":1,"featured_media":1505,"comment_status":"open","ping_status":"closed","template":"","meta":{"_tribe_events_status":"","_tribe_events_status_reason":"","footnotes":""},"tags":[],"tribe_events_cat":[30],"class_list":["post-95","tribe_events","type-tribe_events","status-publish","has-post-thumbnail","hentry","tribe_events_cat-mercados-artesanales","cat_mercados-artesanales","tribe-recurring-event","tribe-recurring-event-parent"],"acf":[],"yoast_head":"<!-- This site is optimized with the Yoast SEO plugin v19.6 - https:\/\/yoast.com\/wordpress\/plugins\/seo\/ -->\n<title>Mercado de artesan\u00eda de Santa Gertrudis - Artesania d&#039;Eivissa<\/title>\n<meta name=\"robots\" content=\"index, follow, max-snippet:-1, max-image-preview:large, max-video-preview:-1\" \/>\n<link rel=\"canonical\" href=\"https:\/\/artesania.conselldeivissa.es\/agenda\/mercado-de-artesania-de-santa-gertrudis\/2022-08-19\/\" \/>\n<meta property=\"og:locale\" content=\"es_ES\" \/>\n<meta property=\"og:type\" content=\"article\" \/>\n<meta property=\"og:title\" content=\"Mercado de artesan\u00eda de Santa Gertrudis - Artesania d&#039;Eivissa\" \/>\n<meta property=\"og:description\" content=\"La pintoresca plaza de la iglesia de la localidad de Santa Gertrudis acoge un atractivo mercadillo de artesan\u00eda en los que se pueden encontrar productos de todas partes del mundo [&hellip;]\" \/>\n<meta property=\"og:url\" content=\"https:\/\/artesania.conselldeivissa.es\/agenda\/mercado-de-artesania-de-santa-gertrudis\/2022-08-19\/\" \/>\n<meta property=\"og:site_name\" content=\"Artesania d&#039;Eivissa\" \/>\n<meta property=\"article:modified_time\" content=\"2022-08-25T09:54:45+00:00\" \/>\n<meta property=\"og:image\" content=\"https:\/\/artesania.conselldeivissa.es\/wp-content\/uploads\/2022\/03\/artesania_eivissa.jpg\" \/>\n\t<meta property=\"og:image:width\" content=\"1000\" \/>\n\t<meta property=\"og:image:height\" content=\"641\" \/>\n\t<meta property=\"og:image:type\" content=\"image\/jpeg\" \/>\n<meta name=\"twitter:card\" content=\"summary_large_image\" \/>\n<meta name=\"twitter:label1\" content=\"Tiempo de lectura\" \/>\n\t<meta name=\"twitter:data1\" content=\"1 minuto\" \/>\n<script type=\"application\/ld+json\" class=\"yoast-schema-graph\">{\"@context\":\"https:\/\/schema.org\",\"@graph\":[{\"@type\":\"WebPage\",\"@id\":\"https:\/\/artesania.conselldeivissa.es\/agenda\/mercado-de-artesania-de-santa-gertrudis\/2022-08-19\/\",\"url\":\"https:\/\/artesania.conselldeivissa.es\/agenda\/mercado-de-artesania-de-santa-gertrudis\/2022-08-19\/\",\"name\":\"Mercado de artesan\u00eda de Santa Gertrudis - Artesania d&#039;Eivissa\",\"isPartOf\":{\"@id\":\"https:\/\/artesania.conselldeivissa.es\/#website\"},\"datePublished\":\"2022-03-02T12:38:38+00:00\",\"dateModified\":\"2022-08-25T09:54:45+00:00\",\"breadcrumb\":{\"@id\":\"https:\/\/artesania.conselldeivissa.es\/agenda\/mercado-de-artesania-de-santa-gertrudis\/2022-08-19\/#breadcrumb\"},\"inLanguage\":\"es\",\"potentialAction\":[{\"@type\":\"ReadAction\",\"target\":[\"https:\/\/artesania.conselldeivissa.es\/agenda\/mercado-de-artesania-de-santa-gertrudis\/2022-08-19\/\"]}]},{\"@type\":\"BreadcrumbList\",\"@id\":\"https:\/\/artesania.conselldeivissa.es\/agenda\/mercado-de-artesania-de-santa-gertrudis\/2022-08-19\/#breadcrumb\",\"itemListElement\":[{\"@type\":\"ListItem\",\"position\":1,\"name\":\"Portada\",\"item\":\"https:\/\/artesania.conselldeivissa.es\/es\/\"},{\"@type\":\"ListItem\",\"position\":2,\"name\":\"Esdeveniments\",\"item\":\"https:\/\/artesania.conselldeivissa.es\/ca\/agenda\/\"},{\"@type\":\"ListItem\",\"position\":3,\"name\":\"Mercado de artesan\u00eda de Santa Gertrudis\"}]},{\"@type\":\"WebSite\",\"@id\":\"https:\/\/artesania.conselldeivissa.es\/#website\",\"url\":\"https:\/\/artesania.conselldeivissa.es\/\",\"name\":\"Artesania d&#039;Eivissa\",\"description\":\"Artesanes i artesans d&#039;Eivisssa\",\"publisher\":{\"@id\":\"https:\/\/artesania.conselldeivissa.es\/#organization\"},\"potentialAction\":[{\"@type\":\"SearchAction\",\"target\":{\"@type\":\"EntryPoint\",\"urlTemplate\":\"https:\/\/artesania.conselldeivissa.es\/?s={search_term_string}\"},\"query-input\":\"required name=search_term_string\"}],\"inLanguage\":\"es\"},{\"@type\":\"Organization\",\"@id\":\"https:\/\/artesania.conselldeivissa.es\/#organization\",\"name\":\"Artesania d&#039;Eivissa\",\"url\":\"https:\/\/artesania.conselldeivissa.es\/\",\"sameAs\":[],\"logo\":{\"@type\":\"ImageObject\",\"inLanguage\":\"es\",\"@id\":\"https:\/\/artesania.conselldeivissa.es\/#\/schema\/logo\/image\/\",\"url\":\"https:\/\/artesania.conselldeivissa.es\/wp-content\/uploads\/2022\/08\/artesansnegro.png\",\"contentUrl\":\"https:\/\/artesania.conselldeivissa.es\/wp-content\/uploads\/2022\/08\/artesansnegro.png\",\"width\":400,\"height\":97,\"caption\":\"Artesania d&#039;Eivissa\"},\"image\":{\"@id\":\"https:\/\/artesania.conselldeivissa.es\/#\/schema\/logo\/image\/\"}}]}<\/script>\n<!-- \/ Yoast SEO plugin. -->","yoast_head_json":{"title":"Mercado de artesan\u00eda de Santa Gertrudis - Artesania d&#039;Eivissa","robots":{"index":"index","follow":"follow","max-snippet":"max-snippet:-1","max-image-preview":"max-image-preview:large","max-video-preview":"max-video-preview:-1"},"canonical":"https:\/\/artesania.conselldeivissa.es\/agenda\/mercado-de-artesania-de-santa-gertrudis\/2022-08-19\/","og_locale":"es_ES","og_type":"article","og_title":"Mercado de artesan\u00eda de Santa Gertrudis - Artesania d&#039;Eivissa","og_description":"La pintoresca plaza de la iglesia de la localidad de Santa Gertrudis acoge un atractivo mercadillo de artesan\u00eda en los que se pueden encontrar productos de todas partes del mundo [&hellip;]","og_url":"https:\/\/artesania.conselldeivissa.es\/agenda\/mercado-de-artesania-de-santa-gertrudis\/2022-08-19\/","og_site_name":"Artesania d&#039;Eivissa","article_modified_time":"2022-08-25T09:54:45+00:00","og_image":[{"width":1000,"height":641,"url":"https:\/\/artesania.conselldeivissa.es\/wp-content\/uploads\/2022\/03\/artesania_eivissa.jpg","type":"image\/jpeg"}],"twitter_card":"summary_large_image","twitter_misc":{"Tiempo de lectura":"1 minuto"},"schema":{"@context":"https:\/\/schema.org","@graph":[{"@type":"WebPage","@id":"https:\/\/artesania.conselldeivissa.es\/agenda\/mercado-de-artesania-de-santa-gertrudis\/2022-08-19\/","url":"https:\/\/artesania.conselldeivissa.es\/agenda\/mercado-de-artesania-de-santa-gertrudis\/2022-08-19\/","name":"Mercado de artesan\u00eda de Santa Gertrudis - Artesania d&#039;Eivissa","isPartOf":{"@id":"https:\/\/artesania.conselldeivissa.es\/#website"},"datePublished":"2022-03-02T12:38:38+00:00","dateModified":"2022-08-25T09:54:45+00:00","breadcrumb":{"@id":"https:\/\/artesania.conselldeivissa.es\/agenda\/mercado-de-artesania-de-santa-gertrudis\/2022-08-19\/#breadcrumb"},"inLanguage":"es","potentialAction":[{"@type":"ReadAction","target":["https:\/\/artesania.conselldeivissa.es\/agenda\/mercado-de-artesania-de-santa-gertrudis\/2022-08-19\/"]}]},{"@type":"BreadcrumbList","@id":"https:\/\/artesania.conselldeivissa.es\/agenda\/mercado-de-artesania-de-santa-gertrudis\/2022-08-19\/#breadcrumb","itemListElement":[{"@type":"ListItem","position":1,"name":"Portada","item":"https:\/\/artesania.conselldeivissa.es\/es\/"},{"@type":"ListItem","position":2,"name":"Esdeveniments","item":"https:\/\/artesania.conselldeivissa.es\/ca\/agenda\/"},{"@type":"ListItem","position":3,"name":"Mercado de artesan\u00eda de Santa Gertrudis"}]},{"@type":"WebSite","@id":"https:\/\/artesania.conselldeivissa.es\/#website","url":"https:\/\/artesania.conselldeivissa.es\/","name":"Artesania d&#039;Eivissa","description":"Artesanes i artesans d&#039;Eivisssa","publisher":{"@id":"https:\/\/artesania.conselldeivissa.es\/#organization"},"potentialAction":[{"@type":"SearchAction","target":{"@type":"EntryPoint","urlTemplate":"https:\/\/artesania.conselldeivissa.es\/?s={search_term_string}"},"query-input":"required name=search_term_string"}],"inLanguage":"es"},{"@type":"Organization","@id":"https:\/\/artesania.conselldeivissa.es\/#organization","name":"Artesania d&#039;Eivissa","url":"https:\/\/artesania.conselldeivissa.es\/","sameAs":[],"logo":{"@type":"ImageObject","inLanguage":"es","@id":"https:\/\/artesania.conselldeivissa.es\/#\/schema\/logo\/image\/","url":"https:\/\/artesania.conselldeivissa.es\/wp-content\/uploads\/2022\/08\/artesansnegro.png","contentUrl":"https:\/\/artesania.conselldeivissa.es\/wp-content\/uploads\/2022\/08\/artesansnegro.png","width":400,"height":97,"caption":"Artesania d&#039;Eivissa"},"image":{"@id":"https:\/\/artesania.conselldeivissa.es\/#\/schema\/logo\/image\/"}}]}},"_links":{"self":[{"href":"https:\/\/artesania.conselldeivissa.es\/es\/wp-json\/wp\/v2\/tribe_events\/95","targetHints":{"allow":["GET"]}}],"collection":[{"href":"https:\/\/artesania.conselldeivissa.es\/es\/wp-json\/wp\/v2\/tribe_events"}],"about":[{"href":"https:\/\/artesania.conselldeivissa.es\/es\/wp-json\/wp\/v2\/types\/tribe_events"}],"author":[{"embeddable":true,"href":"https:\/\/artesania.conselldeivissa.es\/es\/wp-json\/wp\/v2\/users\/1"}],"replies":[{"embeddable":true,"href":"https:\/\/artesania.conselldeivissa.es\/es\/wp-json\/wp\/v2\/comments?post=95"}],"version-history":[{"count":0,"href":"https:\/\/artesania.conselldeivissa.es\/es\/wp-json\/wp\/v2\/tribe_events\/95\/revisions"}],"wp:featuredmedia":[{"embeddable":true,"href":"https:\/\/artesania.conselldeivissa.es\/es\/wp-json\/wp\/v2\/media\/1505"}],"wp:attachment":[{"href":"https:\/\/artesania.conselldeivissa.es\/es\/wp-json\/wp\/v2\/media?parent=95"}],"wp:term":[{"taxonomy":"post_tag","embeddable":true,"href":"https:\/\/artesania.conselldeivissa.es\/es\/wp-json\/wp\/v2\/tags?post=95"},{"taxonomy":"tribe_events_cat","embeddable":true,"href":"https:\/\/artesania.conselldeivissa.es\/es\/wp-json\/wp\/v2\/tribe_events_cat?post=95"}],"curies":[{"name":"wp","href":"https:\/\/api.w.org\/{rel}","templated":true}]}}

Mercado de artesanía de Santa Gertrudis

<p>La pintoresca plaza de la iglesia de la localidad de Santa Gertrudis acoge un atractivo mercadillo de artesanía en los que se pueden encontrar productos de todas partes del mundo así como artesanía de producción local. Joyería, cuero, tallas de madera, bisutería o textiles son algunos de los tesoros de los puestos ambulantes atendidos personalmente por sus artesanos y artistas, muchos de ellos establecidos en la isla en las décadas de los años 60 y 70 y por lo tanto, un testimonio imprescindible de la época más popular de Ibiza. Viernes de 19.00 a 00.00 horas, de junio a septiembre. En la plaza de la Iglesia de Santa Gertrudis de Frutera.</p>

<p>La pintoresca plaza de la iglesia de la localidad de Santa Gertrudis acoge un atractivo mercadillo de artesanía en los que se pueden encontrar productos de todas partes del mundo [&hellip;]</p>

<!-- This site is optimized with the Yoast SEO plugin v19.6 - https://yoast.com/wordpress/plugins/seo/ -->
<title>Mercado de artesanía de Santa Gertrudis - Artesania d&#039;Eivissa</title>
<meta name="robots" content="index, follow, max-snippet:-1, max-image-preview:large, max-video-preview:-1" />
<link rel="canonical" href="https://artesania.conselldeivissa.es/agenda/mercado-de-artesania-de-santa-gertrudis/2022-08-19/" />
<meta property="og:locale" content="es_ES" />
<meta property="og:type" content="article" />
<meta property="og:title" content="Mercado de artesanía de Santa Gertrudis - Artesania d&#039;Eivissa" />
<meta property="og:description" content="La pintoresca plaza de la iglesia de la localidad de Santa Gertrudis acoge un atractivo mercadillo de artesanía en los que se pueden encontrar productos de todas partes del mundo [&hellip;]" />
<meta property="og:url" content="https://artesania.conselldeivissa.es/agenda/mercado-de-artesania-de-santa-gertrudis/2022-08-19/" />
<meta property="og:site_name" content="Artesania d&#039;Eivissa" />
<meta property="article:modified_time" content="2022-08-25T09:54:45+00:00" />
<meta property="og:image" content="https://artesania.conselldeivissa.es/wp-content/uploads/2022/03/artesania_eivissa.jpg" />
	<meta property="og:image:width" content="1000" />
	<meta property="og:image:height" content="641" />
	<meta property="og:image:type" content="image/jpeg" />
<meta name="twitter:card" content="summary_large_image" />
<meta name="twitter:label1" content="Tiempo de lectura" />
	<meta name="twitter:data1" content="1 minuto" />
<script type="application/ld+json" class="yoast-schema-graph">{"@context":"https://schema.org","@graph":[{"@type":"WebPage","@id":"https://artesania.conselldeivissa.es/agenda/mercado-de-artesania-de-santa-gertrudis/2022-08-19/","url":"https://artesania.conselldeivissa.es/agenda/mercado-de-artesania-de-santa-gertrudis/2022-08-19/","name":"Mercado de artesanía de Santa Gertrudis - Artesania d&#039;Eivissa","isPartOf":{"@id":"https://artesania.conselldeivissa.es/#website"},"datePublished":"2022-03-02T12:38:38+00:00","dateModified":"2022-08-25T09:54:45+00:00","breadcrumb":{"@id":"https://artesania.conselldeivissa.es/agenda/mercado-de-artesania-de-santa-gertrudis/2022-08-19/#breadcrumb"},"inLanguage":"es","potentialAction":[{"@type":"ReadAction","target":["https://artesania.conselldeivissa.es/agenda/mercado-de-artesania-de-santa-gertrudis/2022-08-19/"]}]},{"@type":"BreadcrumbList","@id":"https://artesania.conselldeivissa.es/agenda/mercado-de-artesania-de-santa-gertrudis/2022-08-19/#breadcrumb","itemListElement":[{"@type":"ListItem","position":1,"name":"Portada","item":"https://artesania.conselldeivissa.es/es/"},{"@type":"ListItem","position":2,"name":"Esdeveniments","item":"https://artesania.conselldeivissa.es/ca/agenda/"},{"@type":"ListItem","position":3,"name":"Mercado de artesanía de Santa Gertrudis"}]},{"@type":"WebSite","@id":"https://artesania.conselldeivissa.es/#website","url":"https://artesania.conselldeivissa.es/","name":"Artesania d&#039;Eivissa","description":"Artesanes i artesans d&#039;Eivisssa","publisher":{"@id":"https://artesania.conselldeivissa.es/#organization"},"potentialAction":[{"@type":"SearchAction","target":{"@type":"EntryPoint","urlTemplate":"https://artesania.conselldeivissa.es/?s={search_term_string}"},"query-input":"required name=search_term_string"}],"inLanguage":"es"},{"@type":"Organization","@id":"https://artesania.conselldeivissa.es/#organization","name":"Artesania d&#039;Eivissa","url":"https://artesania.conselldeivissa.es/","sameAs":[],"logo":{"@type":"ImageObject","inLanguage":"es","@id":"https://artesania.conselldeivissa.es/#/schema/logo/image/","url":"https://artesania.conselldeivissa.es/wp-content/uploads/2022/08/artesansnegro.png","contentUrl":"https://artesania.conselldeivissa.es/wp-content/uploads/2022/08/artesansnegro.png","width":400,"height":97,"caption":"Artesania d&#039;Eivissa"},"image":{"@id":"https://artesania.conselldeivissa.es/#/schema/logo/image/"}}]}</script>
<!-- / Yoast SEO plugin. -->

Mercado de artesanía de Santa Gertrudis - Artesania d&#039;Eivissa

La pintoresca plaza de la iglesia de la localidad de Santa Gertrudis acoge un atractivo mercadillo de artesanía en los que se pueden encontrar productos de todas partes del mundo [&hellip;]
