{"id":9224,"date":"2023-08-11T20:17:16","date_gmt":"2023-08-11T18:17:16","guid":{"rendered":"https:\/\/artesania.conselldeivissa.es\/agenda\/mercat-ecologic-local-i-dartesania-de-sant-josep-de-sa-talaia\/?eventDate=2023-10-28"},"modified":"2023-09-04T13:46:03","modified_gmt":"2023-09-04T11:46:03","slug":"mercado-ecologico-local-y-de-artesania-de-sant-josep-de-sa-talaia-2-2023-08-12-2023-10-28","status":"publish","type":"tribe_events","link":"https:\/\/artesania.conselldeivissa.es\/es\/agenda\/mercado-ecologico-local-y-de-artesania-de-sant-josep-de-sa-talaia-2-2023-08-12\/2023-10-28\/","title":{"rendered":"Mercado de San Jos\u00e9"},"content":{"rendered":"<p>El Mercado de Sant Josep, un punto de encuentro para residentes y visitantes, donde se pueden comprar productos ecol\u00f3gicos, artesanales o de elaboraci\u00f3n local cada s\u00e1bado. Tambi\u00e9n se puede disfrutar de una muestra de artesan\u00eda local tradicional.<\/p>\n","protected":false},"excerpt":{"rendered":"<p>El Mercado de Sant Josep, un punto de encuentro para residentes y visitantes, donde se pueden comprar productos ecol\u00f3gicos, artesanales o de elaboraci\u00f3n local cada s\u00e1bado. Tambi\u00e9n se puede disfrutar [&hellip;]<\/p>\n","protected":false},"author":1,"featured_media":377,"comment_status":"open","ping_status":"closed","template":"","meta":{"_tribe_events_status":"","_tribe_events_status_reason":"","footnotes":""},"tags":[],"tribe_events_cat":[30],"class_list":["post-9224","tribe_events","type-tribe_events","status-publish","has-post-thumbnail","hentry","tribe_events_cat-mercados-artesanales","cat_mercados-artesanales","tribe-recurring-event","tribe-recurring-event-child"],"acf":[],"yoast_head":"<!-- This site is optimized with the Yoast SEO plugin v19.6 - https:\/\/yoast.com\/wordpress\/plugins\/seo\/ -->\n<title>Mercado de San Jos\u00e9 - Artesania d&#039;Eivissa<\/title>\n<meta name=\"robots\" content=\"index, follow, max-snippet:-1, max-image-preview:large, max-video-preview:-1\" \/>\n<link rel=\"canonical\" href=\"https:\/\/artesania.conselldeivissa.es\/es\/agenda\/mercado-ecologico-local-y-de-artesania-de-sant-josep-de-sa-talaia-2-2023-08-12\/2023-10-28\/\" \/>\n<meta property=\"og:locale\" content=\"es_ES\" \/>\n<meta property=\"og:type\" content=\"article\" \/>\n<meta property=\"og:title\" content=\"Mercado de San Jos\u00e9 - Artesania d&#039;Eivissa\" \/>\n<meta property=\"og:description\" content=\"El Mercado de Sant Josep, un punto de encuentro para residentes y visitantes, donde se pueden comprar productos ecol\u00f3gicos, artesanales o de elaboraci\u00f3n local cada s\u00e1bado. Tambi\u00e9n se puede disfrutar [&hellip;]\" \/>\n<meta property=\"og:url\" content=\"https:\/\/artesania.conselldeivissa.es\/es\/agenda\/mercado-ecologico-local-y-de-artesania-de-sant-josep-de-sa-talaia-2-2023-08-12\/2023-10-28\/\" \/>\n<meta property=\"og:site_name\" content=\"Artesania d&#039;Eivissa\" \/>\n<meta property=\"article:modified_time\" content=\"2023-09-04T11:46:03+00:00\" \/>\n<meta property=\"og:image\" content=\"https:\/\/artesania.conselldeivissa.es\/wp-content\/uploads\/2022\/06\/mercado_artesanal_sant_josep.jpg\" \/>\n\t<meta property=\"og:image:width\" content=\"1200\" \/>\n\t<meta property=\"og:image:height\" content=\"798\" \/>\n\t<meta property=\"og:image:type\" content=\"image\/jpeg\" \/>\n<meta name=\"twitter:card\" content=\"summary_large_image\" \/>\n<script type=\"application\/ld+json\" class=\"yoast-schema-graph\">{\"@context\":\"https:\/\/schema.org\",\"@graph\":[{\"@type\":\"WebPage\",\"@id\":\"https:\/\/artesania.conselldeivissa.es\/es\/agenda\/mercado-ecologico-local-y-de-artesania-de-sant-josep-de-sa-talaia-2-2023-08-12\/2023-10-28\/\",\"url\":\"https:\/\/artesania.conselldeivissa.es\/es\/agenda\/mercado-ecologico-local-y-de-artesania-de-sant-josep-de-sa-talaia-2-2023-08-12\/2023-10-28\/\",\"name\":\"Mercado de San Jos\u00e9 - Artesania d&#039;Eivissa\",\"isPartOf\":{\"@id\":\"https:\/\/artesania.conselldeivissa.es\/#website\"},\"datePublished\":\"2023-08-11T18:17:16+00:00\",\"dateModified\":\"2023-09-04T11:46:03+00:00\",\"breadcrumb\":{\"@id\":\"https:\/\/artesania.conselldeivissa.es\/es\/agenda\/mercado-ecologico-local-y-de-artesania-de-sant-josep-de-sa-talaia-2-2023-08-12\/2023-10-28\/#breadcrumb\"},\"inLanguage\":\"es\",\"potentialAction\":[{\"@type\":\"ReadAction\",\"target\":[\"https:\/\/artesania.conselldeivissa.es\/es\/agenda\/mercado-ecologico-local-y-de-artesania-de-sant-josep-de-sa-talaia-2-2023-08-12\/2023-10-28\/\"]}]},{\"@type\":\"BreadcrumbList\",\"@id\":\"https:\/\/artesania.conselldeivissa.es\/es\/agenda\/mercado-ecologico-local-y-de-artesania-de-sant-josep-de-sa-talaia-2-2023-08-12\/2023-10-28\/#breadcrumb\",\"itemListElement\":[{\"@type\":\"ListItem\",\"position\":1,\"name\":\"Portada\",\"item\":\"https:\/\/artesania.conselldeivissa.es\/es\/\"},{\"@type\":\"ListItem\",\"position\":2,\"name\":\"Esdeveniments\",\"item\":\"https:\/\/artesania.conselldeivissa.es\/ca\/agenda\/\"},{\"@type\":\"ListItem\",\"position\":3,\"name\":\"Mercado de San Jos\u00e9\",\"item\":\"https:\/\/artesania.conselldeivissa.es\/es\/agenda\/mercado-ecologico-local-y-de-artesania-de-sant-josep-de-sa-talaia-2-2023-08-12\/2023-08-12\/\"},{\"@type\":\"ListItem\",\"position\":4,\"name\":\"Mercado de San Jos\u00e9\"}]},{\"@type\":\"WebSite\",\"@id\":\"https:\/\/artesania.conselldeivissa.es\/#website\",\"url\":\"https:\/\/artesania.conselldeivissa.es\/\",\"name\":\"Artesania d&#039;Eivissa\",\"description\":\"Artesanes i artesans d&#039;Eivisssa\",\"publisher\":{\"@id\":\"https:\/\/artesania.conselldeivissa.es\/#organization\"},\"potentialAction\":[{\"@type\":\"SearchAction\",\"target\":{\"@type\":\"EntryPoint\",\"urlTemplate\":\"https:\/\/artesania.conselldeivissa.es\/?s={search_term_string}\"},\"query-input\":\"required name=search_term_string\"}],\"inLanguage\":\"es\"},{\"@type\":\"Organization\",\"@id\":\"https:\/\/artesania.conselldeivissa.es\/#organization\",\"name\":\"Artesania d&#039;Eivissa\",\"url\":\"https:\/\/artesania.conselldeivissa.es\/\",\"sameAs\":[],\"logo\":{\"@type\":\"ImageObject\",\"inLanguage\":\"es\",\"@id\":\"https:\/\/artesania.conselldeivissa.es\/#\/schema\/logo\/image\/\",\"url\":\"https:\/\/artesania.conselldeivissa.es\/wp-content\/uploads\/2022\/08\/artesansnegro.png\",\"contentUrl\":\"https:\/\/artesania.conselldeivissa.es\/wp-content\/uploads\/2022\/08\/artesansnegro.png\",\"width\":400,\"height\":97,\"caption\":\"Artesania d&#039;Eivissa\"},\"image\":{\"@id\":\"https:\/\/artesania.conselldeivissa.es\/#\/schema\/logo\/image\/\"}}]}<\/script>\n<!-- \/ Yoast SEO plugin. -->","yoast_head_json":{"title":"Mercado de San Jos\u00e9 - Artesania d&#039;Eivissa","robots":{"index":"index","follow":"follow","max-snippet":"max-snippet:-1","max-image-preview":"max-image-preview:large","max-video-preview":"max-video-preview:-1"},"canonical":"https:\/\/artesania.conselldeivissa.es\/es\/agenda\/mercado-ecologico-local-y-de-artesania-de-sant-josep-de-sa-talaia-2-2023-08-12\/2023-10-28\/","og_locale":"es_ES","og_type":"article","og_title":"Mercado de San Jos\u00e9 - Artesania d&#039;Eivissa","og_description":"El Mercado de Sant Josep, un punto de encuentro para residentes y visitantes, donde se pueden comprar productos ecol\u00f3gicos, artesanales o de elaboraci\u00f3n local cada s\u00e1bado. Tambi\u00e9n se puede disfrutar [&hellip;]","og_url":"https:\/\/artesania.conselldeivissa.es\/es\/agenda\/mercado-ecologico-local-y-de-artesania-de-sant-josep-de-sa-talaia-2-2023-08-12\/2023-10-28\/","og_site_name":"Artesania d&#039;Eivissa","article_modified_time":"2023-09-04T11:46:03+00:00","og_image":[{"width":1200,"height":798,"url":"https:\/\/artesania.conselldeivissa.es\/wp-content\/uploads\/2022\/06\/mercado_artesanal_sant_josep.jpg","type":"image\/jpeg"}],"twitter_card":"summary_large_image","schema":{"@context":"https:\/\/schema.org","@graph":[{"@type":"WebPage","@id":"https:\/\/artesania.conselldeivissa.es\/es\/agenda\/mercado-ecologico-local-y-de-artesania-de-sant-josep-de-sa-talaia-2-2023-08-12\/2023-10-28\/","url":"https:\/\/artesania.conselldeivissa.es\/es\/agenda\/mercado-ecologico-local-y-de-artesania-de-sant-josep-de-sa-talaia-2-2023-08-12\/2023-10-28\/","name":"Mercado de San Jos\u00e9 - Artesania d&#039;Eivissa","isPartOf":{"@id":"https:\/\/artesania.conselldeivissa.es\/#website"},"datePublished":"2023-08-11T18:17:16+00:00","dateModified":"2023-09-04T11:46:03+00:00","breadcrumb":{"@id":"https:\/\/artesania.conselldeivissa.es\/es\/agenda\/mercado-ecologico-local-y-de-artesania-de-sant-josep-de-sa-talaia-2-2023-08-12\/2023-10-28\/#breadcrumb"},"inLanguage":"es","potentialAction":[{"@type":"ReadAction","target":["https:\/\/artesania.conselldeivissa.es\/es\/agenda\/mercado-ecologico-local-y-de-artesania-de-sant-josep-de-sa-talaia-2-2023-08-12\/2023-10-28\/"]}]},{"@type":"BreadcrumbList","@id":"https:\/\/artesania.conselldeivissa.es\/es\/agenda\/mercado-ecologico-local-y-de-artesania-de-sant-josep-de-sa-talaia-2-2023-08-12\/2023-10-28\/#breadcrumb","itemListElement":[{"@type":"ListItem","position":1,"name":"Portada","item":"https:\/\/artesania.conselldeivissa.es\/es\/"},{"@type":"ListItem","position":2,"name":"Esdeveniments","item":"https:\/\/artesania.conselldeivissa.es\/ca\/agenda\/"},{"@type":"ListItem","position":3,"name":"Mercado de San Jos\u00e9","item":"https:\/\/artesania.conselldeivissa.es\/es\/agenda\/mercado-ecologico-local-y-de-artesania-de-sant-josep-de-sa-talaia-2-2023-08-12\/2023-08-12\/"},{"@type":"ListItem","position":4,"name":"Mercado de San Jos\u00e9"}]},{"@type":"WebSite","@id":"https:\/\/artesania.conselldeivissa.es\/#website","url":"https:\/\/artesania.conselldeivissa.es\/","name":"Artesania d&#039;Eivissa","description":"Artesanes i artesans d&#039;Eivisssa","publisher":{"@id":"https:\/\/artesania.conselldeivissa.es\/#organization"},"potentialAction":[{"@type":"SearchAction","target":{"@type":"EntryPoint","urlTemplate":"https:\/\/artesania.conselldeivissa.es\/?s={search_term_string}"},"query-input":"required name=search_term_string"}],"inLanguage":"es"},{"@type":"Organization","@id":"https:\/\/artesania.conselldeivissa.es\/#organization","name":"Artesania d&#039;Eivissa","url":"https:\/\/artesania.conselldeivissa.es\/","sameAs":[],"logo":{"@type":"ImageObject","inLanguage":"es","@id":"https:\/\/artesania.conselldeivissa.es\/#\/schema\/logo\/image\/","url":"https:\/\/artesania.conselldeivissa.es\/wp-content\/uploads\/2022\/08\/artesansnegro.png","contentUrl":"https:\/\/artesania.conselldeivissa.es\/wp-content\/uploads\/2022\/08\/artesansnegro.png","width":400,"height":97,"caption":"Artesania d&#039;Eivissa"},"image":{"@id":"https:\/\/artesania.conselldeivissa.es\/#\/schema\/logo\/image\/"}}]}},"_links":{"self":[{"href":"https:\/\/artesania.conselldeivissa.es\/es\/wp-json\/wp\/v2\/tribe_events\/9224","targetHints":{"allow":["GET"]}}],"collection":[{"href":"https:\/\/artesania.conselldeivissa.es\/es\/wp-json\/wp\/v2\/tribe_events"}],"about":[{"href":"https:\/\/artesania.conselldeivissa.es\/es\/wp-json\/wp\/v2\/types\/tribe_events"}],"author":[{"embeddable":true,"href":"https:\/\/artesania.conselldeivissa.es\/es\/wp-json\/wp\/v2\/users\/1"}],"replies":[{"embeddable":true,"href":"https:\/\/artesania.conselldeivissa.es\/es\/wp-json\/wp\/v2\/comments?post=9224"}],"version-history":[{"count":2,"href":"https:\/\/artesania.conselldeivissa.es\/es\/wp-json\/wp\/v2\/tribe_events\/9224\/revisions"}],"predecessor-version":[{"id":9406,"href":"https:\/\/artesania.conselldeivissa.es\/es\/wp-json\/wp\/v2\/tribe_events\/9224\/revisions\/9406"}],"wp:featuredmedia":[{"embeddable":true,"href":"https:\/\/artesania.conselldeivissa.es\/es\/wp-json\/wp\/v2\/media\/377"}],"wp:attachment":[{"href":"https:\/\/artesania.conselldeivissa.es\/es\/wp-json\/wp\/v2\/media?parent=9224"}],"wp:term":[{"taxonomy":"post_tag","embeddable":true,"href":"https:\/\/artesania.conselldeivissa.es\/es\/wp-json\/wp\/v2\/tags?post=9224"},{"taxonomy":"tribe_events_cat","embeddable":true,"href":"https:\/\/artesania.conselldeivissa.es\/es\/wp-json\/wp\/v2\/tribe_events_cat?post=9224"}],"curies":[{"name":"wp","href":"https:\/\/api.w.org\/{rel}","templated":true}]}}

Mercado de San José

<p>El Mercado de Sant Josep, un punto de encuentro para residentes y visitantes, donde se pueden comprar productos ecológicos, artesanales o de elaboración local cada sábado. También se puede disfrutar de una muestra de artesanía local tradicional.</p>

<p>El Mercado de Sant Josep, un punto de encuentro para residentes y visitantes, donde se pueden comprar productos ecológicos, artesanales o de elaboración local cada sábado. También se puede disfrutar [&hellip;]</p>

<!-- This site is optimized with the Yoast SEO plugin v19.6 - https://yoast.com/wordpress/plugins/seo/ -->
<title>Mercado de San José - Artesania d&#039;Eivissa</title>
<meta name="robots" content="index, follow, max-snippet:-1, max-image-preview:large, max-video-preview:-1" />
<link rel="canonical" href="https://artesania.conselldeivissa.es/es/agenda/mercado-ecologico-local-y-de-artesania-de-sant-josep-de-sa-talaia-2-2023-08-12/2023-10-28/" />
<meta property="og:locale" content="es_ES" />
<meta property="og:type" content="article" />
<meta property="og:title" content="Mercado de San José - Artesania d&#039;Eivissa" />
<meta property="og:description" content="El Mercado de Sant Josep, un punto de encuentro para residentes y visitantes, donde se pueden comprar productos ecológicos, artesanales o de elaboración local cada sábado. También se puede disfrutar [&hellip;]" />
<meta property="og:url" content="https://artesania.conselldeivissa.es/es/agenda/mercado-ecologico-local-y-de-artesania-de-sant-josep-de-sa-talaia-2-2023-08-12/2023-10-28/" />
<meta property="og:site_name" content="Artesania d&#039;Eivissa" />
<meta property="article:modified_time" content="2023-09-04T11:46:03+00:00" />
<meta property="og:image" content="https://artesania.conselldeivissa.es/wp-content/uploads/2022/06/mercado_artesanal_sant_josep.jpg" />
	<meta property="og:image:width" content="1200" />
	<meta property="og:image:height" content="798" />
	<meta property="og:image:type" content="image/jpeg" />
<meta name="twitter:card" content="summary_large_image" />
<script type="application/ld+json" class="yoast-schema-graph">{"@context":"https://schema.org","@graph":[{"@type":"WebPage","@id":"https://artesania.conselldeivissa.es/es/agenda/mercado-ecologico-local-y-de-artesania-de-sant-josep-de-sa-talaia-2-2023-08-12/2023-10-28/","url":"https://artesania.conselldeivissa.es/es/agenda/mercado-ecologico-local-y-de-artesania-de-sant-josep-de-sa-talaia-2-2023-08-12/2023-10-28/","name":"Mercado de San José - Artesania d&#039;Eivissa","isPartOf":{"@id":"https://artesania.conselldeivissa.es/#website"},"datePublished":"2023-08-11T18:17:16+00:00","dateModified":"2023-09-04T11:46:03+00:00","breadcrumb":{"@id":"https://artesania.conselldeivissa.es/es/agenda/mercado-ecologico-local-y-de-artesania-de-sant-josep-de-sa-talaia-2-2023-08-12/2023-10-28/#breadcrumb"},"inLanguage":"es","potentialAction":[{"@type":"ReadAction","target":["https://artesania.conselldeivissa.es/es/agenda/mercado-ecologico-local-y-de-artesania-de-sant-josep-de-sa-talaia-2-2023-08-12/2023-10-28/"]}]},{"@type":"BreadcrumbList","@id":"https://artesania.conselldeivissa.es/es/agenda/mercado-ecologico-local-y-de-artesania-de-sant-josep-de-sa-talaia-2-2023-08-12/2023-10-28/#breadcrumb","itemListElement":[{"@type":"ListItem","position":1,"name":"Portada","item":"https://artesania.conselldeivissa.es/es/"},{"@type":"ListItem","position":2,"name":"Esdeveniments","item":"https://artesania.conselldeivissa.es/ca/agenda/"},{"@type":"ListItem","position":3,"name":"Mercado de San José","item":"https://artesania.conselldeivissa.es/es/agenda/mercado-ecologico-local-y-de-artesania-de-sant-josep-de-sa-talaia-2-2023-08-12/2023-08-12/"},{"@type":"ListItem","position":4,"name":"Mercado de San José"}]},{"@type":"WebSite","@id":"https://artesania.conselldeivissa.es/#website","url":"https://artesania.conselldeivissa.es/","name":"Artesania d&#039;Eivissa","description":"Artesanes i artesans d&#039;Eivisssa","publisher":{"@id":"https://artesania.conselldeivissa.es/#organization"},"potentialAction":[{"@type":"SearchAction","target":{"@type":"EntryPoint","urlTemplate":"https://artesania.conselldeivissa.es/?s={search_term_string}"},"query-input":"required name=search_term_string"}],"inLanguage":"es"},{"@type":"Organization","@id":"https://artesania.conselldeivissa.es/#organization","name":"Artesania d&#039;Eivissa","url":"https://artesania.conselldeivissa.es/","sameAs":[],"logo":{"@type":"ImageObject","inLanguage":"es","@id":"https://artesania.conselldeivissa.es/#/schema/logo/image/","url":"https://artesania.conselldeivissa.es/wp-content/uploads/2022/08/artesansnegro.png","contentUrl":"https://artesania.conselldeivissa.es/wp-content/uploads/2022/08/artesansnegro.png","width":400,"height":97,"caption":"Artesania d&#039;Eivissa"},"image":{"@id":"https://artesania.conselldeivissa.es/#/schema/logo/image/"}}]}</script>
<!-- / Yoast SEO plugin. -->

Mercado de San José - Artesania d&#039;Eivissa

El Mercado de Sant Josep, un punto de encuentro para residentes y visitantes, donde se pueden comprar productos ecológicos, artesanales o de elaboración local cada sábado. También se puede disfrutar [&hellip;]
