{"id":7358,"date":"2022-08-25T12:25:20","date_gmt":"2022-08-25T10:25:20","guid":{"rendered":"https:\/\/artesania.conselldeivissa.es\/?post_type=tribe_events&#038;eventDate=2022-11-13#038;p=7346"},"modified":"2022-08-25T12:27:02","modified_gmt":"2022-08-25T10:27:02","slug":"mercado-de-cala-llenya-2022-11-13","status":"publish","type":"tribe_events","link":"https:\/\/artesania.conselldeivissa.es\/es\/agenda\/mercado-de-cala-llenya\/2022-11-13\/","title":{"rendered":"Mercado de Cala Llenya"},"content":{"rendered":"<p>Cala Llenya es una preciosa cala enclavada en el noreste de la isla, en el municipio de Santa Eul\u00e0ria. Bajo las palmeras, cerca de la misma playa, el mercado artesanal y espacio creativo de Cala Llenya ofrece una muestra m\u00e1s que interesante del esp\u00edritu bohemio de la artesan\u00eda m\u00e1s genuina. Desde sus inicios como rastrillo de objetos de segunda mano, el mercadillo ha evolucionado para transformarse en un espacio artesanal que muestra sus creaciones al p\u00fablico todos los domingos del a\u00f1o de 10 a 14.30h<\/p>\n","protected":false},"excerpt":{"rendered":"<p>Cala Llenya es una preciosa cala enclavada en el noreste de la isla, en el municipio de Santa Eul\u00e0ria. Bajo las palmeras, cerca de la misma playa, el mercado artesanal [&hellip;]<\/p>\n","protected":false},"author":1,"featured_media":4087,"comment_status":"open","ping_status":"closed","template":"","meta":{"_tribe_events_status":"","_tribe_events_status_reason":"","footnotes":""},"tags":[],"tribe_events_cat":[84],"class_list":["post-7358","tribe_events","type-tribe_events","status-publish","has-post-thumbnail","hentry","tribe_events_cat-mercados-hippies","cat_mercados-hippies","tribe-recurring-event","tribe-recurring-event-child"],"acf":[],"yoast_head":"<!-- This site is optimized with the Yoast SEO plugin v19.6 - https:\/\/yoast.com\/wordpress\/plugins\/seo\/ -->\n<title>Mercado de Cala Llenya - Artesania d&#039;Eivissa<\/title>\n<meta name=\"robots\" content=\"index, follow, max-snippet:-1, max-image-preview:large, max-video-preview:-1\" \/>\n<link rel=\"canonical\" href=\"https:\/\/artesania.conselldeivissa.es\/agenda\/mercado-de-cala-llenya\/2022-11-13\/\" \/>\n<meta property=\"og:locale\" content=\"es_ES\" \/>\n<meta property=\"og:type\" content=\"article\" \/>\n<meta property=\"og:title\" content=\"Mercado de Cala Llenya - Artesania d&#039;Eivissa\" \/>\n<meta property=\"og:description\" content=\"Cala Llenya es una preciosa cala enclavada en el noreste de la isla, en el municipio de Santa Eul\u00e0ria. Bajo las palmeras, cerca de la misma playa, el mercado artesanal [&hellip;]\" \/>\n<meta property=\"og:url\" content=\"https:\/\/artesania.conselldeivissa.es\/agenda\/mercado-de-cala-llenya\/2022-11-13\/\" \/>\n<meta property=\"og:site_name\" content=\"Artesania d&#039;Eivissa\" \/>\n<meta property=\"article:modified_time\" content=\"2022-08-25T10:27:02+00:00\" \/>\n<meta property=\"og:image\" content=\"https:\/\/artesania.conselldeivissa.es\/wp-content\/uploads\/2022\/08\/mercado_cala_llenya.jpg\" \/>\n\t<meta property=\"og:image:width\" content=\"1000\" \/>\n\t<meta property=\"og:image:height\" content=\"641\" \/>\n\t<meta property=\"og:image:type\" content=\"image\/jpeg\" \/>\n<meta name=\"twitter:card\" content=\"summary_large_image\" \/>\n<meta name=\"twitter:label1\" content=\"Tiempo de lectura\" \/>\n\t<meta name=\"twitter:data1\" content=\"1 minuto\" \/>\n<script type=\"application\/ld+json\" class=\"yoast-schema-graph\">{\"@context\":\"https:\/\/schema.org\",\"@graph\":[{\"@type\":\"WebPage\",\"@id\":\"https:\/\/artesania.conselldeivissa.es\/agenda\/mercado-de-cala-llenya\/2022-11-13\/\",\"url\":\"https:\/\/artesania.conselldeivissa.es\/agenda\/mercado-de-cala-llenya\/2022-11-13\/\",\"name\":\"Mercado de Cala Llenya - Artesania d&#039;Eivissa\",\"isPartOf\":{\"@id\":\"https:\/\/artesania.conselldeivissa.es\/#website\"},\"datePublished\":\"2022-08-25T10:25:20+00:00\",\"dateModified\":\"2022-08-25T10:27:02+00:00\",\"breadcrumb\":{\"@id\":\"https:\/\/artesania.conselldeivissa.es\/agenda\/mercado-de-cala-llenya\/2022-11-13\/#breadcrumb\"},\"inLanguage\":\"es\",\"potentialAction\":[{\"@type\":\"ReadAction\",\"target\":[\"https:\/\/artesania.conselldeivissa.es\/agenda\/mercado-de-cala-llenya\/2022-11-13\/\"]}]},{\"@type\":\"BreadcrumbList\",\"@id\":\"https:\/\/artesania.conselldeivissa.es\/agenda\/mercado-de-cala-llenya\/2022-11-13\/#breadcrumb\",\"itemListElement\":[{\"@type\":\"ListItem\",\"position\":1,\"name\":\"Portada\",\"item\":\"https:\/\/artesania.conselldeivissa.es\/es\/\"},{\"@type\":\"ListItem\",\"position\":2,\"name\":\"Esdeveniments\",\"item\":\"https:\/\/artesania.conselldeivissa.es\/ca\/agenda\/\"},{\"@type\":\"ListItem\",\"position\":3,\"name\":\"Mercado de Cala Llenya\",\"item\":\"https:\/\/artesania.conselldeivissa.es\/agenda\/mercado-de-cala-llenya\/2022-08-28\/\"},{\"@type\":\"ListItem\",\"position\":4,\"name\":\"Mercado de Cala Llenya\"}]},{\"@type\":\"WebSite\",\"@id\":\"https:\/\/artesania.conselldeivissa.es\/#website\",\"url\":\"https:\/\/artesania.conselldeivissa.es\/\",\"name\":\"Artesania d&#039;Eivissa\",\"description\":\"Artesanes i artesans d&#039;Eivisssa\",\"publisher\":{\"@id\":\"https:\/\/artesania.conselldeivissa.es\/#organization\"},\"potentialAction\":[{\"@type\":\"SearchAction\",\"target\":{\"@type\":\"EntryPoint\",\"urlTemplate\":\"https:\/\/artesania.conselldeivissa.es\/?s={search_term_string}\"},\"query-input\":\"required name=search_term_string\"}],\"inLanguage\":\"es\"},{\"@type\":\"Organization\",\"@id\":\"https:\/\/artesania.conselldeivissa.es\/#organization\",\"name\":\"Artesania d&#039;Eivissa\",\"url\":\"https:\/\/artesania.conselldeivissa.es\/\",\"sameAs\":[],\"logo\":{\"@type\":\"ImageObject\",\"inLanguage\":\"es\",\"@id\":\"https:\/\/artesania.conselldeivissa.es\/#\/schema\/logo\/image\/\",\"url\":\"https:\/\/artesania.conselldeivissa.es\/wp-content\/uploads\/2022\/08\/artesansnegro.png\",\"contentUrl\":\"https:\/\/artesania.conselldeivissa.es\/wp-content\/uploads\/2022\/08\/artesansnegro.png\",\"width\":400,\"height\":97,\"caption\":\"Artesania d&#039;Eivissa\"},\"image\":{\"@id\":\"https:\/\/artesania.conselldeivissa.es\/#\/schema\/logo\/image\/\"}}]}<\/script>\n<!-- \/ Yoast SEO plugin. -->","yoast_head_json":{"title":"Mercado de Cala Llenya - Artesania d&#039;Eivissa","robots":{"index":"index","follow":"follow","max-snippet":"max-snippet:-1","max-image-preview":"max-image-preview:large","max-video-preview":"max-video-preview:-1"},"canonical":"https:\/\/artesania.conselldeivissa.es\/agenda\/mercado-de-cala-llenya\/2022-11-13\/","og_locale":"es_ES","og_type":"article","og_title":"Mercado de Cala Llenya - Artesania d&#039;Eivissa","og_description":"Cala Llenya es una preciosa cala enclavada en el noreste de la isla, en el municipio de Santa Eul\u00e0ria. Bajo las palmeras, cerca de la misma playa, el mercado artesanal [&hellip;]","og_url":"https:\/\/artesania.conselldeivissa.es\/agenda\/mercado-de-cala-llenya\/2022-11-13\/","og_site_name":"Artesania d&#039;Eivissa","article_modified_time":"2022-08-25T10:27:02+00:00","og_image":[{"width":1000,"height":641,"url":"https:\/\/artesania.conselldeivissa.es\/wp-content\/uploads\/2022\/08\/mercado_cala_llenya.jpg","type":"image\/jpeg"}],"twitter_card":"summary_large_image","twitter_misc":{"Tiempo de lectura":"1 minuto"},"schema":{"@context":"https:\/\/schema.org","@graph":[{"@type":"WebPage","@id":"https:\/\/artesania.conselldeivissa.es\/agenda\/mercado-de-cala-llenya\/2022-11-13\/","url":"https:\/\/artesania.conselldeivissa.es\/agenda\/mercado-de-cala-llenya\/2022-11-13\/","name":"Mercado de Cala Llenya - Artesania d&#039;Eivissa","isPartOf":{"@id":"https:\/\/artesania.conselldeivissa.es\/#website"},"datePublished":"2022-08-25T10:25:20+00:00","dateModified":"2022-08-25T10:27:02+00:00","breadcrumb":{"@id":"https:\/\/artesania.conselldeivissa.es\/agenda\/mercado-de-cala-llenya\/2022-11-13\/#breadcrumb"},"inLanguage":"es","potentialAction":[{"@type":"ReadAction","target":["https:\/\/artesania.conselldeivissa.es\/agenda\/mercado-de-cala-llenya\/2022-11-13\/"]}]},{"@type":"BreadcrumbList","@id":"https:\/\/artesania.conselldeivissa.es\/agenda\/mercado-de-cala-llenya\/2022-11-13\/#breadcrumb","itemListElement":[{"@type":"ListItem","position":1,"name":"Portada","item":"https:\/\/artesania.conselldeivissa.es\/es\/"},{"@type":"ListItem","position":2,"name":"Esdeveniments","item":"https:\/\/artesania.conselldeivissa.es\/ca\/agenda\/"},{"@type":"ListItem","position":3,"name":"Mercado de Cala Llenya","item":"https:\/\/artesania.conselldeivissa.es\/agenda\/mercado-de-cala-llenya\/2022-08-28\/"},{"@type":"ListItem","position":4,"name":"Mercado de Cala Llenya"}]},{"@type":"WebSite","@id":"https:\/\/artesania.conselldeivissa.es\/#website","url":"https:\/\/artesania.conselldeivissa.es\/","name":"Artesania d&#039;Eivissa","description":"Artesanes i artesans d&#039;Eivisssa","publisher":{"@id":"https:\/\/artesania.conselldeivissa.es\/#organization"},"potentialAction":[{"@type":"SearchAction","target":{"@type":"EntryPoint","urlTemplate":"https:\/\/artesania.conselldeivissa.es\/?s={search_term_string}"},"query-input":"required name=search_term_string"}],"inLanguage":"es"},{"@type":"Organization","@id":"https:\/\/artesania.conselldeivissa.es\/#organization","name":"Artesania d&#039;Eivissa","url":"https:\/\/artesania.conselldeivissa.es\/","sameAs":[],"logo":{"@type":"ImageObject","inLanguage":"es","@id":"https:\/\/artesania.conselldeivissa.es\/#\/schema\/logo\/image\/","url":"https:\/\/artesania.conselldeivissa.es\/wp-content\/uploads\/2022\/08\/artesansnegro.png","contentUrl":"https:\/\/artesania.conselldeivissa.es\/wp-content\/uploads\/2022\/08\/artesansnegro.png","width":400,"height":97,"caption":"Artesania d&#039;Eivissa"},"image":{"@id":"https:\/\/artesania.conselldeivissa.es\/#\/schema\/logo\/image\/"}}]}},"_links":{"self":[{"href":"https:\/\/artesania.conselldeivissa.es\/es\/wp-json\/wp\/v2\/tribe_events\/7358","targetHints":{"allow":["GET"]}}],"collection":[{"href":"https:\/\/artesania.conselldeivissa.es\/es\/wp-json\/wp\/v2\/tribe_events"}],"about":[{"href":"https:\/\/artesania.conselldeivissa.es\/es\/wp-json\/wp\/v2\/types\/tribe_events"}],"author":[{"embeddable":true,"href":"https:\/\/artesania.conselldeivissa.es\/es\/wp-json\/wp\/v2\/users\/1"}],"replies":[{"embeddable":true,"href":"https:\/\/artesania.conselldeivissa.es\/es\/wp-json\/wp\/v2\/comments?post=7358"}],"version-history":[{"count":0,"href":"https:\/\/artesania.conselldeivissa.es\/es\/wp-json\/wp\/v2\/tribe_events\/7358\/revisions"}],"wp:featuredmedia":[{"embeddable":true,"href":"https:\/\/artesania.conselldeivissa.es\/es\/wp-json\/wp\/v2\/media\/4087"}],"wp:attachment":[{"href":"https:\/\/artesania.conselldeivissa.es\/es\/wp-json\/wp\/v2\/media?parent=7358"}],"wp:term":[{"taxonomy":"post_tag","embeddable":true,"href":"https:\/\/artesania.conselldeivissa.es\/es\/wp-json\/wp\/v2\/tags?post=7358"},{"taxonomy":"tribe_events_cat","embeddable":true,"href":"https:\/\/artesania.conselldeivissa.es\/es\/wp-json\/wp\/v2\/tribe_events_cat?post=7358"}],"curies":[{"name":"wp","href":"https:\/\/api.w.org\/{rel}","templated":true}]}}

<p>Cala Llenya es una preciosa cala enclavada en el noreste de la isla, en el municipio de Santa Eulària. Bajo las palmeras, cerca de la misma playa, el mercado artesanal y espacio creativo de Cala Llenya ofrece una muestra más que interesante del espíritu bohemio de la artesanía más genuina. Desde sus inicios como rastrillo de objetos de segunda mano, el mercadillo ha evolucionado para transformarse en un espacio artesanal que muestra sus creaciones al público todos los domingos del año de 10 a 14.30h</p>

<p>Cala Llenya es una preciosa cala enclavada en el noreste de la isla, en el municipio de Santa Eulària. Bajo las palmeras, cerca de la misma playa, el mercado artesanal [&hellip;]</p>

<!-- This site is optimized with the Yoast SEO plugin v19.6 - https://yoast.com/wordpress/plugins/seo/ -->
<title>Mercado de Cala Llenya - Artesania d&#039;Eivissa</title>
<meta name="robots" content="index, follow, max-snippet:-1, max-image-preview:large, max-video-preview:-1" />
<link rel="canonical" href="https://artesania.conselldeivissa.es/agenda/mercado-de-cala-llenya/2022-11-13/" />
<meta property="og:locale" content="es_ES" />
<meta property="og:type" content="article" />
<meta property="og:title" content="Mercado de Cala Llenya - Artesania d&#039;Eivissa" />
<meta property="og:description" content="Cala Llenya es una preciosa cala enclavada en el noreste de la isla, en el municipio de Santa Eulària. Bajo las palmeras, cerca de la misma playa, el mercado artesanal [&hellip;]" />
<meta property="og:url" content="https://artesania.conselldeivissa.es/agenda/mercado-de-cala-llenya/2022-11-13/" />
<meta property="og:site_name" content="Artesania d&#039;Eivissa" />
<meta property="article:modified_time" content="2022-08-25T10:27:02+00:00" />
<meta property="og:image" content="https://artesania.conselldeivissa.es/wp-content/uploads/2022/08/mercado_cala_llenya.jpg" />
	<meta property="og:image:width" content="1000" />
	<meta property="og:image:height" content="641" />
	<meta property="og:image:type" content="image/jpeg" />
<meta name="twitter:card" content="summary_large_image" />
<meta name="twitter:label1" content="Tiempo de lectura" />
	<meta name="twitter:data1" content="1 minuto" />
<script type="application/ld+json" class="yoast-schema-graph">{"@context":"https://schema.org","@graph":[{"@type":"WebPage","@id":"https://artesania.conselldeivissa.es/agenda/mercado-de-cala-llenya/2022-11-13/","url":"https://artesania.conselldeivissa.es/agenda/mercado-de-cala-llenya/2022-11-13/","name":"Mercado de Cala Llenya - Artesania d&#039;Eivissa","isPartOf":{"@id":"https://artesania.conselldeivissa.es/#website"},"datePublished":"2022-08-25T10:25:20+00:00","dateModified":"2022-08-25T10:27:02+00:00","breadcrumb":{"@id":"https://artesania.conselldeivissa.es/agenda/mercado-de-cala-llenya/2022-11-13/#breadcrumb"},"inLanguage":"es","potentialAction":[{"@type":"ReadAction","target":["https://artesania.conselldeivissa.es/agenda/mercado-de-cala-llenya/2022-11-13/"]}]},{"@type":"BreadcrumbList","@id":"https://artesania.conselldeivissa.es/agenda/mercado-de-cala-llenya/2022-11-13/#breadcrumb","itemListElement":[{"@type":"ListItem","position":1,"name":"Portada","item":"https://artesania.conselldeivissa.es/es/"},{"@type":"ListItem","position":2,"name":"Esdeveniments","item":"https://artesania.conselldeivissa.es/ca/agenda/"},{"@type":"ListItem","position":3,"name":"Mercado de Cala Llenya","item":"https://artesania.conselldeivissa.es/agenda/mercado-de-cala-llenya/2022-08-28/"},{"@type":"ListItem","position":4,"name":"Mercado de Cala Llenya"}]},{"@type":"WebSite","@id":"https://artesania.conselldeivissa.es/#website","url":"https://artesania.conselldeivissa.es/","name":"Artesania d&#039;Eivissa","description":"Artesanes i artesans d&#039;Eivisssa","publisher":{"@id":"https://artesania.conselldeivissa.es/#organization"},"potentialAction":[{"@type":"SearchAction","target":{"@type":"EntryPoint","urlTemplate":"https://artesania.conselldeivissa.es/?s={search_term_string}"},"query-input":"required name=search_term_string"}],"inLanguage":"es"},{"@type":"Organization","@id":"https://artesania.conselldeivissa.es/#organization","name":"Artesania d&#039;Eivissa","url":"https://artesania.conselldeivissa.es/","sameAs":[],"logo":{"@type":"ImageObject","inLanguage":"es","@id":"https://artesania.conselldeivissa.es/#/schema/logo/image/","url":"https://artesania.conselldeivissa.es/wp-content/uploads/2022/08/artesansnegro.png","contentUrl":"https://artesania.conselldeivissa.es/wp-content/uploads/2022/08/artesansnegro.png","width":400,"height":97,"caption":"Artesania d&#039;Eivissa"},"image":{"@id":"https://artesania.conselldeivissa.es/#/schema/logo/image/"}}]}</script>
<!-- / Yoast SEO plugin. -->

Cala Llenya es una preciosa cala enclavada en el noreste de la isla, en el municipio de Santa Eulària. Bajo las palmeras, cerca de la misma playa, el mercado artesanal [&hellip;]
