{"id":7102,"date":"2022-08-22T14:13:10","date_gmt":"2022-08-22T12:13:10","guid":{"rendered":"https:\/\/artesania.conselldeivissa.es\/?post_type=tribe_events&#038;eventDate=2022-10-14#038;p=3987"},"modified":"2022-08-22T14:13:10","modified_gmt":"2022-08-22T12:13:10","slug":"mercado-hippy-del-paseo-de-salamera-2022-10-14","status":"publish","type":"tribe_events","link":"https:\/\/artesania.conselldeivissa.es\/es\/agenda\/mercado-hippy-del-paseo-de-salamera\/2022-10-14\/","title":{"rendered":"Mercado hippy del paseo de s\u2019Alamera"},"content":{"rendered":"<p>El Paseo de s\u2019Alamera es uno de los espacios m\u00e1s populares y visitados de Santa Eul\u00e0ria. Esta rambla, que nos conduce hasta el paseo mar\u00edtimo, se halla decorada por fuentes que se iluminan de noche y que confieren al lugar un encanto especial. Es ah\u00ed donde se celebra un mercado que inici\u00f3 su andadura en 1979 de forma casi espont\u00e1nea, como iniciativa de un grupo de viajeros de lo m\u00e1s diverso y cosmopolita. El esp\u00edritu inicial se preserva gracias a la actividad de su asociaci\u00f3n, que mantiene viva la esencia hippy artesanal a trav\u00e9s de creaciones \u00fanicas inspiradas en la isla. Joyer\u00eda, cuero, tallas de madera, bisuter\u00eda, textil\u2026 La lista de peque\u00f1os tesoros a descubrir es tan larga como fascinante. Visitable de mayo a octubre, todos los d\u00edas excepto mi\u00e9rcoles y domingo, de 10 a 19 horas.<\/p>\n","protected":false},"excerpt":{"rendered":"<p>El Paseo de s\u2019Alamera es uno de los espacios m\u00e1s populares y visitados de Santa Eul\u00e0ria. Esta rambla, que nos conduce hasta el paseo mar\u00edtimo, se halla decorada por fuentes [&hellip;]<\/p>\n","protected":false},"author":1,"featured_media":4038,"comment_status":"open","ping_status":"closed","template":"","meta":{"_tribe_events_status":"","_tribe_events_status_reason":"","footnotes":""},"tags":[],"tribe_events_cat":[84],"class_list":["post-7102","tribe_events","type-tribe_events","status-publish","has-post-thumbnail","hentry","tribe_events_cat-mercados-hippies","cat_mercados-hippies","tribe-recurring-event","tribe-recurring-event-child"],"acf":[],"yoast_head":"<!-- This site is optimized with the Yoast SEO plugin v19.6 - https:\/\/yoast.com\/wordpress\/plugins\/seo\/ -->\n<title>Mercado hippy del paseo de s\u2019Alamera - Artesania d&#039;Eivissa<\/title>\n<meta name=\"robots\" content=\"index, follow, max-snippet:-1, max-image-preview:large, max-video-preview:-1\" \/>\n<link rel=\"canonical\" href=\"https:\/\/artesania.conselldeivissa.es\/agenda\/mercado-hippy-del-paseo-de-salamera\/1970-01-01\/\" \/>\n<meta property=\"og:locale\" content=\"es_ES\" \/>\n<meta property=\"og:type\" content=\"article\" \/>\n<meta property=\"og:title\" content=\"Mercado hippy del paseo de s\u2019Alamera - Artesania d&#039;Eivissa\" \/>\n<meta property=\"og:description\" content=\"El Paseo de s\u2019Alamera es uno de los espacios m\u00e1s populares y visitados de Santa Eul\u00e0ria. Esta rambla, que nos conduce hasta el paseo mar\u00edtimo, se halla decorada por fuentes [&hellip;]\" \/>\n<meta property=\"og:url\" content=\"https:\/\/artesania.conselldeivissa.es\/agenda\/mercado-hippy-del-paseo-de-salamera\/1970-01-01\/\" \/>\n<meta property=\"og:site_name\" content=\"Artesania d&#039;Eivissa\" \/>\n<meta name=\"twitter:card\" content=\"summary_large_image\" \/>\n<meta name=\"twitter:label1\" content=\"Tiempo de lectura\" \/>\n\t<meta name=\"twitter:data1\" content=\"1 minuto\" \/>\n<script type=\"application\/ld+json\" class=\"yoast-schema-graph\">{\"@context\":\"https:\/\/schema.org\",\"@graph\":[{\"@type\":\"WebPage\",\"@id\":\"https:\/\/artesania.conselldeivissa.es\/agenda\/mercado-hippy-del-paseo-de-salamera\/1970-01-01\/\",\"url\":\"https:\/\/artesania.conselldeivissa.es\/agenda\/mercado-hippy-del-paseo-de-salamera\/1970-01-01\/\",\"name\":\"Mercado hippy del paseo de s\u2019Alamera - Artesania d&#039;Eivissa\",\"isPartOf\":{\"@id\":\"https:\/\/artesania.conselldeivissa.es\/#website\"},\"datePublished\":\"2022-08-22T12:13:10+00:00\",\"dateModified\":\"2022-08-22T12:13:10+00:00\",\"breadcrumb\":{\"@id\":\"https:\/\/artesania.conselldeivissa.es\/agenda\/mercado-hippy-del-paseo-de-salamera\/1970-01-01\/#breadcrumb\"},\"inLanguage\":\"es\",\"potentialAction\":[{\"@type\":\"ReadAction\",\"target\":[\"https:\/\/artesania.conselldeivissa.es\/agenda\/mercado-hippy-del-paseo-de-salamera\/1970-01-01\/\"]}]},{\"@type\":\"BreadcrumbList\",\"@id\":\"https:\/\/artesania.conselldeivissa.es\/agenda\/mercado-hippy-del-paseo-de-salamera\/1970-01-01\/#breadcrumb\",\"itemListElement\":[{\"@type\":\"ListItem\",\"position\":1,\"name\":\"Portada\",\"item\":\"https:\/\/artesania.conselldeivissa.es\/es\/\"},{\"@type\":\"ListItem\",\"position\":2,\"name\":\"Esdeveniments\",\"item\":\"https:\/\/artesania.conselldeivissa.es\/ca\/agenda\/\"},{\"@type\":\"ListItem\",\"position\":3,\"name\":\"Mercado hippy del paseo de s\u2019Alamera\",\"item\":\"https:\/\/artesania.conselldeivissa.es\/agenda\/mercado-hippy-del-paseo-de-salamera\/2022-08-22\/\"},{\"@type\":\"ListItem\",\"position\":4,\"name\":\"Mercado hippy del paseo de s\u2019Alamera\"}]},{\"@type\":\"WebSite\",\"@id\":\"https:\/\/artesania.conselldeivissa.es\/#website\",\"url\":\"https:\/\/artesania.conselldeivissa.es\/\",\"name\":\"Artesania d&#039;Eivissa\",\"description\":\"Artesanes i artesans d&#039;Eivisssa\",\"publisher\":{\"@id\":\"https:\/\/artesania.conselldeivissa.es\/#organization\"},\"potentialAction\":[{\"@type\":\"SearchAction\",\"target\":{\"@type\":\"EntryPoint\",\"urlTemplate\":\"https:\/\/artesania.conselldeivissa.es\/?s={search_term_string}\"},\"query-input\":\"required name=search_term_string\"}],\"inLanguage\":\"es\"},{\"@type\":\"Organization\",\"@id\":\"https:\/\/artesania.conselldeivissa.es\/#organization\",\"name\":\"Artesania d&#039;Eivissa\",\"url\":\"https:\/\/artesania.conselldeivissa.es\/\",\"sameAs\":[],\"logo\":{\"@type\":\"ImageObject\",\"inLanguage\":\"es\",\"@id\":\"https:\/\/artesania.conselldeivissa.es\/#\/schema\/logo\/image\/\",\"url\":\"https:\/\/artesania.conselldeivissa.es\/wp-content\/uploads\/2022\/08\/artesansnegro.png\",\"contentUrl\":\"https:\/\/artesania.conselldeivissa.es\/wp-content\/uploads\/2022\/08\/artesansnegro.png\",\"width\":400,\"height\":97,\"caption\":\"Artesania d&#039;Eivissa\"},\"image\":{\"@id\":\"https:\/\/artesania.conselldeivissa.es\/#\/schema\/logo\/image\/\"}}]}<\/script>\n<!-- \/ Yoast SEO plugin. -->","yoast_head_json":{"title":"Mercado hippy del paseo de s\u2019Alamera - Artesania d&#039;Eivissa","robots":{"index":"index","follow":"follow","max-snippet":"max-snippet:-1","max-image-preview":"max-image-preview:large","max-video-preview":"max-video-preview:-1"},"canonical":"https:\/\/artesania.conselldeivissa.es\/agenda\/mercado-hippy-del-paseo-de-salamera\/1970-01-01\/","og_locale":"es_ES","og_type":"article","og_title":"Mercado hippy del paseo de s\u2019Alamera - Artesania d&#039;Eivissa","og_description":"El Paseo de s\u2019Alamera es uno de los espacios m\u00e1s populares y visitados de Santa Eul\u00e0ria. Esta rambla, que nos conduce hasta el paseo mar\u00edtimo, se halla decorada por fuentes [&hellip;]","og_url":"https:\/\/artesania.conselldeivissa.es\/agenda\/mercado-hippy-del-paseo-de-salamera\/1970-01-01\/","og_site_name":"Artesania d&#039;Eivissa","twitter_card":"summary_large_image","twitter_misc":{"Tiempo de lectura":"1 minuto"},"schema":{"@context":"https:\/\/schema.org","@graph":[{"@type":"WebPage","@id":"https:\/\/artesania.conselldeivissa.es\/agenda\/mercado-hippy-del-paseo-de-salamera\/1970-01-01\/","url":"https:\/\/artesania.conselldeivissa.es\/agenda\/mercado-hippy-del-paseo-de-salamera\/1970-01-01\/","name":"Mercado hippy del paseo de s\u2019Alamera - Artesania d&#039;Eivissa","isPartOf":{"@id":"https:\/\/artesania.conselldeivissa.es\/#website"},"datePublished":"2022-08-22T12:13:10+00:00","dateModified":"2022-08-22T12:13:10+00:00","breadcrumb":{"@id":"https:\/\/artesania.conselldeivissa.es\/agenda\/mercado-hippy-del-paseo-de-salamera\/1970-01-01\/#breadcrumb"},"inLanguage":"es","potentialAction":[{"@type":"ReadAction","target":["https:\/\/artesania.conselldeivissa.es\/agenda\/mercado-hippy-del-paseo-de-salamera\/1970-01-01\/"]}]},{"@type":"BreadcrumbList","@id":"https:\/\/artesania.conselldeivissa.es\/agenda\/mercado-hippy-del-paseo-de-salamera\/1970-01-01\/#breadcrumb","itemListElement":[{"@type":"ListItem","position":1,"name":"Portada","item":"https:\/\/artesania.conselldeivissa.es\/es\/"},{"@type":"ListItem","position":2,"name":"Esdeveniments","item":"https:\/\/artesania.conselldeivissa.es\/ca\/agenda\/"},{"@type":"ListItem","position":3,"name":"Mercado hippy del paseo de s\u2019Alamera","item":"https:\/\/artesania.conselldeivissa.es\/agenda\/mercado-hippy-del-paseo-de-salamera\/2022-08-22\/"},{"@type":"ListItem","position":4,"name":"Mercado hippy del paseo de s\u2019Alamera"}]},{"@type":"WebSite","@id":"https:\/\/artesania.conselldeivissa.es\/#website","url":"https:\/\/artesania.conselldeivissa.es\/","name":"Artesania d&#039;Eivissa","description":"Artesanes i artesans d&#039;Eivisssa","publisher":{"@id":"https:\/\/artesania.conselldeivissa.es\/#organization"},"potentialAction":[{"@type":"SearchAction","target":{"@type":"EntryPoint","urlTemplate":"https:\/\/artesania.conselldeivissa.es\/?s={search_term_string}"},"query-input":"required name=search_term_string"}],"inLanguage":"es"},{"@type":"Organization","@id":"https:\/\/artesania.conselldeivissa.es\/#organization","name":"Artesania d&#039;Eivissa","url":"https:\/\/artesania.conselldeivissa.es\/","sameAs":[],"logo":{"@type":"ImageObject","inLanguage":"es","@id":"https:\/\/artesania.conselldeivissa.es\/#\/schema\/logo\/image\/","url":"https:\/\/artesania.conselldeivissa.es\/wp-content\/uploads\/2022\/08\/artesansnegro.png","contentUrl":"https:\/\/artesania.conselldeivissa.es\/wp-content\/uploads\/2022\/08\/artesansnegro.png","width":400,"height":97,"caption":"Artesania d&#039;Eivissa"},"image":{"@id":"https:\/\/artesania.conselldeivissa.es\/#\/schema\/logo\/image\/"}}]}},"_links":{"self":[{"href":"https:\/\/artesania.conselldeivissa.es\/es\/wp-json\/wp\/v2\/tribe_events\/7102","targetHints":{"allow":["GET"]}}],"collection":[{"href":"https:\/\/artesania.conselldeivissa.es\/es\/wp-json\/wp\/v2\/tribe_events"}],"about":[{"href":"https:\/\/artesania.conselldeivissa.es\/es\/wp-json\/wp\/v2\/types\/tribe_events"}],"author":[{"embeddable":true,"href":"https:\/\/artesania.conselldeivissa.es\/es\/wp-json\/wp\/v2\/users\/1"}],"replies":[{"embeddable":true,"href":"https:\/\/artesania.conselldeivissa.es\/es\/wp-json\/wp\/v2\/comments?post=7102"}],"version-history":[{"count":0,"href":"https:\/\/artesania.conselldeivissa.es\/es\/wp-json\/wp\/v2\/tribe_events\/7102\/revisions"}],"wp:featuredmedia":[{"embeddable":true,"href":"https:\/\/artesania.conselldeivissa.es\/es\/wp-json\/wp\/v2\/media\/4038"}],"wp:attachment":[{"href":"https:\/\/artesania.conselldeivissa.es\/es\/wp-json\/wp\/v2\/media?parent=7102"}],"wp:term":[{"taxonomy":"post_tag","embeddable":true,"href":"https:\/\/artesania.conselldeivissa.es\/es\/wp-json\/wp\/v2\/tags?post=7102"},{"taxonomy":"tribe_events_cat","embeddable":true,"href":"https:\/\/artesania.conselldeivissa.es\/es\/wp-json\/wp\/v2\/tribe_events_cat?post=7102"}],"curies":[{"name":"wp","href":"https:\/\/api.w.org\/{rel}","templated":true}]}}

<p>El Paseo de s’Alamera es uno de los espacios más populares y visitados de Santa Eulària. Esta rambla, que nos conduce hasta el paseo marítimo, se halla decorada por fuentes que se iluminan de noche y que confieren al lugar un encanto especial. Es ahí donde se celebra un mercado que inició su andadura en 1979 de forma casi espontánea, como iniciativa de un grupo de viajeros de lo más diverso y cosmopolita. El espíritu inicial se preserva gracias a la actividad de su asociación, que mantiene viva la esencia hippy artesanal a través de creaciones únicas inspiradas en la isla. Joyería, cuero, tallas de madera, bisutería, textil… La lista de pequeños tesoros a descubrir es tan larga como fascinante. Visitable de mayo a octubre, todos los días excepto miércoles y domingo, de 10 a 19 horas.</p>

<p>El Paseo de s’Alamera es uno de los espacios más populares y visitados de Santa Eulària. Esta rambla, que nos conduce hasta el paseo marítimo, se halla decorada por fuentes [&hellip;]</p>

<!-- This site is optimized with the Yoast SEO plugin v19.6 - https://yoast.com/wordpress/plugins/seo/ -->
<title>Mercado hippy del paseo de s’Alamera - Artesania d&#039;Eivissa</title>
<meta name="robots" content="index, follow, max-snippet:-1, max-image-preview:large, max-video-preview:-1" />
<link rel="canonical" href="https://artesania.conselldeivissa.es/agenda/mercado-hippy-del-paseo-de-salamera/1970-01-01/" />
<meta property="og:locale" content="es_ES" />
<meta property="og:type" content="article" />
<meta property="og:title" content="Mercado hippy del paseo de s’Alamera - Artesania d&#039;Eivissa" />
<meta property="og:description" content="El Paseo de s’Alamera es uno de los espacios más populares y visitados de Santa Eulària. Esta rambla, que nos conduce hasta el paseo marítimo, se halla decorada por fuentes [&hellip;]" />
<meta property="og:url" content="https://artesania.conselldeivissa.es/agenda/mercado-hippy-del-paseo-de-salamera/1970-01-01/" />
<meta property="og:site_name" content="Artesania d&#039;Eivissa" />
<meta name="twitter:card" content="summary_large_image" />
<meta name="twitter:label1" content="Tiempo de lectura" />
	<meta name="twitter:data1" content="1 minuto" />
<script type="application/ld+json" class="yoast-schema-graph">{"@context":"https://schema.org","@graph":[{"@type":"WebPage","@id":"https://artesania.conselldeivissa.es/agenda/mercado-hippy-del-paseo-de-salamera/1970-01-01/","url":"https://artesania.conselldeivissa.es/agenda/mercado-hippy-del-paseo-de-salamera/1970-01-01/","name":"Mercado hippy del paseo de s’Alamera - Artesania d&#039;Eivissa","isPartOf":{"@id":"https://artesania.conselldeivissa.es/#website"},"datePublished":"2022-08-22T12:13:10+00:00","dateModified":"2022-08-22T12:13:10+00:00","breadcrumb":{"@id":"https://artesania.conselldeivissa.es/agenda/mercado-hippy-del-paseo-de-salamera/1970-01-01/#breadcrumb"},"inLanguage":"es","potentialAction":[{"@type":"ReadAction","target":["https://artesania.conselldeivissa.es/agenda/mercado-hippy-del-paseo-de-salamera/1970-01-01/"]}]},{"@type":"BreadcrumbList","@id":"https://artesania.conselldeivissa.es/agenda/mercado-hippy-del-paseo-de-salamera/1970-01-01/#breadcrumb","itemListElement":[{"@type":"ListItem","position":1,"name":"Portada","item":"https://artesania.conselldeivissa.es/es/"},{"@type":"ListItem","position":2,"name":"Esdeveniments","item":"https://artesania.conselldeivissa.es/ca/agenda/"},{"@type":"ListItem","position":3,"name":"Mercado hippy del paseo de s’Alamera","item":"https://artesania.conselldeivissa.es/agenda/mercado-hippy-del-paseo-de-salamera/2022-08-22/"},{"@type":"ListItem","position":4,"name":"Mercado hippy del paseo de s’Alamera"}]},{"@type":"WebSite","@id":"https://artesania.conselldeivissa.es/#website","url":"https://artesania.conselldeivissa.es/","name":"Artesania d&#039;Eivissa","description":"Artesanes i artesans d&#039;Eivisssa","publisher":{"@id":"https://artesania.conselldeivissa.es/#organization"},"potentialAction":[{"@type":"SearchAction","target":{"@type":"EntryPoint","urlTemplate":"https://artesania.conselldeivissa.es/?s={search_term_string}"},"query-input":"required name=search_term_string"}],"inLanguage":"es"},{"@type":"Organization","@id":"https://artesania.conselldeivissa.es/#organization","name":"Artesania d&#039;Eivissa","url":"https://artesania.conselldeivissa.es/","sameAs":[],"logo":{"@type":"ImageObject","inLanguage":"es","@id":"https://artesania.conselldeivissa.es/#/schema/logo/image/","url":"https://artesania.conselldeivissa.es/wp-content/uploads/2022/08/artesansnegro.png","contentUrl":"https://artesania.conselldeivissa.es/wp-content/uploads/2022/08/artesansnegro.png","width":400,"height":97,"caption":"Artesania d&#039;Eivissa"},"image":{"@id":"https://artesania.conselldeivissa.es/#/schema/logo/image/"}}]}</script>
<!-- / Yoast SEO plugin. -->

El Paseo de s’Alamera es uno de los espacios más populares y visitados de Santa Eulària. Esta rambla, que nos conduce hasta el paseo marítimo, se halla decorada por fuentes [&hellip;]
