{"id":6755,"date":"2022-08-22T14:04:27","date_gmt":"2022-08-22T12:04:27","guid":{"rendered":"https:\/\/artesania.conselldeivissa.es\/?post_type=tribe_events&#038;eventDate=2022-10-02#038;p=3889"},"modified":"2022-08-22T14:04:27","modified_gmt":"2022-08-22T12:04:27","slug":"mercado-hippy-del-passeig-de-ses-fonts-2022-10-02","status":"publish","type":"tribe_events","link":"https:\/\/artesania.conselldeivissa.es\/es\/agenda\/mercado-hippy-del-passeig-de-ses-fonts\/2022-10-02\/","title":{"rendered":"Mercado hippy del Passeig de Ses Fonts"},"content":{"rendered":"<p>El popular y vistoso Passeig de Ses Fonts de Sant Antoni, frente al paseo mar\u00edtimo, alberga el Mercat de Carrer, un espacio en el que concurren cada noche puestos de todo tipo donde se ofrece al visitante artesan\u00eda, arte, moda, bisuter\u00eda, accesorios y m\u00e1s. De 18:30 a 24 horas desde mediados de mayo a mediados de octubre.<\/p>\n","protected":false},"excerpt":{"rendered":"<p>El popular y vistoso Passeig de Ses Fonts de Sant Antoni, frente al paseo mar\u00edtimo, alberga el Mercat de Carrer, un espacio en el que concurren cada noche puestos de [&hellip;]<\/p>\n","protected":false},"author":1,"featured_media":3894,"comment_status":"open","ping_status":"closed","template":"","meta":{"_tribe_events_status":"","_tribe_events_status_reason":"","footnotes":""},"tags":[],"tribe_events_cat":[84],"class_list":["post-6755","tribe_events","type-tribe_events","status-publish","has-post-thumbnail","hentry","tribe_events_cat-mercados-hippies","cat_mercados-hippies","tribe-recurring-event","tribe-recurring-event-child"],"acf":[],"yoast_head":"<!-- This site is optimized with the Yoast SEO plugin v19.6 - https:\/\/yoast.com\/wordpress\/plugins\/seo\/ -->\n<title>Mercado hippy del Passeig de Ses Fonts - Artesania d&#039;Eivissa<\/title>\n<meta name=\"robots\" content=\"index, follow, max-snippet:-1, max-image-preview:large, max-video-preview:-1\" \/>\n<link rel=\"canonical\" href=\"https:\/\/artesania.conselldeivissa.es\/es\/agenda\/mercado-hippy-del-passeig-de-ses-fonts\/2022-10-02\/\" \/>\n<meta property=\"og:locale\" content=\"es_ES\" \/>\n<meta property=\"og:type\" content=\"article\" \/>\n<meta property=\"og:title\" content=\"Mercado hippy del Passeig de Ses Fonts - Artesania d&#039;Eivissa\" \/>\n<meta property=\"og:description\" content=\"El popular y vistoso Passeig de Ses Fonts de Sant Antoni, frente al paseo mar\u00edtimo, alberga el Mercat de Carrer, un espacio en el que concurren cada noche puestos de [&hellip;]\" \/>\n<meta property=\"og:url\" content=\"https:\/\/artesania.conselldeivissa.es\/es\/agenda\/mercado-hippy-del-passeig-de-ses-fonts\/2022-10-02\/\" \/>\n<meta property=\"og:site_name\" content=\"Artesania d&#039;Eivissa\" \/>\n<meta property=\"og:image\" content=\"https:\/\/artesania.conselldeivissa.es\/wp-content\/uploads\/2022\/08\/mercadillo_paseo_de_las_fuentes.jpg\" \/>\n\t<meta property=\"og:image:width\" content=\"1000\" \/>\n\t<meta property=\"og:image:height\" content=\"641\" \/>\n\t<meta property=\"og:image:type\" content=\"image\/jpeg\" \/>\n<meta name=\"twitter:card\" content=\"summary_large_image\" \/>\n<script type=\"application\/ld+json\" class=\"yoast-schema-graph\">{\"@context\":\"https:\/\/schema.org\",\"@graph\":[{\"@type\":\"WebPage\",\"@id\":\"https:\/\/artesania.conselldeivissa.es\/es\/agenda\/mercado-hippy-del-passeig-de-ses-fonts\/2022-10-02\/\",\"url\":\"https:\/\/artesania.conselldeivissa.es\/es\/agenda\/mercado-hippy-del-passeig-de-ses-fonts\/2022-10-02\/\",\"name\":\"Mercado hippy del Passeig de Ses Fonts - Artesania d&#039;Eivissa\",\"isPartOf\":{\"@id\":\"https:\/\/artesania.conselldeivissa.es\/#website\"},\"datePublished\":\"2022-08-22T12:04:27+00:00\",\"dateModified\":\"2022-08-22T12:04:27+00:00\",\"breadcrumb\":{\"@id\":\"https:\/\/artesania.conselldeivissa.es\/es\/agenda\/mercado-hippy-del-passeig-de-ses-fonts\/2022-10-02\/#breadcrumb\"},\"inLanguage\":\"es\",\"potentialAction\":[{\"@type\":\"ReadAction\",\"target\":[\"https:\/\/artesania.conselldeivissa.es\/es\/agenda\/mercado-hippy-del-passeig-de-ses-fonts\/2022-10-02\/\"]}]},{\"@type\":\"BreadcrumbList\",\"@id\":\"https:\/\/artesania.conselldeivissa.es\/es\/agenda\/mercado-hippy-del-passeig-de-ses-fonts\/2022-10-02\/#breadcrumb\",\"itemListElement\":[{\"@type\":\"ListItem\",\"position\":1,\"name\":\"Portada\",\"item\":\"https:\/\/artesania.conselldeivissa.es\/es\/\"},{\"@type\":\"ListItem\",\"position\":2,\"name\":\"Esdeveniments\",\"item\":\"https:\/\/artesania.conselldeivissa.es\/ca\/agenda\/\"},{\"@type\":\"ListItem\",\"position\":3,\"name\":\"Mercado hippy del Passeig de Ses Fonts\",\"item\":\"https:\/\/artesania.conselldeivissa.es\/agenda\/mercado-hippy-del-passeig-de-ses-fonts\/2022-08-22\/\"},{\"@type\":\"ListItem\",\"position\":4,\"name\":\"Mercado hippy del Passeig de Ses Fonts\"}]},{\"@type\":\"WebSite\",\"@id\":\"https:\/\/artesania.conselldeivissa.es\/#website\",\"url\":\"https:\/\/artesania.conselldeivissa.es\/\",\"name\":\"Artesania d&#039;Eivissa\",\"description\":\"Artesanes i artesans d&#039;Eivisssa\",\"publisher\":{\"@id\":\"https:\/\/artesania.conselldeivissa.es\/#organization\"},\"potentialAction\":[{\"@type\":\"SearchAction\",\"target\":{\"@type\":\"EntryPoint\",\"urlTemplate\":\"https:\/\/artesania.conselldeivissa.es\/?s={search_term_string}\"},\"query-input\":\"required name=search_term_string\"}],\"inLanguage\":\"es\"},{\"@type\":\"Organization\",\"@id\":\"https:\/\/artesania.conselldeivissa.es\/#organization\",\"name\":\"Artesania d&#039;Eivissa\",\"url\":\"https:\/\/artesania.conselldeivissa.es\/\",\"sameAs\":[],\"logo\":{\"@type\":\"ImageObject\",\"inLanguage\":\"es\",\"@id\":\"https:\/\/artesania.conselldeivissa.es\/#\/schema\/logo\/image\/\",\"url\":\"https:\/\/artesania.conselldeivissa.es\/wp-content\/uploads\/2022\/08\/artesansnegro.png\",\"contentUrl\":\"https:\/\/artesania.conselldeivissa.es\/wp-content\/uploads\/2022\/08\/artesansnegro.png\",\"width\":400,\"height\":97,\"caption\":\"Artesania d&#039;Eivissa\"},\"image\":{\"@id\":\"https:\/\/artesania.conselldeivissa.es\/#\/schema\/logo\/image\/\"}}]}<\/script>\n<!-- \/ Yoast SEO plugin. -->","yoast_head_json":{"title":"Mercado hippy del Passeig de Ses Fonts - Artesania d&#039;Eivissa","robots":{"index":"index","follow":"follow","max-snippet":"max-snippet:-1","max-image-preview":"max-image-preview:large","max-video-preview":"max-video-preview:-1"},"canonical":"https:\/\/artesania.conselldeivissa.es\/es\/agenda\/mercado-hippy-del-passeig-de-ses-fonts\/2022-10-02\/","og_locale":"es_ES","og_type":"article","og_title":"Mercado hippy del Passeig de Ses Fonts - Artesania d&#039;Eivissa","og_description":"El popular y vistoso Passeig de Ses Fonts de Sant Antoni, frente al paseo mar\u00edtimo, alberga el Mercat de Carrer, un espacio en el que concurren cada noche puestos de [&hellip;]","og_url":"https:\/\/artesania.conselldeivissa.es\/es\/agenda\/mercado-hippy-del-passeig-de-ses-fonts\/2022-10-02\/","og_site_name":"Artesania d&#039;Eivissa","og_image":[{"width":1000,"height":641,"url":"https:\/\/artesania.conselldeivissa.es\/wp-content\/uploads\/2022\/08\/mercadillo_paseo_de_las_fuentes.jpg","type":"image\/jpeg"}],"twitter_card":"summary_large_image","schema":{"@context":"https:\/\/schema.org","@graph":[{"@type":"WebPage","@id":"https:\/\/artesania.conselldeivissa.es\/es\/agenda\/mercado-hippy-del-passeig-de-ses-fonts\/2022-10-02\/","url":"https:\/\/artesania.conselldeivissa.es\/es\/agenda\/mercado-hippy-del-passeig-de-ses-fonts\/2022-10-02\/","name":"Mercado hippy del Passeig de Ses Fonts - Artesania d&#039;Eivissa","isPartOf":{"@id":"https:\/\/artesania.conselldeivissa.es\/#website"},"datePublished":"2022-08-22T12:04:27+00:00","dateModified":"2022-08-22T12:04:27+00:00","breadcrumb":{"@id":"https:\/\/artesania.conselldeivissa.es\/es\/agenda\/mercado-hippy-del-passeig-de-ses-fonts\/2022-10-02\/#breadcrumb"},"inLanguage":"es","potentialAction":[{"@type":"ReadAction","target":["https:\/\/artesania.conselldeivissa.es\/es\/agenda\/mercado-hippy-del-passeig-de-ses-fonts\/2022-10-02\/"]}]},{"@type":"BreadcrumbList","@id":"https:\/\/artesania.conselldeivissa.es\/es\/agenda\/mercado-hippy-del-passeig-de-ses-fonts\/2022-10-02\/#breadcrumb","itemListElement":[{"@type":"ListItem","position":1,"name":"Portada","item":"https:\/\/artesania.conselldeivissa.es\/es\/"},{"@type":"ListItem","position":2,"name":"Esdeveniments","item":"https:\/\/artesania.conselldeivissa.es\/ca\/agenda\/"},{"@type":"ListItem","position":3,"name":"Mercado hippy del Passeig de Ses Fonts","item":"https:\/\/artesania.conselldeivissa.es\/agenda\/mercado-hippy-del-passeig-de-ses-fonts\/2022-08-22\/"},{"@type":"ListItem","position":4,"name":"Mercado hippy del Passeig de Ses Fonts"}]},{"@type":"WebSite","@id":"https:\/\/artesania.conselldeivissa.es\/#website","url":"https:\/\/artesania.conselldeivissa.es\/","name":"Artesania d&#039;Eivissa","description":"Artesanes i artesans d&#039;Eivisssa","publisher":{"@id":"https:\/\/artesania.conselldeivissa.es\/#organization"},"potentialAction":[{"@type":"SearchAction","target":{"@type":"EntryPoint","urlTemplate":"https:\/\/artesania.conselldeivissa.es\/?s={search_term_string}"},"query-input":"required name=search_term_string"}],"inLanguage":"es"},{"@type":"Organization","@id":"https:\/\/artesania.conselldeivissa.es\/#organization","name":"Artesania d&#039;Eivissa","url":"https:\/\/artesania.conselldeivissa.es\/","sameAs":[],"logo":{"@type":"ImageObject","inLanguage":"es","@id":"https:\/\/artesania.conselldeivissa.es\/#\/schema\/logo\/image\/","url":"https:\/\/artesania.conselldeivissa.es\/wp-content\/uploads\/2022\/08\/artesansnegro.png","contentUrl":"https:\/\/artesania.conselldeivissa.es\/wp-content\/uploads\/2022\/08\/artesansnegro.png","width":400,"height":97,"caption":"Artesania d&#039;Eivissa"},"image":{"@id":"https:\/\/artesania.conselldeivissa.es\/#\/schema\/logo\/image\/"}}]}},"_links":{"self":[{"href":"https:\/\/artesania.conselldeivissa.es\/es\/wp-json\/wp\/v2\/tribe_events\/6755","targetHints":{"allow":["GET"]}}],"collection":[{"href":"https:\/\/artesania.conselldeivissa.es\/es\/wp-json\/wp\/v2\/tribe_events"}],"about":[{"href":"https:\/\/artesania.conselldeivissa.es\/es\/wp-json\/wp\/v2\/types\/tribe_events"}],"author":[{"embeddable":true,"href":"https:\/\/artesania.conselldeivissa.es\/es\/wp-json\/wp\/v2\/users\/1"}],"replies":[{"embeddable":true,"href":"https:\/\/artesania.conselldeivissa.es\/es\/wp-json\/wp\/v2\/comments?post=6755"}],"version-history":[{"count":0,"href":"https:\/\/artesania.conselldeivissa.es\/es\/wp-json\/wp\/v2\/tribe_events\/6755\/revisions"}],"wp:featuredmedia":[{"embeddable":true,"href":"https:\/\/artesania.conselldeivissa.es\/es\/wp-json\/wp\/v2\/media\/3894"}],"wp:attachment":[{"href":"https:\/\/artesania.conselldeivissa.es\/es\/wp-json\/wp\/v2\/media?parent=6755"}],"wp:term":[{"taxonomy":"post_tag","embeddable":true,"href":"https:\/\/artesania.conselldeivissa.es\/es\/wp-json\/wp\/v2\/tags?post=6755"},{"taxonomy":"tribe_events_cat","embeddable":true,"href":"https:\/\/artesania.conselldeivissa.es\/es\/wp-json\/wp\/v2\/tribe_events_cat?post=6755"}],"curies":[{"name":"wp","href":"https:\/\/api.w.org\/{rel}","templated":true}]}}

<p>El popular y vistoso Passeig de Ses Fonts de Sant Antoni, frente al paseo marítimo, alberga el Mercat de Carrer, un espacio en el que concurren cada noche puestos de todo tipo donde se ofrece al visitante artesanía, arte, moda, bisutería, accesorios y más. De 18:30 a 24 horas desde mediados de mayo a mediados de octubre.</p>

<p>El popular y vistoso Passeig de Ses Fonts de Sant Antoni, frente al paseo marítimo, alberga el Mercat de Carrer, un espacio en el que concurren cada noche puestos de [&hellip;]</p>

<!-- This site is optimized with the Yoast SEO plugin v19.6 - https://yoast.com/wordpress/plugins/seo/ -->
<title>Mercado hippy del Passeig de Ses Fonts - Artesania d&#039;Eivissa</title>
<meta name="robots" content="index, follow, max-snippet:-1, max-image-preview:large, max-video-preview:-1" />
<link rel="canonical" href="https://artesania.conselldeivissa.es/es/agenda/mercado-hippy-del-passeig-de-ses-fonts/2022-10-02/" />
<meta property="og:locale" content="es_ES" />
<meta property="og:type" content="article" />
<meta property="og:title" content="Mercado hippy del Passeig de Ses Fonts - Artesania d&#039;Eivissa" />
<meta property="og:description" content="El popular y vistoso Passeig de Ses Fonts de Sant Antoni, frente al paseo marítimo, alberga el Mercat de Carrer, un espacio en el que concurren cada noche puestos de [&hellip;]" />
<meta property="og:url" content="https://artesania.conselldeivissa.es/es/agenda/mercado-hippy-del-passeig-de-ses-fonts/2022-10-02/" />
<meta property="og:site_name" content="Artesania d&#039;Eivissa" />
<meta property="og:image" content="https://artesania.conselldeivissa.es/wp-content/uploads/2022/08/mercadillo_paseo_de_las_fuentes.jpg" />
	<meta property="og:image:width" content="1000" />
	<meta property="og:image:height" content="641" />
	<meta property="og:image:type" content="image/jpeg" />
<meta name="twitter:card" content="summary_large_image" />
<script type="application/ld+json" class="yoast-schema-graph">{"@context":"https://schema.org","@graph":[{"@type":"WebPage","@id":"https://artesania.conselldeivissa.es/es/agenda/mercado-hippy-del-passeig-de-ses-fonts/2022-10-02/","url":"https://artesania.conselldeivissa.es/es/agenda/mercado-hippy-del-passeig-de-ses-fonts/2022-10-02/","name":"Mercado hippy del Passeig de Ses Fonts - Artesania d&#039;Eivissa","isPartOf":{"@id":"https://artesania.conselldeivissa.es/#website"},"datePublished":"2022-08-22T12:04:27+00:00","dateModified":"2022-08-22T12:04:27+00:00","breadcrumb":{"@id":"https://artesania.conselldeivissa.es/es/agenda/mercado-hippy-del-passeig-de-ses-fonts/2022-10-02/#breadcrumb"},"inLanguage":"es","potentialAction":[{"@type":"ReadAction","target":["https://artesania.conselldeivissa.es/es/agenda/mercado-hippy-del-passeig-de-ses-fonts/2022-10-02/"]}]},{"@type":"BreadcrumbList","@id":"https://artesania.conselldeivissa.es/es/agenda/mercado-hippy-del-passeig-de-ses-fonts/2022-10-02/#breadcrumb","itemListElement":[{"@type":"ListItem","position":1,"name":"Portada","item":"https://artesania.conselldeivissa.es/es/"},{"@type":"ListItem","position":2,"name":"Esdeveniments","item":"https://artesania.conselldeivissa.es/ca/agenda/"},{"@type":"ListItem","position":3,"name":"Mercado hippy del Passeig de Ses Fonts","item":"https://artesania.conselldeivissa.es/agenda/mercado-hippy-del-passeig-de-ses-fonts/2022-08-22/"},{"@type":"ListItem","position":4,"name":"Mercado hippy del Passeig de Ses Fonts"}]},{"@type":"WebSite","@id":"https://artesania.conselldeivissa.es/#website","url":"https://artesania.conselldeivissa.es/","name":"Artesania d&#039;Eivissa","description":"Artesanes i artesans d&#039;Eivisssa","publisher":{"@id":"https://artesania.conselldeivissa.es/#organization"},"potentialAction":[{"@type":"SearchAction","target":{"@type":"EntryPoint","urlTemplate":"https://artesania.conselldeivissa.es/?s={search_term_string}"},"query-input":"required name=search_term_string"}],"inLanguage":"es"},{"@type":"Organization","@id":"https://artesania.conselldeivissa.es/#organization","name":"Artesania d&#039;Eivissa","url":"https://artesania.conselldeivissa.es/","sameAs":[],"logo":{"@type":"ImageObject","inLanguage":"es","@id":"https://artesania.conselldeivissa.es/#/schema/logo/image/","url":"https://artesania.conselldeivissa.es/wp-content/uploads/2022/08/artesansnegro.png","contentUrl":"https://artesania.conselldeivissa.es/wp-content/uploads/2022/08/artesansnegro.png","width":400,"height":97,"caption":"Artesania d&#039;Eivissa"},"image":{"@id":"https://artesania.conselldeivissa.es/#/schema/logo/image/"}}]}</script>
<!-- / Yoast SEO plugin. -->

El popular y vistoso Passeig de Ses Fonts de Sant Antoni, frente al paseo marítimo, alberga el Mercat de Carrer, un espacio en el que concurren cada noche puestos de [&hellip;]
