{"id":3849,"date":"2022-08-22T14:02:43","date_gmt":"2022-08-22T12:02:43","guid":{"rendered":"https:\/\/artesania.conselldeivissa.es\/?post_type=tribe_events&#038;eventDate=2022-10-15#038;p=3838"},"modified":"2022-08-25T11:47:33","modified_gmt":"2022-08-25T09:47:33","slug":"mercado-interactivo-de-forada-2022-10-15","status":"publish","type":"tribe_events","link":"https:\/\/artesania.conselldeivissa.es\/es\/agenda\/mercado-interactivo-de-forada\/2022-10-15\/","title":{"rendered":"Mercado Interactivo de Forada"},"content":{"rendered":"<p>El producto local entra en el S. XXI pisando fuerte con el Mercado Interactivo de Forada. Ubicado en la intersecci\u00f3n de la carretera que conecta Sant Rafel con Santa In\u00e9s y la que une Santa Gertrudis con Sant Antoni, este mercado rebosa autenticidad en todas sus expresiones. Cada s\u00e1bado de 10.00 a 16.00 horas y durante el verano de 9.30 a 15.00 horas, agricultores locales se mezclan con artesanos de todo tipo para ofrecer sus productos y creaciones. Frutas, verduras, artesan\u00eda y muy buen ambiente en uno de los corazones rurales de la isla m\u00e1s desconocidos por el gran p\u00fablico.<\/p>\n","protected":false},"excerpt":{"rendered":"<p>El producto local entra en el S. XXI pisando fuerte con el Mercado Interactivo de Forada. Ubicado en la intersecci\u00f3n de la carretera que conecta Sant Rafel con Santa In\u00e9s [&hellip;]<\/p>\n","protected":false},"author":1,"featured_media":3839,"comment_status":"open","ping_status":"closed","template":"","meta":{"_tribe_events_status":"","_tribe_events_status_reason":"","footnotes":""},"tags":[],"tribe_events_cat":[30],"class_list":["post-3849","tribe_events","type-tribe_events","status-publish","has-post-thumbnail","hentry","tribe_events_cat-mercados-artesanales","cat_mercados-artesanales","tribe-recurring-event","tribe-recurring-event-child"],"acf":[],"yoast_head":"<!-- This site is optimized with the Yoast SEO plugin v19.6 - https:\/\/yoast.com\/wordpress\/plugins\/seo\/ -->\n<title>Mercado Interactivo de Forada - Artesania d&#039;Eivissa<\/title>\n<meta name=\"robots\" content=\"index, follow, max-snippet:-1, max-image-preview:large, max-video-preview:-1\" \/>\n<link rel=\"canonical\" href=\"https:\/\/artesania.conselldeivissa.es\/es\/agenda\/mercado-interactivo-de-forada\/2022-10-15\/\" \/>\n<meta property=\"og:locale\" content=\"es_ES\" \/>\n<meta property=\"og:type\" content=\"article\" \/>\n<meta property=\"og:title\" content=\"Mercado Interactivo de Forada - Artesania d&#039;Eivissa\" \/>\n<meta property=\"og:description\" content=\"El producto local entra en el S. XXI pisando fuerte con el Mercado Interactivo de Forada. Ubicado en la intersecci\u00f3n de la carretera que conecta Sant Rafel con Santa In\u00e9s [&hellip;]\" \/>\n<meta property=\"og:url\" content=\"https:\/\/artesania.conselldeivissa.es\/es\/agenda\/mercado-interactivo-de-forada\/2022-10-15\/\" \/>\n<meta property=\"og:site_name\" content=\"Artesania d&#039;Eivissa\" \/>\n<meta property=\"article:modified_time\" content=\"2022-08-25T09:47:33+00:00\" \/>\n<meta property=\"og:image\" content=\"https:\/\/artesania.conselldeivissa.es\/wp-content\/uploads\/2022\/08\/mercat_forada.jpg\" \/>\n\t<meta property=\"og:image:width\" content=\"1000\" \/>\n\t<meta property=\"og:image:height\" content=\"641\" \/>\n\t<meta property=\"og:image:type\" content=\"image\/jpeg\" \/>\n<meta name=\"twitter:card\" content=\"summary_large_image\" \/>\n<meta name=\"twitter:label1\" content=\"Tiempo de lectura\" \/>\n\t<meta name=\"twitter:data1\" content=\"1 minuto\" \/>\n<script type=\"application\/ld+json\" class=\"yoast-schema-graph\">{\"@context\":\"https:\/\/schema.org\",\"@graph\":[{\"@type\":\"WebPage\",\"@id\":\"https:\/\/artesania.conselldeivissa.es\/es\/agenda\/mercado-interactivo-de-forada\/2022-10-15\/\",\"url\":\"https:\/\/artesania.conselldeivissa.es\/es\/agenda\/mercado-interactivo-de-forada\/2022-10-15\/\",\"name\":\"Mercado Interactivo de Forada - Artesania d&#039;Eivissa\",\"isPartOf\":{\"@id\":\"https:\/\/artesania.conselldeivissa.es\/#website\"},\"datePublished\":\"2022-08-22T12:02:43+00:00\",\"dateModified\":\"2022-08-25T09:47:33+00:00\",\"breadcrumb\":{\"@id\":\"https:\/\/artesania.conselldeivissa.es\/es\/agenda\/mercado-interactivo-de-forada\/2022-10-15\/#breadcrumb\"},\"inLanguage\":\"es\",\"potentialAction\":[{\"@type\":\"ReadAction\",\"target\":[\"https:\/\/artesania.conselldeivissa.es\/es\/agenda\/mercado-interactivo-de-forada\/2022-10-15\/\"]}]},{\"@type\":\"BreadcrumbList\",\"@id\":\"https:\/\/artesania.conselldeivissa.es\/es\/agenda\/mercado-interactivo-de-forada\/2022-10-15\/#breadcrumb\",\"itemListElement\":[{\"@type\":\"ListItem\",\"position\":1,\"name\":\"Portada\",\"item\":\"https:\/\/artesania.conselldeivissa.es\/es\/\"},{\"@type\":\"ListItem\",\"position\":2,\"name\":\"Esdeveniments\",\"item\":\"https:\/\/artesania.conselldeivissa.es\/ca\/agenda\/\"},{\"@type\":\"ListItem\",\"position\":3,\"name\":\"Mercado Interactivo de Forada\",\"item\":\"https:\/\/artesania.conselldeivissa.es\/agenda\/mercado-interactivo-de-forada\/2022-08-27\/\"},{\"@type\":\"ListItem\",\"position\":4,\"name\":\"Mercado Interactivo de Forada\"}]},{\"@type\":\"WebSite\",\"@id\":\"https:\/\/artesania.conselldeivissa.es\/#website\",\"url\":\"https:\/\/artesania.conselldeivissa.es\/\",\"name\":\"Artesania d&#039;Eivissa\",\"description\":\"Artesanes i artesans d&#039;Eivisssa\",\"publisher\":{\"@id\":\"https:\/\/artesania.conselldeivissa.es\/#organization\"},\"potentialAction\":[{\"@type\":\"SearchAction\",\"target\":{\"@type\":\"EntryPoint\",\"urlTemplate\":\"https:\/\/artesania.conselldeivissa.es\/?s={search_term_string}\"},\"query-input\":\"required name=search_term_string\"}],\"inLanguage\":\"es\"},{\"@type\":\"Organization\",\"@id\":\"https:\/\/artesania.conselldeivissa.es\/#organization\",\"name\":\"Artesania d&#039;Eivissa\",\"url\":\"https:\/\/artesania.conselldeivissa.es\/\",\"sameAs\":[],\"logo\":{\"@type\":\"ImageObject\",\"inLanguage\":\"es\",\"@id\":\"https:\/\/artesania.conselldeivissa.es\/#\/schema\/logo\/image\/\",\"url\":\"https:\/\/artesania.conselldeivissa.es\/wp-content\/uploads\/2022\/08\/artesansnegro.png\",\"contentUrl\":\"https:\/\/artesania.conselldeivissa.es\/wp-content\/uploads\/2022\/08\/artesansnegro.png\",\"width\":400,\"height\":97,\"caption\":\"Artesania d&#039;Eivissa\"},\"image\":{\"@id\":\"https:\/\/artesania.conselldeivissa.es\/#\/schema\/logo\/image\/\"}}]}<\/script>\n<!-- \/ Yoast SEO plugin. -->","yoast_head_json":{"title":"Mercado Interactivo de Forada - Artesania d&#039;Eivissa","robots":{"index":"index","follow":"follow","max-snippet":"max-snippet:-1","max-image-preview":"max-image-preview:large","max-video-preview":"max-video-preview:-1"},"canonical":"https:\/\/artesania.conselldeivissa.es\/es\/agenda\/mercado-interactivo-de-forada\/2022-10-15\/","og_locale":"es_ES","og_type":"article","og_title":"Mercado Interactivo de Forada - Artesania d&#039;Eivissa","og_description":"El producto local entra en el S. XXI pisando fuerte con el Mercado Interactivo de Forada. Ubicado en la intersecci\u00f3n de la carretera que conecta Sant Rafel con Santa In\u00e9s [&hellip;]","og_url":"https:\/\/artesania.conselldeivissa.es\/es\/agenda\/mercado-interactivo-de-forada\/2022-10-15\/","og_site_name":"Artesania d&#039;Eivissa","article_modified_time":"2022-08-25T09:47:33+00:00","og_image":[{"width":1000,"height":641,"url":"https:\/\/artesania.conselldeivissa.es\/wp-content\/uploads\/2022\/08\/mercat_forada.jpg","type":"image\/jpeg"}],"twitter_card":"summary_large_image","twitter_misc":{"Tiempo de lectura":"1 minuto"},"schema":{"@context":"https:\/\/schema.org","@graph":[{"@type":"WebPage","@id":"https:\/\/artesania.conselldeivissa.es\/es\/agenda\/mercado-interactivo-de-forada\/2022-10-15\/","url":"https:\/\/artesania.conselldeivissa.es\/es\/agenda\/mercado-interactivo-de-forada\/2022-10-15\/","name":"Mercado Interactivo de Forada - Artesania d&#039;Eivissa","isPartOf":{"@id":"https:\/\/artesania.conselldeivissa.es\/#website"},"datePublished":"2022-08-22T12:02:43+00:00","dateModified":"2022-08-25T09:47:33+00:00","breadcrumb":{"@id":"https:\/\/artesania.conselldeivissa.es\/es\/agenda\/mercado-interactivo-de-forada\/2022-10-15\/#breadcrumb"},"inLanguage":"es","potentialAction":[{"@type":"ReadAction","target":["https:\/\/artesania.conselldeivissa.es\/es\/agenda\/mercado-interactivo-de-forada\/2022-10-15\/"]}]},{"@type":"BreadcrumbList","@id":"https:\/\/artesania.conselldeivissa.es\/es\/agenda\/mercado-interactivo-de-forada\/2022-10-15\/#breadcrumb","itemListElement":[{"@type":"ListItem","position":1,"name":"Portada","item":"https:\/\/artesania.conselldeivissa.es\/es\/"},{"@type":"ListItem","position":2,"name":"Esdeveniments","item":"https:\/\/artesania.conselldeivissa.es\/ca\/agenda\/"},{"@type":"ListItem","position":3,"name":"Mercado Interactivo de Forada","item":"https:\/\/artesania.conselldeivissa.es\/agenda\/mercado-interactivo-de-forada\/2022-08-27\/"},{"@type":"ListItem","position":4,"name":"Mercado Interactivo de Forada"}]},{"@type":"WebSite","@id":"https:\/\/artesania.conselldeivissa.es\/#website","url":"https:\/\/artesania.conselldeivissa.es\/","name":"Artesania d&#039;Eivissa","description":"Artesanes i artesans d&#039;Eivisssa","publisher":{"@id":"https:\/\/artesania.conselldeivissa.es\/#organization"},"potentialAction":[{"@type":"SearchAction","target":{"@type":"EntryPoint","urlTemplate":"https:\/\/artesania.conselldeivissa.es\/?s={search_term_string}"},"query-input":"required name=search_term_string"}],"inLanguage":"es"},{"@type":"Organization","@id":"https:\/\/artesania.conselldeivissa.es\/#organization","name":"Artesania d&#039;Eivissa","url":"https:\/\/artesania.conselldeivissa.es\/","sameAs":[],"logo":{"@type":"ImageObject","inLanguage":"es","@id":"https:\/\/artesania.conselldeivissa.es\/#\/schema\/logo\/image\/","url":"https:\/\/artesania.conselldeivissa.es\/wp-content\/uploads\/2022\/08\/artesansnegro.png","contentUrl":"https:\/\/artesania.conselldeivissa.es\/wp-content\/uploads\/2022\/08\/artesansnegro.png","width":400,"height":97,"caption":"Artesania d&#039;Eivissa"},"image":{"@id":"https:\/\/artesania.conselldeivissa.es\/#\/schema\/logo\/image\/"}}]}},"_links":{"self":[{"href":"https:\/\/artesania.conselldeivissa.es\/es\/wp-json\/wp\/v2\/tribe_events\/3849","targetHints":{"allow":["GET"]}}],"collection":[{"href":"https:\/\/artesania.conselldeivissa.es\/es\/wp-json\/wp\/v2\/tribe_events"}],"about":[{"href":"https:\/\/artesania.conselldeivissa.es\/es\/wp-json\/wp\/v2\/types\/tribe_events"}],"author":[{"embeddable":true,"href":"https:\/\/artesania.conselldeivissa.es\/es\/wp-json\/wp\/v2\/users\/1"}],"replies":[{"embeddable":true,"href":"https:\/\/artesania.conselldeivissa.es\/es\/wp-json\/wp\/v2\/comments?post=3849"}],"version-history":[{"count":0,"href":"https:\/\/artesania.conselldeivissa.es\/es\/wp-json\/wp\/v2\/tribe_events\/3849\/revisions"}],"wp:featuredmedia":[{"embeddable":true,"href":"https:\/\/artesania.conselldeivissa.es\/es\/wp-json\/wp\/v2\/media\/3839"}],"wp:attachment":[{"href":"https:\/\/artesania.conselldeivissa.es\/es\/wp-json\/wp\/v2\/media?parent=3849"}],"wp:term":[{"taxonomy":"post_tag","embeddable":true,"href":"https:\/\/artesania.conselldeivissa.es\/es\/wp-json\/wp\/v2\/tags?post=3849"},{"taxonomy":"tribe_events_cat","embeddable":true,"href":"https:\/\/artesania.conselldeivissa.es\/es\/wp-json\/wp\/v2\/tribe_events_cat?post=3849"}],"curies":[{"name":"wp","href":"https:\/\/api.w.org\/{rel}","templated":true}]}}

<p>El producto local entra en el S. XXI pisando fuerte con el Mercado Interactivo de Forada. Ubicado en la intersección de la carretera que conecta Sant Rafel con Santa Inés y la que une Santa Gertrudis con Sant Antoni, este mercado rebosa autenticidad en todas sus expresiones. Cada sábado de 10.00 a 16.00 horas y durante el verano de 9.30 a 15.00 horas, agricultores locales se mezclan con artesanos de todo tipo para ofrecer sus productos y creaciones. Frutas, verduras, artesanía y muy buen ambiente en uno de los corazones rurales de la isla más desconocidos por el gran público.</p>

<p>El producto local entra en el S. XXI pisando fuerte con el Mercado Interactivo de Forada. Ubicado en la intersección de la carretera que conecta Sant Rafel con Santa Inés [&hellip;]</p>

<!-- This site is optimized with the Yoast SEO plugin v19.6 - https://yoast.com/wordpress/plugins/seo/ -->
<title>Mercado Interactivo de Forada - Artesania d&#039;Eivissa</title>
<meta name="robots" content="index, follow, max-snippet:-1, max-image-preview:large, max-video-preview:-1" />
<link rel="canonical" href="https://artesania.conselldeivissa.es/es/agenda/mercado-interactivo-de-forada/2022-10-15/" />
<meta property="og:locale" content="es_ES" />
<meta property="og:type" content="article" />
<meta property="og:title" content="Mercado Interactivo de Forada - Artesania d&#039;Eivissa" />
<meta property="og:description" content="El producto local entra en el S. XXI pisando fuerte con el Mercado Interactivo de Forada. Ubicado en la intersección de la carretera que conecta Sant Rafel con Santa Inés [&hellip;]" />
<meta property="og:url" content="https://artesania.conselldeivissa.es/es/agenda/mercado-interactivo-de-forada/2022-10-15/" />
<meta property="og:site_name" content="Artesania d&#039;Eivissa" />
<meta property="article:modified_time" content="2022-08-25T09:47:33+00:00" />
<meta property="og:image" content="https://artesania.conselldeivissa.es/wp-content/uploads/2022/08/mercat_forada.jpg" />
	<meta property="og:image:width" content="1000" />
	<meta property="og:image:height" content="641" />
	<meta property="og:image:type" content="image/jpeg" />
<meta name="twitter:card" content="summary_large_image" />
<meta name="twitter:label1" content="Tiempo de lectura" />
	<meta name="twitter:data1" content="1 minuto" />
<script type="application/ld+json" class="yoast-schema-graph">{"@context":"https://schema.org","@graph":[{"@type":"WebPage","@id":"https://artesania.conselldeivissa.es/es/agenda/mercado-interactivo-de-forada/2022-10-15/","url":"https://artesania.conselldeivissa.es/es/agenda/mercado-interactivo-de-forada/2022-10-15/","name":"Mercado Interactivo de Forada - Artesania d&#039;Eivissa","isPartOf":{"@id":"https://artesania.conselldeivissa.es/#website"},"datePublished":"2022-08-22T12:02:43+00:00","dateModified":"2022-08-25T09:47:33+00:00","breadcrumb":{"@id":"https://artesania.conselldeivissa.es/es/agenda/mercado-interactivo-de-forada/2022-10-15/#breadcrumb"},"inLanguage":"es","potentialAction":[{"@type":"ReadAction","target":["https://artesania.conselldeivissa.es/es/agenda/mercado-interactivo-de-forada/2022-10-15/"]}]},{"@type":"BreadcrumbList","@id":"https://artesania.conselldeivissa.es/es/agenda/mercado-interactivo-de-forada/2022-10-15/#breadcrumb","itemListElement":[{"@type":"ListItem","position":1,"name":"Portada","item":"https://artesania.conselldeivissa.es/es/"},{"@type":"ListItem","position":2,"name":"Esdeveniments","item":"https://artesania.conselldeivissa.es/ca/agenda/"},{"@type":"ListItem","position":3,"name":"Mercado Interactivo de Forada","item":"https://artesania.conselldeivissa.es/agenda/mercado-interactivo-de-forada/2022-08-27/"},{"@type":"ListItem","position":4,"name":"Mercado Interactivo de Forada"}]},{"@type":"WebSite","@id":"https://artesania.conselldeivissa.es/#website","url":"https://artesania.conselldeivissa.es/","name":"Artesania d&#039;Eivissa","description":"Artesanes i artesans d&#039;Eivisssa","publisher":{"@id":"https://artesania.conselldeivissa.es/#organization"},"potentialAction":[{"@type":"SearchAction","target":{"@type":"EntryPoint","urlTemplate":"https://artesania.conselldeivissa.es/?s={search_term_string}"},"query-input":"required name=search_term_string"}],"inLanguage":"es"},{"@type":"Organization","@id":"https://artesania.conselldeivissa.es/#organization","name":"Artesania d&#039;Eivissa","url":"https://artesania.conselldeivissa.es/","sameAs":[],"logo":{"@type":"ImageObject","inLanguage":"es","@id":"https://artesania.conselldeivissa.es/#/schema/logo/image/","url":"https://artesania.conselldeivissa.es/wp-content/uploads/2022/08/artesansnegro.png","contentUrl":"https://artesania.conselldeivissa.es/wp-content/uploads/2022/08/artesansnegro.png","width":400,"height":97,"caption":"Artesania d&#039;Eivissa"},"image":{"@id":"https://artesania.conselldeivissa.es/#/schema/logo/image/"}}]}</script>
<!-- / Yoast SEO plugin. -->

El producto local entra en el S. XXI pisando fuerte con el Mercado Interactivo de Forada. Ubicado en la intersección de la carretera que conecta Sant Rafel con Santa Inés [&hellip;]
