{"id":3226,"date":"2022-08-22T13:32:40","date_gmt":"2022-08-22T11:32:40","guid":{"rendered":"https:\/\/artesania.conselldeivissa.es\/?post_type=tribe_events&#038;eventDate=2022-10-15#038;p=3197"},"modified":"2022-08-25T11:40:42","modified_gmt":"2022-08-25T09:40:42","slug":"mercado-de-sant-jordi-2022-10-15","status":"publish","type":"tribe_events","link":"https:\/\/artesania.conselldeivissa.es\/es\/agenda\/mercado-de-sant-jordi\/2022-10-15\/","title":{"rendered":"Mercado de Sant Jordi"},"content":{"rendered":"<p>El popular\u00edsimo mercadillo de Sant Jordi es la viva expresi\u00f3n del cl\u00e1sico <i>flea market<\/i> o rastrillo donde todo se vende, cambia o intercambia. Cada s\u00e1bado, durante todo el a\u00f1o y de 8 a 15 horas, cientos de personas se congregan en el recinto del hip\u00f3dromo del pueblo de Sant Jordi de Ses Salines, que se encuentra en la salida del mismo en direcci\u00f3n al aeropuerto, para buscar gangas de todo tipo. Libros, ropa, revistas antiguas, vinilos, objetos de todo tipo, muebles, herramientas, piezas\u2026 todo lo imaginable est\u00e1 all\u00ed. Un aut\u00e9ntico espect\u00e1culo que lo ha convertido en uno de los preferidos por los residentes.<\/p>\n","protected":false},"excerpt":{"rendered":"<p>El popular\u00edsimo mercadillo de Sant Jordi es la viva expresi\u00f3n del cl\u00e1sico flea market o rastrillo donde todo se vende, cambia o intercambia. Cada s\u00e1bado, durante todo el a\u00f1o y [&hellip;]<\/p>\n","protected":false},"author":1,"featured_media":3216,"comment_status":"open","ping_status":"closed","template":"","meta":{"_tribe_events_status":"","_tribe_events_status_reason":"","footnotes":""},"tags":[],"tribe_events_cat":[30,84],"class_list":["post-3226","tribe_events","type-tribe_events","status-publish","has-post-thumbnail","hentry","tribe_events_cat-mercados-artesanales","tribe_events_cat-mercados-hippies","cat_mercados-artesanales","cat_mercados-hippies","tribe-recurring-event","tribe-recurring-event-child"],"acf":[],"yoast_head":"<!-- This site is optimized with the Yoast SEO plugin v19.6 - https:\/\/yoast.com\/wordpress\/plugins\/seo\/ -->\n<title>Mercado de Sant Jordi - Artesania d&#039;Eivissa<\/title>\n<meta name=\"robots\" content=\"index, follow, max-snippet:-1, max-image-preview:large, max-video-preview:-1\" \/>\n<link rel=\"canonical\" href=\"https:\/\/artesania.conselldeivissa.es\/es\/agenda\/mercado-de-sant-jordi\/2022-10-15\/\" \/>\n<meta property=\"og:locale\" content=\"es_ES\" \/>\n<meta property=\"og:type\" content=\"article\" \/>\n<meta property=\"og:title\" content=\"Mercado de Sant Jordi - Artesania d&#039;Eivissa\" \/>\n<meta property=\"og:description\" content=\"El popular\u00edsimo mercadillo de Sant Jordi es la viva expresi\u00f3n del cl\u00e1sico flea market o rastrillo donde todo se vende, cambia o intercambia. Cada s\u00e1bado, durante todo el a\u00f1o y [&hellip;]\" \/>\n<meta property=\"og:url\" content=\"https:\/\/artesania.conselldeivissa.es\/es\/agenda\/mercado-de-sant-jordi\/2022-10-15\/\" \/>\n<meta property=\"og:site_name\" content=\"Artesania d&#039;Eivissa\" \/>\n<meta property=\"article:modified_time\" content=\"2022-08-25T09:40:42+00:00\" \/>\n<meta property=\"og:image\" content=\"https:\/\/artesania.conselldeivissa.es\/wp-content\/uploads\/2022\/08\/mercadillo_sant_jordi.jpg\" \/>\n\t<meta property=\"og:image:width\" content=\"1000\" \/>\n\t<meta property=\"og:image:height\" content=\"641\" \/>\n\t<meta property=\"og:image:type\" content=\"image\/jpeg\" \/>\n<meta name=\"twitter:card\" content=\"summary_large_image\" \/>\n<meta name=\"twitter:label1\" content=\"Tiempo de lectura\" \/>\n\t<meta name=\"twitter:data1\" content=\"1 minuto\" \/>\n<script type=\"application\/ld+json\" class=\"yoast-schema-graph\">{\"@context\":\"https:\/\/schema.org\",\"@graph\":[{\"@type\":\"WebPage\",\"@id\":\"https:\/\/artesania.conselldeivissa.es\/es\/agenda\/mercado-de-sant-jordi\/2022-10-15\/\",\"url\":\"https:\/\/artesania.conselldeivissa.es\/es\/agenda\/mercado-de-sant-jordi\/2022-10-15\/\",\"name\":\"Mercado de Sant Jordi - Artesania d&#039;Eivissa\",\"isPartOf\":{\"@id\":\"https:\/\/artesania.conselldeivissa.es\/#website\"},\"datePublished\":\"2022-08-22T11:32:40+00:00\",\"dateModified\":\"2022-08-25T09:40:42+00:00\",\"breadcrumb\":{\"@id\":\"https:\/\/artesania.conselldeivissa.es\/es\/agenda\/mercado-de-sant-jordi\/2022-10-15\/#breadcrumb\"},\"inLanguage\":\"es\",\"potentialAction\":[{\"@type\":\"ReadAction\",\"target\":[\"https:\/\/artesania.conselldeivissa.es\/es\/agenda\/mercado-de-sant-jordi\/2022-10-15\/\"]}]},{\"@type\":\"BreadcrumbList\",\"@id\":\"https:\/\/artesania.conselldeivissa.es\/es\/agenda\/mercado-de-sant-jordi\/2022-10-15\/#breadcrumb\",\"itemListElement\":[{\"@type\":\"ListItem\",\"position\":1,\"name\":\"Portada\",\"item\":\"https:\/\/artesania.conselldeivissa.es\/es\/\"},{\"@type\":\"ListItem\",\"position\":2,\"name\":\"Esdeveniments\",\"item\":\"https:\/\/artesania.conselldeivissa.es\/ca\/agenda\/\"},{\"@type\":\"ListItem\",\"position\":3,\"name\":\"Mercado de Sant Jordi\",\"item\":\"https:\/\/artesania.conselldeivissa.es\/agenda\/mercado-de-sant-jordi\/2022-08-27\/\"},{\"@type\":\"ListItem\",\"position\":4,\"name\":\"Mercado de Sant Jordi\"}]},{\"@type\":\"WebSite\",\"@id\":\"https:\/\/artesania.conselldeivissa.es\/#website\",\"url\":\"https:\/\/artesania.conselldeivissa.es\/\",\"name\":\"Artesania d&#039;Eivissa\",\"description\":\"Artesanes i artesans d&#039;Eivisssa\",\"publisher\":{\"@id\":\"https:\/\/artesania.conselldeivissa.es\/#organization\"},\"potentialAction\":[{\"@type\":\"SearchAction\",\"target\":{\"@type\":\"EntryPoint\",\"urlTemplate\":\"https:\/\/artesania.conselldeivissa.es\/?s={search_term_string}\"},\"query-input\":\"required name=search_term_string\"}],\"inLanguage\":\"es\"},{\"@type\":\"Organization\",\"@id\":\"https:\/\/artesania.conselldeivissa.es\/#organization\",\"name\":\"Artesania d&#039;Eivissa\",\"url\":\"https:\/\/artesania.conselldeivissa.es\/\",\"sameAs\":[],\"logo\":{\"@type\":\"ImageObject\",\"inLanguage\":\"es\",\"@id\":\"https:\/\/artesania.conselldeivissa.es\/#\/schema\/logo\/image\/\",\"url\":\"https:\/\/artesania.conselldeivissa.es\/wp-content\/uploads\/2022\/08\/artesansnegro.png\",\"contentUrl\":\"https:\/\/artesania.conselldeivissa.es\/wp-content\/uploads\/2022\/08\/artesansnegro.png\",\"width\":400,\"height\":97,\"caption\":\"Artesania d&#039;Eivissa\"},\"image\":{\"@id\":\"https:\/\/artesania.conselldeivissa.es\/#\/schema\/logo\/image\/\"}}]}<\/script>\n<!-- \/ Yoast SEO plugin. -->","yoast_head_json":{"title":"Mercado de Sant Jordi - Artesania d&#039;Eivissa","robots":{"index":"index","follow":"follow","max-snippet":"max-snippet:-1","max-image-preview":"max-image-preview:large","max-video-preview":"max-video-preview:-1"},"canonical":"https:\/\/artesania.conselldeivissa.es\/es\/agenda\/mercado-de-sant-jordi\/2022-10-15\/","og_locale":"es_ES","og_type":"article","og_title":"Mercado de Sant Jordi - Artesania d&#039;Eivissa","og_description":"El popular\u00edsimo mercadillo de Sant Jordi es la viva expresi\u00f3n del cl\u00e1sico flea market o rastrillo donde todo se vende, cambia o intercambia. Cada s\u00e1bado, durante todo el a\u00f1o y [&hellip;]","og_url":"https:\/\/artesania.conselldeivissa.es\/es\/agenda\/mercado-de-sant-jordi\/2022-10-15\/","og_site_name":"Artesania d&#039;Eivissa","article_modified_time":"2022-08-25T09:40:42+00:00","og_image":[{"width":1000,"height":641,"url":"https:\/\/artesania.conselldeivissa.es\/wp-content\/uploads\/2022\/08\/mercadillo_sant_jordi.jpg","type":"image\/jpeg"}],"twitter_card":"summary_large_image","twitter_misc":{"Tiempo de lectura":"1 minuto"},"schema":{"@context":"https:\/\/schema.org","@graph":[{"@type":"WebPage","@id":"https:\/\/artesania.conselldeivissa.es\/es\/agenda\/mercado-de-sant-jordi\/2022-10-15\/","url":"https:\/\/artesania.conselldeivissa.es\/es\/agenda\/mercado-de-sant-jordi\/2022-10-15\/","name":"Mercado de Sant Jordi - Artesania d&#039;Eivissa","isPartOf":{"@id":"https:\/\/artesania.conselldeivissa.es\/#website"},"datePublished":"2022-08-22T11:32:40+00:00","dateModified":"2022-08-25T09:40:42+00:00","breadcrumb":{"@id":"https:\/\/artesania.conselldeivissa.es\/es\/agenda\/mercado-de-sant-jordi\/2022-10-15\/#breadcrumb"},"inLanguage":"es","potentialAction":[{"@type":"ReadAction","target":["https:\/\/artesania.conselldeivissa.es\/es\/agenda\/mercado-de-sant-jordi\/2022-10-15\/"]}]},{"@type":"BreadcrumbList","@id":"https:\/\/artesania.conselldeivissa.es\/es\/agenda\/mercado-de-sant-jordi\/2022-10-15\/#breadcrumb","itemListElement":[{"@type":"ListItem","position":1,"name":"Portada","item":"https:\/\/artesania.conselldeivissa.es\/es\/"},{"@type":"ListItem","position":2,"name":"Esdeveniments","item":"https:\/\/artesania.conselldeivissa.es\/ca\/agenda\/"},{"@type":"ListItem","position":3,"name":"Mercado de Sant Jordi","item":"https:\/\/artesania.conselldeivissa.es\/agenda\/mercado-de-sant-jordi\/2022-08-27\/"},{"@type":"ListItem","position":4,"name":"Mercado de Sant Jordi"}]},{"@type":"WebSite","@id":"https:\/\/artesania.conselldeivissa.es\/#website","url":"https:\/\/artesania.conselldeivissa.es\/","name":"Artesania d&#039;Eivissa","description":"Artesanes i artesans d&#039;Eivisssa","publisher":{"@id":"https:\/\/artesania.conselldeivissa.es\/#organization"},"potentialAction":[{"@type":"SearchAction","target":{"@type":"EntryPoint","urlTemplate":"https:\/\/artesania.conselldeivissa.es\/?s={search_term_string}"},"query-input":"required name=search_term_string"}],"inLanguage":"es"},{"@type":"Organization","@id":"https:\/\/artesania.conselldeivissa.es\/#organization","name":"Artesania d&#039;Eivissa","url":"https:\/\/artesania.conselldeivissa.es\/","sameAs":[],"logo":{"@type":"ImageObject","inLanguage":"es","@id":"https:\/\/artesania.conselldeivissa.es\/#\/schema\/logo\/image\/","url":"https:\/\/artesania.conselldeivissa.es\/wp-content\/uploads\/2022\/08\/artesansnegro.png","contentUrl":"https:\/\/artesania.conselldeivissa.es\/wp-content\/uploads\/2022\/08\/artesansnegro.png","width":400,"height":97,"caption":"Artesania d&#039;Eivissa"},"image":{"@id":"https:\/\/artesania.conselldeivissa.es\/#\/schema\/logo\/image\/"}}]}},"_links":{"self":[{"href":"https:\/\/artesania.conselldeivissa.es\/es\/wp-json\/wp\/v2\/tribe_events\/3226","targetHints":{"allow":["GET"]}}],"collection":[{"href":"https:\/\/artesania.conselldeivissa.es\/es\/wp-json\/wp\/v2\/tribe_events"}],"about":[{"href":"https:\/\/artesania.conselldeivissa.es\/es\/wp-json\/wp\/v2\/types\/tribe_events"}],"author":[{"embeddable":true,"href":"https:\/\/artesania.conselldeivissa.es\/es\/wp-json\/wp\/v2\/users\/1"}],"replies":[{"embeddable":true,"href":"https:\/\/artesania.conselldeivissa.es\/es\/wp-json\/wp\/v2\/comments?post=3226"}],"version-history":[{"count":0,"href":"https:\/\/artesania.conselldeivissa.es\/es\/wp-json\/wp\/v2\/tribe_events\/3226\/revisions"}],"wp:featuredmedia":[{"embeddable":true,"href":"https:\/\/artesania.conselldeivissa.es\/es\/wp-json\/wp\/v2\/media\/3216"}],"wp:attachment":[{"href":"https:\/\/artesania.conselldeivissa.es\/es\/wp-json\/wp\/v2\/media?parent=3226"}],"wp:term":[{"taxonomy":"post_tag","embeddable":true,"href":"https:\/\/artesania.conselldeivissa.es\/es\/wp-json\/wp\/v2\/tags?post=3226"},{"taxonomy":"tribe_events_cat","embeddable":true,"href":"https:\/\/artesania.conselldeivissa.es\/es\/wp-json\/wp\/v2\/tribe_events_cat?post=3226"}],"curies":[{"name":"wp","href":"https:\/\/api.w.org\/{rel}","templated":true}]}}

<p>El popularísimo mercadillo de Sant Jordi es la viva expresión del clásico <i>flea market</i> o rastrillo donde todo se vende, cambia o intercambia. Cada sábado, durante todo el año y de 8 a 15 horas, cientos de personas se congregan en el recinto del hipódromo del pueblo de Sant Jordi de Ses Salines, que se encuentra en la salida del mismo en dirección al aeropuerto, para buscar gangas de todo tipo. Libros, ropa, revistas antiguas, vinilos, objetos de todo tipo, muebles, herramientas, piezas… todo lo imaginable está allí. Un auténtico espectáculo que lo ha convertido en uno de los preferidos por los residentes.</p>

<p>El popularísimo mercadillo de Sant Jordi es la viva expresión del clásico flea market o rastrillo donde todo se vende, cambia o intercambia. Cada sábado, durante todo el año y [&hellip;]</p>

<!-- This site is optimized with the Yoast SEO plugin v19.6 - https://yoast.com/wordpress/plugins/seo/ -->
<title>Mercado de Sant Jordi - Artesania d&#039;Eivissa</title>
<meta name="robots" content="index, follow, max-snippet:-1, max-image-preview:large, max-video-preview:-1" />
<link rel="canonical" href="https://artesania.conselldeivissa.es/es/agenda/mercado-de-sant-jordi/2022-10-15/" />
<meta property="og:locale" content="es_ES" />
<meta property="og:type" content="article" />
<meta property="og:title" content="Mercado de Sant Jordi - Artesania d&#039;Eivissa" />
<meta property="og:description" content="El popularísimo mercadillo de Sant Jordi es la viva expresión del clásico flea market o rastrillo donde todo se vende, cambia o intercambia. Cada sábado, durante todo el año y [&hellip;]" />
<meta property="og:url" content="https://artesania.conselldeivissa.es/es/agenda/mercado-de-sant-jordi/2022-10-15/" />
<meta property="og:site_name" content="Artesania d&#039;Eivissa" />
<meta property="article:modified_time" content="2022-08-25T09:40:42+00:00" />
<meta property="og:image" content="https://artesania.conselldeivissa.es/wp-content/uploads/2022/08/mercadillo_sant_jordi.jpg" />
	<meta property="og:image:width" content="1000" />
	<meta property="og:image:height" content="641" />
	<meta property="og:image:type" content="image/jpeg" />
<meta name="twitter:card" content="summary_large_image" />
<meta name="twitter:label1" content="Tiempo de lectura" />
	<meta name="twitter:data1" content="1 minuto" />
<script type="application/ld+json" class="yoast-schema-graph">{"@context":"https://schema.org","@graph":[{"@type":"WebPage","@id":"https://artesania.conselldeivissa.es/es/agenda/mercado-de-sant-jordi/2022-10-15/","url":"https://artesania.conselldeivissa.es/es/agenda/mercado-de-sant-jordi/2022-10-15/","name":"Mercado de Sant Jordi - Artesania d&#039;Eivissa","isPartOf":{"@id":"https://artesania.conselldeivissa.es/#website"},"datePublished":"2022-08-22T11:32:40+00:00","dateModified":"2022-08-25T09:40:42+00:00","breadcrumb":{"@id":"https://artesania.conselldeivissa.es/es/agenda/mercado-de-sant-jordi/2022-10-15/#breadcrumb"},"inLanguage":"es","potentialAction":[{"@type":"ReadAction","target":["https://artesania.conselldeivissa.es/es/agenda/mercado-de-sant-jordi/2022-10-15/"]}]},{"@type":"BreadcrumbList","@id":"https://artesania.conselldeivissa.es/es/agenda/mercado-de-sant-jordi/2022-10-15/#breadcrumb","itemListElement":[{"@type":"ListItem","position":1,"name":"Portada","item":"https://artesania.conselldeivissa.es/es/"},{"@type":"ListItem","position":2,"name":"Esdeveniments","item":"https://artesania.conselldeivissa.es/ca/agenda/"},{"@type":"ListItem","position":3,"name":"Mercado de Sant Jordi","item":"https://artesania.conselldeivissa.es/agenda/mercado-de-sant-jordi/2022-08-27/"},{"@type":"ListItem","position":4,"name":"Mercado de Sant Jordi"}]},{"@type":"WebSite","@id":"https://artesania.conselldeivissa.es/#website","url":"https://artesania.conselldeivissa.es/","name":"Artesania d&#039;Eivissa","description":"Artesanes i artesans d&#039;Eivisssa","publisher":{"@id":"https://artesania.conselldeivissa.es/#organization"},"potentialAction":[{"@type":"SearchAction","target":{"@type":"EntryPoint","urlTemplate":"https://artesania.conselldeivissa.es/?s={search_term_string}"},"query-input":"required name=search_term_string"}],"inLanguage":"es"},{"@type":"Organization","@id":"https://artesania.conselldeivissa.es/#organization","name":"Artesania d&#039;Eivissa","url":"https://artesania.conselldeivissa.es/","sameAs":[],"logo":{"@type":"ImageObject","inLanguage":"es","@id":"https://artesania.conselldeivissa.es/#/schema/logo/image/","url":"https://artesania.conselldeivissa.es/wp-content/uploads/2022/08/artesansnegro.png","contentUrl":"https://artesania.conselldeivissa.es/wp-content/uploads/2022/08/artesansnegro.png","width":400,"height":97,"caption":"Artesania d&#039;Eivissa"},"image":{"@id":"https://artesania.conselldeivissa.es/#/schema/logo/image/"}}]}</script>
<!-- / Yoast SEO plugin. -->

El popularísimo mercadillo de Sant Jordi es la viva expresión del clásico flea market o rastrillo donde todo se vende, cambia o intercambia. Cada sábado, durante todo el año y [&hellip;]
