{"id":3167,"date":"2022-08-22T13:29:39","date_gmt":"2022-08-22T11:29:39","guid":{"rendered":"https:\/\/artesania.conselldeivissa.es\/?post_type=tribe_events&#038;eventDate=2022-10-06#038;p=3118"},"modified":"2022-08-25T11:36:23","modified_gmt":"2022-08-25T09:36:23","slug":"mercado-hippy-de-figueretes-2022-10-06","status":"publish","type":"tribe_events","link":"https:\/\/artesania.conselldeivissa.es\/es\/agenda\/mercado-hippy-de-figueretes\/2022-10-06\/","title":{"rendered":"Mercado hippy de Figueretes"},"content":{"rendered":"<p>El paseo mar\u00edtimo de Figueretes disfruta de un ambiente inconfundible a lo largo de sus m\u00e1s de 100 metros de largo, muchos de ellos ocupados por una treintena de puestos de artesan\u00eda animando y dando vida a una zona repleta de restaurantes, bares y cafeter\u00edas en el centro de Ibiza, con vistas al casco hist\u00f3rico amurallado de Dalt Vila y con Platja d\u2019en Bossa a la derecha. \u00a0Todos los d\u00edas de 19.00 a 00.00 horas hasta octubre.<\/p>\n","protected":false},"excerpt":{"rendered":"<p>El paseo mar\u00edtimo de Figueretes disfruta de un ambiente inconfundible a lo largo de sus m\u00e1s de 100 metros de largo, muchos de ellos ocupados por una treintena de puestos [&hellip;]<\/p>\n","protected":false},"author":1,"featured_media":3119,"comment_status":"open","ping_status":"closed","template":"","meta":{"_tribe_events_status":"","_tribe_events_status_reason":"","footnotes":""},"tags":[],"tribe_events_cat":[84],"class_list":["post-3167","tribe_events","type-tribe_events","status-publish","has-post-thumbnail","hentry","tribe_events_cat-mercados-hippies","cat_mercados-hippies","tribe-recurring-event","tribe-recurring-event-child"],"acf":[],"yoast_head":"<!-- This site is optimized with the Yoast SEO plugin v19.6 - https:\/\/yoast.com\/wordpress\/plugins\/seo\/ -->\n<title>Mercado hippy de Figueretes - Artesania d&#039;Eivissa<\/title>\n<meta name=\"robots\" content=\"index, follow, max-snippet:-1, max-image-preview:large, max-video-preview:-1\" \/>\n<link rel=\"canonical\" href=\"https:\/\/artesania.conselldeivissa.es\/es\/agenda\/mercado-hippy-de-figueretes\/2022-10-06\/\" \/>\n<meta property=\"og:locale\" content=\"es_ES\" \/>\n<meta property=\"og:type\" content=\"article\" \/>\n<meta property=\"og:title\" content=\"Mercado hippy de Figueretes - Artesania d&#039;Eivissa\" \/>\n<meta property=\"og:description\" content=\"El paseo mar\u00edtimo de Figueretes disfruta de un ambiente inconfundible a lo largo de sus m\u00e1s de 100 metros de largo, muchos de ellos ocupados por una treintena de puestos [&hellip;]\" \/>\n<meta property=\"og:url\" content=\"https:\/\/artesania.conselldeivissa.es\/es\/agenda\/mercado-hippy-de-figueretes\/2022-10-06\/\" \/>\n<meta property=\"og:site_name\" content=\"Artesania d&#039;Eivissa\" \/>\n<meta property=\"article:modified_time\" content=\"2022-08-25T09:36:23+00:00\" \/>\n<meta property=\"og:image\" content=\"https:\/\/artesania.conselldeivissa.es\/wp-content\/uploads\/2022\/08\/mercadillo_figueretes.jpg\" \/>\n\t<meta property=\"og:image:width\" content=\"1000\" \/>\n\t<meta property=\"og:image:height\" content=\"641\" \/>\n\t<meta property=\"og:image:type\" content=\"image\/jpeg\" \/>\n<meta name=\"twitter:card\" content=\"summary_large_image\" \/>\n<script type=\"application\/ld+json\" class=\"yoast-schema-graph\">{\"@context\":\"https:\/\/schema.org\",\"@graph\":[{\"@type\":\"WebPage\",\"@id\":\"https:\/\/artesania.conselldeivissa.es\/es\/agenda\/mercado-hippy-de-figueretes\/2022-10-06\/\",\"url\":\"https:\/\/artesania.conselldeivissa.es\/es\/agenda\/mercado-hippy-de-figueretes\/2022-10-06\/\",\"name\":\"Mercado hippy de Figueretes - Artesania d&#039;Eivissa\",\"isPartOf\":{\"@id\":\"https:\/\/artesania.conselldeivissa.es\/#website\"},\"datePublished\":\"2022-08-22T11:29:39+00:00\",\"dateModified\":\"2022-08-25T09:36:23+00:00\",\"breadcrumb\":{\"@id\":\"https:\/\/artesania.conselldeivissa.es\/es\/agenda\/mercado-hippy-de-figueretes\/2022-10-06\/#breadcrumb\"},\"inLanguage\":\"es\",\"potentialAction\":[{\"@type\":\"ReadAction\",\"target\":[\"https:\/\/artesania.conselldeivissa.es\/es\/agenda\/mercado-hippy-de-figueretes\/2022-10-06\/\"]}]},{\"@type\":\"BreadcrumbList\",\"@id\":\"https:\/\/artesania.conselldeivissa.es\/es\/agenda\/mercado-hippy-de-figueretes\/2022-10-06\/#breadcrumb\",\"itemListElement\":[{\"@type\":\"ListItem\",\"position\":1,\"name\":\"Portada\",\"item\":\"https:\/\/artesania.conselldeivissa.es\/es\/\"},{\"@type\":\"ListItem\",\"position\":2,\"name\":\"Esdeveniments\",\"item\":\"https:\/\/artesania.conselldeivissa.es\/ca\/agenda\/\"},{\"@type\":\"ListItem\",\"position\":3,\"name\":\"Mercado hippy de Figueretes\",\"item\":\"https:\/\/artesania.conselldeivissa.es\/agenda\/mercado-hippy-de-figueretes\/2022-08-22\/\"},{\"@type\":\"ListItem\",\"position\":4,\"name\":\"Mercado hippy de Figueretes\"}]},{\"@type\":\"WebSite\",\"@id\":\"https:\/\/artesania.conselldeivissa.es\/#website\",\"url\":\"https:\/\/artesania.conselldeivissa.es\/\",\"name\":\"Artesania d&#039;Eivissa\",\"description\":\"Artesanes i artesans d&#039;Eivisssa\",\"publisher\":{\"@id\":\"https:\/\/artesania.conselldeivissa.es\/#organization\"},\"potentialAction\":[{\"@type\":\"SearchAction\",\"target\":{\"@type\":\"EntryPoint\",\"urlTemplate\":\"https:\/\/artesania.conselldeivissa.es\/?s={search_term_string}\"},\"query-input\":\"required name=search_term_string\"}],\"inLanguage\":\"es\"},{\"@type\":\"Organization\",\"@id\":\"https:\/\/artesania.conselldeivissa.es\/#organization\",\"name\":\"Artesania d&#039;Eivissa\",\"url\":\"https:\/\/artesania.conselldeivissa.es\/\",\"sameAs\":[],\"logo\":{\"@type\":\"ImageObject\",\"inLanguage\":\"es\",\"@id\":\"https:\/\/artesania.conselldeivissa.es\/#\/schema\/logo\/image\/\",\"url\":\"https:\/\/artesania.conselldeivissa.es\/wp-content\/uploads\/2022\/08\/artesansnegro.png\",\"contentUrl\":\"https:\/\/artesania.conselldeivissa.es\/wp-content\/uploads\/2022\/08\/artesansnegro.png\",\"width\":400,\"height\":97,\"caption\":\"Artesania d&#039;Eivissa\"},\"image\":{\"@id\":\"https:\/\/artesania.conselldeivissa.es\/#\/schema\/logo\/image\/\"}}]}<\/script>\n<!-- \/ Yoast SEO plugin. -->","yoast_head_json":{"title":"Mercado hippy de Figueretes - Artesania d&#039;Eivissa","robots":{"index":"index","follow":"follow","max-snippet":"max-snippet:-1","max-image-preview":"max-image-preview:large","max-video-preview":"max-video-preview:-1"},"canonical":"https:\/\/artesania.conselldeivissa.es\/es\/agenda\/mercado-hippy-de-figueretes\/2022-10-06\/","og_locale":"es_ES","og_type":"article","og_title":"Mercado hippy de Figueretes - Artesania d&#039;Eivissa","og_description":"El paseo mar\u00edtimo de Figueretes disfruta de un ambiente inconfundible a lo largo de sus m\u00e1s de 100 metros de largo, muchos de ellos ocupados por una treintena de puestos [&hellip;]","og_url":"https:\/\/artesania.conselldeivissa.es\/es\/agenda\/mercado-hippy-de-figueretes\/2022-10-06\/","og_site_name":"Artesania d&#039;Eivissa","article_modified_time":"2022-08-25T09:36:23+00:00","og_image":[{"width":1000,"height":641,"url":"https:\/\/artesania.conselldeivissa.es\/wp-content\/uploads\/2022\/08\/mercadillo_figueretes.jpg","type":"image\/jpeg"}],"twitter_card":"summary_large_image","schema":{"@context":"https:\/\/schema.org","@graph":[{"@type":"WebPage","@id":"https:\/\/artesania.conselldeivissa.es\/es\/agenda\/mercado-hippy-de-figueretes\/2022-10-06\/","url":"https:\/\/artesania.conselldeivissa.es\/es\/agenda\/mercado-hippy-de-figueretes\/2022-10-06\/","name":"Mercado hippy de Figueretes - Artesania d&#039;Eivissa","isPartOf":{"@id":"https:\/\/artesania.conselldeivissa.es\/#website"},"datePublished":"2022-08-22T11:29:39+00:00","dateModified":"2022-08-25T09:36:23+00:00","breadcrumb":{"@id":"https:\/\/artesania.conselldeivissa.es\/es\/agenda\/mercado-hippy-de-figueretes\/2022-10-06\/#breadcrumb"},"inLanguage":"es","potentialAction":[{"@type":"ReadAction","target":["https:\/\/artesania.conselldeivissa.es\/es\/agenda\/mercado-hippy-de-figueretes\/2022-10-06\/"]}]},{"@type":"BreadcrumbList","@id":"https:\/\/artesania.conselldeivissa.es\/es\/agenda\/mercado-hippy-de-figueretes\/2022-10-06\/#breadcrumb","itemListElement":[{"@type":"ListItem","position":1,"name":"Portada","item":"https:\/\/artesania.conselldeivissa.es\/es\/"},{"@type":"ListItem","position":2,"name":"Esdeveniments","item":"https:\/\/artesania.conselldeivissa.es\/ca\/agenda\/"},{"@type":"ListItem","position":3,"name":"Mercado hippy de Figueretes","item":"https:\/\/artesania.conselldeivissa.es\/agenda\/mercado-hippy-de-figueretes\/2022-08-22\/"},{"@type":"ListItem","position":4,"name":"Mercado hippy de Figueretes"}]},{"@type":"WebSite","@id":"https:\/\/artesania.conselldeivissa.es\/#website","url":"https:\/\/artesania.conselldeivissa.es\/","name":"Artesania d&#039;Eivissa","description":"Artesanes i artesans d&#039;Eivisssa","publisher":{"@id":"https:\/\/artesania.conselldeivissa.es\/#organization"},"potentialAction":[{"@type":"SearchAction","target":{"@type":"EntryPoint","urlTemplate":"https:\/\/artesania.conselldeivissa.es\/?s={search_term_string}"},"query-input":"required name=search_term_string"}],"inLanguage":"es"},{"@type":"Organization","@id":"https:\/\/artesania.conselldeivissa.es\/#organization","name":"Artesania d&#039;Eivissa","url":"https:\/\/artesania.conselldeivissa.es\/","sameAs":[],"logo":{"@type":"ImageObject","inLanguage":"es","@id":"https:\/\/artesania.conselldeivissa.es\/#\/schema\/logo\/image\/","url":"https:\/\/artesania.conselldeivissa.es\/wp-content\/uploads\/2022\/08\/artesansnegro.png","contentUrl":"https:\/\/artesania.conselldeivissa.es\/wp-content\/uploads\/2022\/08\/artesansnegro.png","width":400,"height":97,"caption":"Artesania d&#039;Eivissa"},"image":{"@id":"https:\/\/artesania.conselldeivissa.es\/#\/schema\/logo\/image\/"}}]}},"_links":{"self":[{"href":"https:\/\/artesania.conselldeivissa.es\/es\/wp-json\/wp\/v2\/tribe_events\/3167","targetHints":{"allow":["GET"]}}],"collection":[{"href":"https:\/\/artesania.conselldeivissa.es\/es\/wp-json\/wp\/v2\/tribe_events"}],"about":[{"href":"https:\/\/artesania.conselldeivissa.es\/es\/wp-json\/wp\/v2\/types\/tribe_events"}],"author":[{"embeddable":true,"href":"https:\/\/artesania.conselldeivissa.es\/es\/wp-json\/wp\/v2\/users\/1"}],"replies":[{"embeddable":true,"href":"https:\/\/artesania.conselldeivissa.es\/es\/wp-json\/wp\/v2\/comments?post=3167"}],"version-history":[{"count":0,"href":"https:\/\/artesania.conselldeivissa.es\/es\/wp-json\/wp\/v2\/tribe_events\/3167\/revisions"}],"wp:featuredmedia":[{"embeddable":true,"href":"https:\/\/artesania.conselldeivissa.es\/es\/wp-json\/wp\/v2\/media\/3119"}],"wp:attachment":[{"href":"https:\/\/artesania.conselldeivissa.es\/es\/wp-json\/wp\/v2\/media?parent=3167"}],"wp:term":[{"taxonomy":"post_tag","embeddable":true,"href":"https:\/\/artesania.conselldeivissa.es\/es\/wp-json\/wp\/v2\/tags?post=3167"},{"taxonomy":"tribe_events_cat","embeddable":true,"href":"https:\/\/artesania.conselldeivissa.es\/es\/wp-json\/wp\/v2\/tribe_events_cat?post=3167"}],"curies":[{"name":"wp","href":"https:\/\/api.w.org\/{rel}","templated":true}]}}

<p>El paseo marítimo de Figueretes disfruta de un ambiente inconfundible a lo largo de sus más de 100 metros de largo, muchos de ellos ocupados por una treintena de puestos de artesanía animando y dando vida a una zona repleta de restaurantes, bares y cafeterías en el centro de Ibiza, con vistas al casco histórico amurallado de Dalt Vila y con Platja d’en Bossa a la derecha.  Todos los días de 19.00 a 00.00 horas hasta octubre.</p>

<p>El paseo marítimo de Figueretes disfruta de un ambiente inconfundible a lo largo de sus más de 100 metros de largo, muchos de ellos ocupados por una treintena de puestos [&hellip;]</p>

<!-- This site is optimized with the Yoast SEO plugin v19.6 - https://yoast.com/wordpress/plugins/seo/ -->
<title>Mercado hippy de Figueretes - Artesania d&#039;Eivissa</title>
<meta name="robots" content="index, follow, max-snippet:-1, max-image-preview:large, max-video-preview:-1" />
<link rel="canonical" href="https://artesania.conselldeivissa.es/es/agenda/mercado-hippy-de-figueretes/2022-10-06/" />
<meta property="og:locale" content="es_ES" />
<meta property="og:type" content="article" />
<meta property="og:title" content="Mercado hippy de Figueretes - Artesania d&#039;Eivissa" />
<meta property="og:description" content="El paseo marítimo de Figueretes disfruta de un ambiente inconfundible a lo largo de sus más de 100 metros de largo, muchos de ellos ocupados por una treintena de puestos [&hellip;]" />
<meta property="og:url" content="https://artesania.conselldeivissa.es/es/agenda/mercado-hippy-de-figueretes/2022-10-06/" />
<meta property="og:site_name" content="Artesania d&#039;Eivissa" />
<meta property="article:modified_time" content="2022-08-25T09:36:23+00:00" />
<meta property="og:image" content="https://artesania.conselldeivissa.es/wp-content/uploads/2022/08/mercadillo_figueretes.jpg" />
	<meta property="og:image:width" content="1000" />
	<meta property="og:image:height" content="641" />
	<meta property="og:image:type" content="image/jpeg" />
<meta name="twitter:card" content="summary_large_image" />
<script type="application/ld+json" class="yoast-schema-graph">{"@context":"https://schema.org","@graph":[{"@type":"WebPage","@id":"https://artesania.conselldeivissa.es/es/agenda/mercado-hippy-de-figueretes/2022-10-06/","url":"https://artesania.conselldeivissa.es/es/agenda/mercado-hippy-de-figueretes/2022-10-06/","name":"Mercado hippy de Figueretes - Artesania d&#039;Eivissa","isPartOf":{"@id":"https://artesania.conselldeivissa.es/#website"},"datePublished":"2022-08-22T11:29:39+00:00","dateModified":"2022-08-25T09:36:23+00:00","breadcrumb":{"@id":"https://artesania.conselldeivissa.es/es/agenda/mercado-hippy-de-figueretes/2022-10-06/#breadcrumb"},"inLanguage":"es","potentialAction":[{"@type":"ReadAction","target":["https://artesania.conselldeivissa.es/es/agenda/mercado-hippy-de-figueretes/2022-10-06/"]}]},{"@type":"BreadcrumbList","@id":"https://artesania.conselldeivissa.es/es/agenda/mercado-hippy-de-figueretes/2022-10-06/#breadcrumb","itemListElement":[{"@type":"ListItem","position":1,"name":"Portada","item":"https://artesania.conselldeivissa.es/es/"},{"@type":"ListItem","position":2,"name":"Esdeveniments","item":"https://artesania.conselldeivissa.es/ca/agenda/"},{"@type":"ListItem","position":3,"name":"Mercado hippy de Figueretes","item":"https://artesania.conselldeivissa.es/agenda/mercado-hippy-de-figueretes/2022-08-22/"},{"@type":"ListItem","position":4,"name":"Mercado hippy de Figueretes"}]},{"@type":"WebSite","@id":"https://artesania.conselldeivissa.es/#website","url":"https://artesania.conselldeivissa.es/","name":"Artesania d&#039;Eivissa","description":"Artesanes i artesans d&#039;Eivisssa","publisher":{"@id":"https://artesania.conselldeivissa.es/#organization"},"potentialAction":[{"@type":"SearchAction","target":{"@type":"EntryPoint","urlTemplate":"https://artesania.conselldeivissa.es/?s={search_term_string}"},"query-input":"required name=search_term_string"}],"inLanguage":"es"},{"@type":"Organization","@id":"https://artesania.conselldeivissa.es/#organization","name":"Artesania d&#039;Eivissa","url":"https://artesania.conselldeivissa.es/","sameAs":[],"logo":{"@type":"ImageObject","inLanguage":"es","@id":"https://artesania.conselldeivissa.es/#/schema/logo/image/","url":"https://artesania.conselldeivissa.es/wp-content/uploads/2022/08/artesansnegro.png","contentUrl":"https://artesania.conselldeivissa.es/wp-content/uploads/2022/08/artesansnegro.png","width":400,"height":97,"caption":"Artesania d&#039;Eivissa"},"image":{"@id":"https://artesania.conselldeivissa.es/#/schema/logo/image/"}}]}</script>
<!-- / Yoast SEO plugin. -->

El paseo marítimo de Figueretes disfruta de un ambiente inconfundible a lo largo de sus más de 100 metros de largo, muchos de ellos ocupados por una treintena de puestos [&hellip;]
