{"id":315,"date":"2022-06-02T13:03:20","date_gmt":"2022-06-02T11:03:20","guid":{"rendered":"https:\/\/artesania.conselldeivissa.es\/?post_type=artesanos&#038;p=315"},"modified":"2022-09-05T10:35:43","modified_gmt":"2022-09-05T08:35:43","slug":"ma-soledad-rodriguez-diaz","status":"publish","type":"artesanos","link":"https:\/\/artesania.conselldeivissa.es\/es\/artesanos\/ma-soledad-rodriguez-diaz\/","title":{"rendered":"M\u00aa Soledad Rodr\u00edguez D\u00edaz"},"content":{"rendered":"<p>[vc_row el_id=\u00bbfilartesano\u00bb][vc_column width=\u00bb1\/3&#8243;][vc_column_text]<div id=\"camposficha\"><div class=\"catag cat-multidisciplinaria\">Multidisciplinaria<\/div><h3>M\u00aa Soledad Rodr\u00edguez D\u00edaz<\/h3><div class=\"ofi\">Decorador\/a de objetos<\/div><a href=\"https:\/\/artesania.conselldeivissa.es\/es\/quienes-somos\/#acreditaciones\"><img decoding=\"async\" src=\"https:\/\/artesania.conselldeivissa.es\/wp-content\/themes\/laurits-child\/images\/artesa.png\" class=\"ico_dist\"><\/a><div class=\"prodart\"><p><strong>PRODUCTOS<\/strong><\/p><p>Elementos decorativos utilizando elementos reciclados.<\/p><\/div><a href=\"tel:+34661234381\" target=\"_blank\" class=\"iconphone campoficha w100\">661234381<\/a><a href=\"https:\/\/wa.me\/+34661234381\" target=\"_blank\" class=\"campoficha iconwhatsapp\">661234381<\/a><a href=\"mailto:woodluckibiza@gmail.com\" target=\"_blank\" class=\"campoficha iconenvelope\">woodluckibiza@gmail.com<\/a><p class=\"titredes\"><strong>REDES SOCIALES<\/strong><\/p><a href=\"https:\/\/www.facebook.com\/woodluckibiza\/\" target=\"_blank\" class=\"\" ><span class=\"fab fa-facebook-f\"><\/span><\/a><a href=\"https:\/\/www.instagram.com\/Woodluckibiza\/\" target=\"_blank\" class=\"\"><span class=\"fab fa-instagram\"><\/span><\/a><\/div>[\/vc_column_text][\/vc_column][vc_column width=\u00bb2\/3&#8243;][vc_column_text]Soledad Rodr\u00edguez es artesana y artista creativa. De forma autodidacta comenz\u00f3 creando objetos de decoraci\u00f3n, espejos, percheros y relojes con material reciclado, maderas de palets, ventanas y clavos antiguos.<\/p>\n<p>Con el paso de los a\u00f1os sus objetos de decoraci\u00f3n han ido cambiando y evolucionando para dar lugar a lo que hoy es su pasi\u00f3n: recrear peque\u00f1os rincones de la isla en cuadros en 3D y peque\u00f1as esculturas.[\/vc_column_text][vc_column_text]<strong>D\u00d3NDE ENCONTRAR SUS PRODUCTOS<\/strong><\/p>\n<div id=\"lugares_artesano\"><p><strong>Comercios y mercadillos<\/strong><\/p><a href=\"https:\/\/artesania.conselldeivissa.es\/es\/lugares\/mercado-hippy-de-las-dalias\/\" class=\"lugart\" target=\"_blank\">Mercado hippy de Las Dalias<\/a><\/div>[\/vc_column_text][\/vc_column][\/vc_row][vc_row][vc_column][vc_single_image image=\u00bb685&#8243; img_size=\u00bbfull\u00bb][\/vc_column][\/vc_row][vc_row][vc_column width=\u00bb1\/2&#8243;][vc_single_image image=\u00bb687&#8243; img_size=\u00bbfull\u00bb][\/vc_column][vc_column width=\u00bb1\/2&#8243;][vc_single_image image=\u00bb688&#8243; img_size=\u00bbfull\u00bb][\/vc_column][\/vc_row]<\/p>\n","protected":false},"excerpt":{"rendered":"<p>[vc_row el_id=\u00bbfilartesano\u00bb][vc_column width=\u00bb1\/3&#8243;][vc_column_text][\/vc_column_text][\/vc_column][vc_column width=\u00bb2\/3&#8243;][vc_column_text]Soledad Rodr\u00edguez es artesana y artista creativa. De forma autodidacta comenz\u00f3 creando objetos de decoraci\u00f3n, espejos, percheros y relojes con material reciclado, maderas de palets, ventanas y [&hellip;]<\/p>\n","protected":false},"author":1,"featured_media":682,"template":"","meta":{"footnotes":""},"class_list":["post-315","artesanos","type-artesanos","status-publish","has-post-thumbnail","hentry","artesano-category-multidisciplinaria"],"acf":[],"yoast_head":"<!-- This site is optimized with the Yoast SEO plugin v19.6 - https:\/\/yoast.com\/wordpress\/plugins\/seo\/ -->\n<title>M\u00aa Soledad Rodr\u00edguez D\u00edaz - Artesania d&#039;Eivissa<\/title>\n<meta name=\"robots\" content=\"index, follow, max-snippet:-1, max-image-preview:large, max-video-preview:-1\" \/>\n<link rel=\"canonical\" href=\"https:\/\/artesania.conselldeivissa.es\/es\/artesanos\/ma-soledad-rodriguez-diaz\/\" \/>\n<meta property=\"og:locale\" content=\"es_ES\" \/>\n<meta property=\"og:type\" content=\"article\" \/>\n<meta property=\"og:title\" content=\"M\u00aa Soledad Rodr\u00edguez D\u00edaz - Artesania d&#039;Eivissa\" \/>\n<meta property=\"og:description\" content=\"[vc_row el_id=\u00bbfilartesano\u00bb][vc_column width=\u00bb1\/3&#8243;][vc_column_text][\/vc_column_text][\/vc_column][vc_column width=\u00bb2\/3&#8243;][vc_column_text]Soledad Rodr\u00edguez es artesana y artista creativa. De forma autodidacta comenz\u00f3 creando objetos de decoraci\u00f3n, espejos, percheros y relojes con material reciclado, maderas de palets, ventanas y [&hellip;]\" \/>\n<meta property=\"og:url\" content=\"https:\/\/artesania.conselldeivissa.es\/es\/artesanos\/ma-soledad-rodriguez-diaz\/\" \/>\n<meta property=\"og:site_name\" content=\"Artesania d&#039;Eivissa\" \/>\n<meta property=\"article:modified_time\" content=\"2022-09-05T08:35:43+00:00\" \/>\n<meta property=\"og:image\" content=\"https:\/\/artesania.conselldeivissa.es\/wp-content\/uploads\/2022\/06\/73_Soledad_Rodriguez_perfil.jpg\" \/>\n\t<meta property=\"og:image:width\" content=\"380\" \/>\n\t<meta property=\"og:image:height\" content=\"400\" \/>\n\t<meta property=\"og:image:type\" content=\"image\/jpeg\" \/>\n<meta name=\"twitter:card\" content=\"summary_large_image\" \/>\n<meta name=\"twitter:label1\" content=\"Tiempo de lectura\" \/>\n\t<meta name=\"twitter:data1\" content=\"1 minuto\" \/>\n<script type=\"application\/ld+json\" class=\"yoast-schema-graph\">{\"@context\":\"https:\/\/schema.org\",\"@graph\":[{\"@type\":\"WebPage\",\"@id\":\"https:\/\/artesania.conselldeivissa.es\/es\/artesanos\/ma-soledad-rodriguez-diaz\/\",\"url\":\"https:\/\/artesania.conselldeivissa.es\/es\/artesanos\/ma-soledad-rodriguez-diaz\/\",\"name\":\"M\u00aa Soledad Rodr\u00edguez D\u00edaz - Artesania d&#039;Eivissa\",\"isPartOf\":{\"@id\":\"https:\/\/artesania.conselldeivissa.es\/#website\"},\"datePublished\":\"2022-06-02T11:03:20+00:00\",\"dateModified\":\"2022-09-05T08:35:43+00:00\",\"breadcrumb\":{\"@id\":\"https:\/\/artesania.conselldeivissa.es\/es\/artesanos\/ma-soledad-rodriguez-diaz\/#breadcrumb\"},\"inLanguage\":\"es\",\"potentialAction\":[{\"@type\":\"ReadAction\",\"target\":[\"https:\/\/artesania.conselldeivissa.es\/es\/artesanos\/ma-soledad-rodriguez-diaz\/\"]}]},{\"@type\":\"BreadcrumbList\",\"@id\":\"https:\/\/artesania.conselldeivissa.es\/es\/artesanos\/ma-soledad-rodriguez-diaz\/#breadcrumb\",\"itemListElement\":[{\"@type\":\"ListItem\",\"position\":1,\"name\":\"Portada\",\"item\":\"https:\/\/artesania.conselldeivissa.es\/es\/\"},{\"@type\":\"ListItem\",\"position\":2,\"name\":\"Artesanos\",\"item\":\"https:\/\/artesania.conselldeivissa.es\/artesanos\/\"},{\"@type\":\"ListItem\",\"position\":3,\"name\":\"M\u00aa Soledad Rodr\u00edguez D\u00edaz\"}]},{\"@type\":\"WebSite\",\"@id\":\"https:\/\/artesania.conselldeivissa.es\/#website\",\"url\":\"https:\/\/artesania.conselldeivissa.es\/\",\"name\":\"Artesania d&#039;Eivissa\",\"description\":\"Artesanes i artesans d&#039;Eivisssa\",\"publisher\":{\"@id\":\"https:\/\/artesania.conselldeivissa.es\/#organization\"},\"potentialAction\":[{\"@type\":\"SearchAction\",\"target\":{\"@type\":\"EntryPoint\",\"urlTemplate\":\"https:\/\/artesania.conselldeivissa.es\/?s={search_term_string}\"},\"query-input\":\"required name=search_term_string\"}],\"inLanguage\":\"es\"},{\"@type\":\"Organization\",\"@id\":\"https:\/\/artesania.conselldeivissa.es\/#organization\",\"name\":\"Artesania d&#039;Eivissa\",\"url\":\"https:\/\/artesania.conselldeivissa.es\/\",\"sameAs\":[],\"logo\":{\"@type\":\"ImageObject\",\"inLanguage\":\"es\",\"@id\":\"https:\/\/artesania.conselldeivissa.es\/#\/schema\/logo\/image\/\",\"url\":\"https:\/\/artesania.conselldeivissa.es\/wp-content\/uploads\/2022\/08\/artesansnegro.png\",\"contentUrl\":\"https:\/\/artesania.conselldeivissa.es\/wp-content\/uploads\/2022\/08\/artesansnegro.png\",\"width\":400,\"height\":97,\"caption\":\"Artesania d&#039;Eivissa\"},\"image\":{\"@id\":\"https:\/\/artesania.conselldeivissa.es\/#\/schema\/logo\/image\/\"}}]}<\/script>\n<!-- \/ Yoast SEO plugin. -->","yoast_head_json":{"title":"M\u00aa Soledad Rodr\u00edguez D\u00edaz - Artesania d&#039;Eivissa","robots":{"index":"index","follow":"follow","max-snippet":"max-snippet:-1","max-image-preview":"max-image-preview:large","max-video-preview":"max-video-preview:-1"},"canonical":"https:\/\/artesania.conselldeivissa.es\/es\/artesanos\/ma-soledad-rodriguez-diaz\/","og_locale":"es_ES","og_type":"article","og_title":"M\u00aa Soledad Rodr\u00edguez D\u00edaz - Artesania d&#039;Eivissa","og_description":"[vc_row el_id=\u00bbfilartesano\u00bb][vc_column width=\u00bb1\/3&#8243;][vc_column_text][\/vc_column_text][\/vc_column][vc_column width=\u00bb2\/3&#8243;][vc_column_text]Soledad Rodr\u00edguez es artesana y artista creativa. De forma autodidacta comenz\u00f3 creando objetos de decoraci\u00f3n, espejos, percheros y relojes con material reciclado, maderas de palets, ventanas y [&hellip;]","og_url":"https:\/\/artesania.conselldeivissa.es\/es\/artesanos\/ma-soledad-rodriguez-diaz\/","og_site_name":"Artesania d&#039;Eivissa","article_modified_time":"2022-09-05T08:35:43+00:00","og_image":[{"width":380,"height":400,"url":"https:\/\/artesania.conselldeivissa.es\/wp-content\/uploads\/2022\/06\/73_Soledad_Rodriguez_perfil.jpg","type":"image\/jpeg"}],"twitter_card":"summary_large_image","twitter_misc":{"Tiempo de lectura":"1 minuto"},"schema":{"@context":"https:\/\/schema.org","@graph":[{"@type":"WebPage","@id":"https:\/\/artesania.conselldeivissa.es\/es\/artesanos\/ma-soledad-rodriguez-diaz\/","url":"https:\/\/artesania.conselldeivissa.es\/es\/artesanos\/ma-soledad-rodriguez-diaz\/","name":"M\u00aa Soledad Rodr\u00edguez D\u00edaz - Artesania d&#039;Eivissa","isPartOf":{"@id":"https:\/\/artesania.conselldeivissa.es\/#website"},"datePublished":"2022-06-02T11:03:20+00:00","dateModified":"2022-09-05T08:35:43+00:00","breadcrumb":{"@id":"https:\/\/artesania.conselldeivissa.es\/es\/artesanos\/ma-soledad-rodriguez-diaz\/#breadcrumb"},"inLanguage":"es","potentialAction":[{"@type":"ReadAction","target":["https:\/\/artesania.conselldeivissa.es\/es\/artesanos\/ma-soledad-rodriguez-diaz\/"]}]},{"@type":"BreadcrumbList","@id":"https:\/\/artesania.conselldeivissa.es\/es\/artesanos\/ma-soledad-rodriguez-diaz\/#breadcrumb","itemListElement":[{"@type":"ListItem","position":1,"name":"Portada","item":"https:\/\/artesania.conselldeivissa.es\/es\/"},{"@type":"ListItem","position":2,"name":"Artesanos","item":"https:\/\/artesania.conselldeivissa.es\/artesanos\/"},{"@type":"ListItem","position":3,"name":"M\u00aa Soledad Rodr\u00edguez D\u00edaz"}]},{"@type":"WebSite","@id":"https:\/\/artesania.conselldeivissa.es\/#website","url":"https:\/\/artesania.conselldeivissa.es\/","name":"Artesania d&#039;Eivissa","description":"Artesanes i artesans d&#039;Eivisssa","publisher":{"@id":"https:\/\/artesania.conselldeivissa.es\/#organization"},"potentialAction":[{"@type":"SearchAction","target":{"@type":"EntryPoint","urlTemplate":"https:\/\/artesania.conselldeivissa.es\/?s={search_term_string}"},"query-input":"required name=search_term_string"}],"inLanguage":"es"},{"@type":"Organization","@id":"https:\/\/artesania.conselldeivissa.es\/#organization","name":"Artesania d&#039;Eivissa","url":"https:\/\/artesania.conselldeivissa.es\/","sameAs":[],"logo":{"@type":"ImageObject","inLanguage":"es","@id":"https:\/\/artesania.conselldeivissa.es\/#\/schema\/logo\/image\/","url":"https:\/\/artesania.conselldeivissa.es\/wp-content\/uploads\/2022\/08\/artesansnegro.png","contentUrl":"https:\/\/artesania.conselldeivissa.es\/wp-content\/uploads\/2022\/08\/artesansnegro.png","width":400,"height":97,"caption":"Artesania d&#039;Eivissa"},"image":{"@id":"https:\/\/artesania.conselldeivissa.es\/#\/schema\/logo\/image\/"}}]}},"_links":{"self":[{"href":"https:\/\/artesania.conselldeivissa.es\/es\/wp-json\/wp\/v2\/artesanos\/315","targetHints":{"allow":["GET"]}}],"collection":[{"href":"https:\/\/artesania.conselldeivissa.es\/es\/wp-json\/wp\/v2\/artesanos"}],"about":[{"href":"https:\/\/artesania.conselldeivissa.es\/es\/wp-json\/wp\/v2\/types\/artesanos"}],"author":[{"embeddable":true,"href":"https:\/\/artesania.conselldeivissa.es\/es\/wp-json\/wp\/v2\/users\/1"}],"version-history":[{"count":2,"href":"https:\/\/artesania.conselldeivissa.es\/es\/wp-json\/wp\/v2\/artesanos\/315\/revisions"}],"predecessor-version":[{"id":8037,"href":"https:\/\/artesania.conselldeivissa.es\/es\/wp-json\/wp\/v2\/artesanos\/315\/revisions\/8037"}],"wp:featuredmedia":[{"embeddable":true,"href":"https:\/\/artesania.conselldeivissa.es\/es\/wp-json\/wp\/v2\/media\/682"}],"wp:attachment":[{"href":"https:\/\/artesania.conselldeivissa.es\/es\/wp-json\/wp\/v2\/media?parent=315"}],"curies":[{"name":"wp","href":"https:\/\/api.w.org\/{rel}","templated":true}]}}

Mª Soledad Rodríguez Díaz

<p>[vc_row el_id=»filartesano»][vc_column width=»1/3&#8243;][vc_column_text]<div id="camposficha"><div class="catag cat-multidisciplinaria">Multidisciplinaria</div><h3>Mª Soledad Rodríguez Díaz</h3><div class="ofi">Decorador/a de objetos</div><a href="https://artesania.conselldeivissa.es/es/quienes-somos/#acreditaciones"><img decoding="async" src="https://artesania.conselldeivissa.es/wp-content/themes/laurits-child/images/artesa.png" class="ico_dist"></a><div class="prodart"><p><strong>PRODUCTOS</strong></p><p>Elementos decorativos utilizando elementos reciclados.</p></div><a href="tel:+34661234381" target="_blank" class="iconphone campoficha w100">661234381</a><a href="https://wa.me/+34661234381" target="_blank" class="campoficha iconwhatsapp">661234381</a><a href="mailto:woodluckibiza@gmail.com" target="_blank" class="campoficha iconenvelope">woodluckibiza@gmail.com</a><p class="titredes"><strong>REDES SOCIALES</strong></p><a href="https://www.facebook.com/woodluckibiza/" target="_blank" class="" ><span class="fab fa-facebook-f"></span></a><a href="https://www.instagram.com/Woodluckibiza/" target="_blank" class=""><span class="fab fa-instagram"></span></a></div>[/vc_column_text][/vc_column][vc_column width=»2/3&#8243;][vc_column_text]Soledad Rodríguez es artesana y artista creativa. De forma autodidacta comenzó creando objetos de decoración, espejos, percheros y relojes con material reciclado, maderas de palets, ventanas y clavos antiguos.</p>
<p>Con el paso de los años sus objetos de decoración han ido cambiando y evolucionando para dar lugar a lo que hoy es su pasión: recrear pequeños rincones de la isla en cuadros en 3D y pequeñas esculturas.[/vc_column_text][vc_column_text]<strong>DÓNDE ENCONTRAR SUS PRODUCTOS</strong></p>
<div id="lugares_artesano"><p><strong>Comercios y mercadillos</strong></p><a href="https://artesania.conselldeivissa.es/es/lugares/mercado-hippy-de-las-dalias/" class="lugart" target="_blank">Mercado hippy de Las Dalias</a></div>[/vc_column_text][/vc_column][/vc_row][vc_row][vc_column][vc_single_image image=»685&#8243; img_size=»full»][/vc_column][/vc_row][vc_row][vc_column width=»1/2&#8243;][vc_single_image image=»687&#8243; img_size=»full»][/vc_column][vc_column width=»1/2&#8243;][vc_single_image image=»688&#8243; img_size=»full»][/vc_column][/vc_row]</p>

<p>[vc_row el_id=»filartesano»][vc_column width=»1/3&#8243;][vc_column_text][/vc_column_text][/vc_column][vc_column width=»2/3&#8243;][vc_column_text]Soledad Rodríguez es artesana y artista creativa. De forma autodidacta comenzó creando objetos de decoración, espejos, percheros y relojes con material reciclado, maderas de palets, ventanas y [&hellip;]</p>

<!-- This site is optimized with the Yoast SEO plugin v19.6 - https://yoast.com/wordpress/plugins/seo/ -->
<title>Mª Soledad Rodríguez Díaz - Artesania d&#039;Eivissa</title>
<meta name="robots" content="index, follow, max-snippet:-1, max-image-preview:large, max-video-preview:-1" />
<link rel="canonical" href="https://artesania.conselldeivissa.es/es/artesanos/ma-soledad-rodriguez-diaz/" />
<meta property="og:locale" content="es_ES" />
<meta property="og:type" content="article" />
<meta property="og:title" content="Mª Soledad Rodríguez Díaz - Artesania d&#039;Eivissa" />
<meta property="og:description" content="[vc_row el_id=»filartesano»][vc_column width=»1/3&#8243;][vc_column_text][/vc_column_text][/vc_column][vc_column width=»2/3&#8243;][vc_column_text]Soledad Rodríguez es artesana y artista creativa. De forma autodidacta comenzó creando objetos de decoración, espejos, percheros y relojes con material reciclado, maderas de palets, ventanas y [&hellip;]" />
<meta property="og:url" content="https://artesania.conselldeivissa.es/es/artesanos/ma-soledad-rodriguez-diaz/" />
<meta property="og:site_name" content="Artesania d&#039;Eivissa" />
<meta property="article:modified_time" content="2022-09-05T08:35:43+00:00" />
<meta property="og:image" content="https://artesania.conselldeivissa.es/wp-content/uploads/2022/06/73_Soledad_Rodriguez_perfil.jpg" />
	<meta property="og:image:width" content="380" />
	<meta property="og:image:height" content="400" />
	<meta property="og:image:type" content="image/jpeg" />
<meta name="twitter:card" content="summary_large_image" />
<meta name="twitter:label1" content="Tiempo de lectura" />
	<meta name="twitter:data1" content="1 minuto" />
<script type="application/ld+json" class="yoast-schema-graph">{"@context":"https://schema.org","@graph":[{"@type":"WebPage","@id":"https://artesania.conselldeivissa.es/es/artesanos/ma-soledad-rodriguez-diaz/","url":"https://artesania.conselldeivissa.es/es/artesanos/ma-soledad-rodriguez-diaz/","name":"Mª Soledad Rodríguez Díaz - Artesania d&#039;Eivissa","isPartOf":{"@id":"https://artesania.conselldeivissa.es/#website"},"datePublished":"2022-06-02T11:03:20+00:00","dateModified":"2022-09-05T08:35:43+00:00","breadcrumb":{"@id":"https://artesania.conselldeivissa.es/es/artesanos/ma-soledad-rodriguez-diaz/#breadcrumb"},"inLanguage":"es","potentialAction":[{"@type":"ReadAction","target":["https://artesania.conselldeivissa.es/es/artesanos/ma-soledad-rodriguez-diaz/"]}]},{"@type":"BreadcrumbList","@id":"https://artesania.conselldeivissa.es/es/artesanos/ma-soledad-rodriguez-diaz/#breadcrumb","itemListElement":[{"@type":"ListItem","position":1,"name":"Portada","item":"https://artesania.conselldeivissa.es/es/"},{"@type":"ListItem","position":2,"name":"Artesanos","item":"https://artesania.conselldeivissa.es/artesanos/"},{"@type":"ListItem","position":3,"name":"Mª Soledad Rodríguez Díaz"}]},{"@type":"WebSite","@id":"https://artesania.conselldeivissa.es/#website","url":"https://artesania.conselldeivissa.es/","name":"Artesania d&#039;Eivissa","description":"Artesanes i artesans d&#039;Eivisssa","publisher":{"@id":"https://artesania.conselldeivissa.es/#organization"},"potentialAction":[{"@type":"SearchAction","target":{"@type":"EntryPoint","urlTemplate":"https://artesania.conselldeivissa.es/?s={search_term_string}"},"query-input":"required name=search_term_string"}],"inLanguage":"es"},{"@type":"Organization","@id":"https://artesania.conselldeivissa.es/#organization","name":"Artesania d&#039;Eivissa","url":"https://artesania.conselldeivissa.es/","sameAs":[],"logo":{"@type":"ImageObject","inLanguage":"es","@id":"https://artesania.conselldeivissa.es/#/schema/logo/image/","url":"https://artesania.conselldeivissa.es/wp-content/uploads/2022/08/artesansnegro.png","contentUrl":"https://artesania.conselldeivissa.es/wp-content/uploads/2022/08/artesansnegro.png","width":400,"height":97,"caption":"Artesania d&#039;Eivissa"},"image":{"@id":"https://artesania.conselldeivissa.es/#/schema/logo/image/"}}]}</script>
<!-- / Yoast SEO plugin. -->

Mª Soledad Rodríguez Díaz - Artesania d&#039;Eivissa

[vc_row el_id=»filartesano»][vc_column width=»1/3&#8243;][vc_column_text][/vc_column_text][/vc_column][vc_column width=»2/3&#8243;][vc_column_text]Soledad Rodríguez es artesana y artista creativa. De forma autodidacta comenzó creando objetos de decoración, espejos, percheros y relojes con material reciclado, maderas de palets, ventanas y [&hellip;]
