{"id":247,"date":"2022-05-27T11:42:20","date_gmt":"2022-05-27T09:42:20","guid":{"rendered":"https:\/\/artesania.conselldeivissa.es\/?post_type=artesanos&#038;p=247"},"modified":"2024-08-07T10:00:11","modified_gmt":"2024-08-07T08:00:11","slug":"nuria-costa-reverter","status":"publish","type":"artesanos","link":"https:\/\/artesania.conselldeivissa.es\/es\/artesanos\/nuria-costa-reverter\/","title":{"rendered":"Nuria Costa Reverter"},"content":{"rendered":"<p>[vc_row el_id=\u00bbfilartesano\u00bb][vc_column width=\u00bb1\/3&#8243;][vc_column_text]<div id=\"camposficha\"><div class=\"catag cat-calzado\">Calzado<\/div><h3>Nuria Costa Reverter<\/h3><div class=\"ofi\">Alpargatero\/a<\/div><a href=\"https:\/\/artesania.conselldeivissa.es\/es\/quienes-somos\/#acreditaciones\"><img decoding=\"async\" src=\"https:\/\/artesania.conselldeivissa.es\/wp-content\/themes\/laurits-child\/images\/mestre.png\" class=\"ico_dist\"><\/a><div class=\"prodart\"><p><strong>PRODUCTOS<\/strong><\/p><p>Cursos y talleres de como hacer espardenyes eivissenques y vestimenta de la mujer ibicenca.<\/p><\/div><div class=\"iconphone\"><a href=\"tel:+34971310539\" target=\"_blank\" class=\"\">971310539<\/a> \/ <a href=\"tel:+34686252826\" target=\"_blank\" >686252826<\/a><\/div><a href=\"https:\/\/wa.me\/+34674331152\" target=\"_blank\" class=\"campoficha iconwhatsapp\">674331152<\/a><a href=\"mailto:nuriacostareverter@gmail.com\" target=\"_blank\" class=\"campoficha iconenvelope\">nuriacostareverter@gmail.com<\/a><\/div>[\/vc_column_text][\/vc_column][vc_column width=\u00bb2\/3&#8243;][vc_column_text]N\u00faria Costa Reverter, natural de Jes\u00fas y miembro de la Colla de l\u2019Horta, inici\u00f3 su actividad como artesana en 1996 cuando se apunt\u00f3 a su primer curso de alpargatas. A lo largo de los a\u00f1os sigui\u00f3 con esta actividad hasta que en 2015 consigui\u00f3 la carta de artesana. Adem\u00e1s de dedicarse a la recuperaci\u00f3n del oficio de <i>fer espardenyes,<\/i> tambi\u00e9n ha colaborado en la recuperaci\u00f3n de la elaboraci\u00f3n de la <i>tela de burell <\/i>para confeccionar la <i>gonella negra.<\/i>[\/vc_column_text][vc_column_text]<strong>No comercializa sus productos<\/strong><br \/>\nLa finalidad de su carta acreditaci\u00f3n es conservar y transmitir unos conocimientos que forman parte de los oficios tradicionales y de la cultura propia de Ibiza.[\/vc_column_text][\/vc_column][\/vc_row][vc_row][vc_column width=\u00bb1\/2&#8243;][vc_single_image image=\u00bb924&#8243; img_size=\u00bbfull\u00bb][vc_single_image image=\u00bb922&#8243; img_size=\u00bbfull\u00bb][vc_single_image image=\u00bb920&#8243; img_size=\u00bbfull\u00bb][\/vc_column][vc_column width=\u00bb1\/2&#8243;][vc_single_image image=\u00bb923&#8243; img_size=\u00bbfull\u00bb][vc_single_image image=\u00bb921&#8243; img_size=\u00bbfull\u00bb][vc_single_image image=\u00bb919&#8243; img_size=\u00bbfull\u00bb][\/vc_column][\/vc_row]<\/p>\n","protected":false},"excerpt":{"rendered":"<p>[vc_row el_id=\u00bbfilartesano\u00bb][vc_column width=\u00bb1\/3&#8243;][vc_column_text][\/vc_column_text][\/vc_column][vc_column width=\u00bb2\/3&#8243;][vc_column_text]N\u00faria Costa Reverter, natural de Jes\u00fas y miembro de la Colla de l\u2019Horta, inici\u00f3 su actividad como artesana en 1996 cuando se apunt\u00f3 a su primer curso [&hellip;]<\/p>\n","protected":false},"author":1,"featured_media":910,"template":"","meta":{"footnotes":""},"class_list":["post-247","artesanos","type-artesanos","status-publish","has-post-thumbnail","hentry","artesano-category-calzado"],"acf":[],"yoast_head":"<!-- This site is optimized with the Yoast SEO plugin v19.6 - https:\/\/yoast.com\/wordpress\/plugins\/seo\/ -->\n<title>Nuria Costa Reverter - Artesania d&#039;Eivissa<\/title>\n<meta name=\"robots\" content=\"index, follow, max-snippet:-1, max-image-preview:large, max-video-preview:-1\" \/>\n<link rel=\"canonical\" href=\"https:\/\/artesania.conselldeivissa.es\/es\/artesanos\/nuria-costa-reverter\/\" \/>\n<meta property=\"og:locale\" content=\"es_ES\" \/>\n<meta property=\"og:type\" content=\"article\" \/>\n<meta property=\"og:title\" content=\"Nuria Costa Reverter - Artesania d&#039;Eivissa\" \/>\n<meta property=\"og:description\" content=\"[vc_row el_id=\u00bbfilartesano\u00bb][vc_column width=\u00bb1\/3&#8243;][vc_column_text][\/vc_column_text][\/vc_column][vc_column width=\u00bb2\/3&#8243;][vc_column_text]N\u00faria Costa Reverter, natural de Jes\u00fas y miembro de la Colla de l\u2019Horta, inici\u00f3 su actividad como artesana en 1996 cuando se apunt\u00f3 a su primer curso [&hellip;]\" \/>\n<meta property=\"og:url\" content=\"https:\/\/artesania.conselldeivissa.es\/es\/artesanos\/nuria-costa-reverter\/\" \/>\n<meta property=\"og:site_name\" content=\"Artesania d&#039;Eivissa\" \/>\n<meta property=\"article:modified_time\" content=\"2024-08-07T08:00:11+00:00\" \/>\n<meta property=\"og:image\" content=\"https:\/\/artesania.conselldeivissa.es\/wp-content\/uploads\/2022\/05\/53_Nuria_Costa_Reverter_perfil.jpg\" \/>\n\t<meta property=\"og:image:width\" content=\"380\" \/>\n\t<meta property=\"og:image:height\" content=\"400\" \/>\n\t<meta property=\"og:image:type\" content=\"image\/jpeg\" \/>\n<meta name=\"twitter:card\" content=\"summary_large_image\" \/>\n<meta name=\"twitter:label1\" content=\"Tiempo de lectura\" \/>\n\t<meta name=\"twitter:data1\" content=\"1 minuto\" \/>\n<script type=\"application\/ld+json\" class=\"yoast-schema-graph\">{\"@context\":\"https:\/\/schema.org\",\"@graph\":[{\"@type\":\"WebPage\",\"@id\":\"https:\/\/artesania.conselldeivissa.es\/es\/artesanos\/nuria-costa-reverter\/\",\"url\":\"https:\/\/artesania.conselldeivissa.es\/es\/artesanos\/nuria-costa-reverter\/\",\"name\":\"Nuria Costa Reverter - Artesania d&#039;Eivissa\",\"isPartOf\":{\"@id\":\"https:\/\/artesania.conselldeivissa.es\/#website\"},\"datePublished\":\"2022-05-27T09:42:20+00:00\",\"dateModified\":\"2024-08-07T08:00:11+00:00\",\"breadcrumb\":{\"@id\":\"https:\/\/artesania.conselldeivissa.es\/es\/artesanos\/nuria-costa-reverter\/#breadcrumb\"},\"inLanguage\":\"es\",\"potentialAction\":[{\"@type\":\"ReadAction\",\"target\":[\"https:\/\/artesania.conselldeivissa.es\/es\/artesanos\/nuria-costa-reverter\/\"]}]},{\"@type\":\"BreadcrumbList\",\"@id\":\"https:\/\/artesania.conselldeivissa.es\/es\/artesanos\/nuria-costa-reverter\/#breadcrumb\",\"itemListElement\":[{\"@type\":\"ListItem\",\"position\":1,\"name\":\"Portada\",\"item\":\"https:\/\/artesania.conselldeivissa.es\/es\/\"},{\"@type\":\"ListItem\",\"position\":2,\"name\":\"Artesanos\",\"item\":\"https:\/\/artesania.conselldeivissa.es\/artesanos\/\"},{\"@type\":\"ListItem\",\"position\":3,\"name\":\"Nuria Costa Reverter\"}]},{\"@type\":\"WebSite\",\"@id\":\"https:\/\/artesania.conselldeivissa.es\/#website\",\"url\":\"https:\/\/artesania.conselldeivissa.es\/\",\"name\":\"Artesania d&#039;Eivissa\",\"description\":\"Artesanes i artesans d&#039;Eivisssa\",\"publisher\":{\"@id\":\"https:\/\/artesania.conselldeivissa.es\/#organization\"},\"potentialAction\":[{\"@type\":\"SearchAction\",\"target\":{\"@type\":\"EntryPoint\",\"urlTemplate\":\"https:\/\/artesania.conselldeivissa.es\/?s={search_term_string}\"},\"query-input\":\"required name=search_term_string\"}],\"inLanguage\":\"es\"},{\"@type\":\"Organization\",\"@id\":\"https:\/\/artesania.conselldeivissa.es\/#organization\",\"name\":\"Artesania d&#039;Eivissa\",\"url\":\"https:\/\/artesania.conselldeivissa.es\/\",\"sameAs\":[],\"logo\":{\"@type\":\"ImageObject\",\"inLanguage\":\"es\",\"@id\":\"https:\/\/artesania.conselldeivissa.es\/#\/schema\/logo\/image\/\",\"url\":\"https:\/\/artesania.conselldeivissa.es\/wp-content\/uploads\/2022\/08\/artesansnegro.png\",\"contentUrl\":\"https:\/\/artesania.conselldeivissa.es\/wp-content\/uploads\/2022\/08\/artesansnegro.png\",\"width\":400,\"height\":97,\"caption\":\"Artesania d&#039;Eivissa\"},\"image\":{\"@id\":\"https:\/\/artesania.conselldeivissa.es\/#\/schema\/logo\/image\/\"}}]}<\/script>\n<!-- \/ Yoast SEO plugin. -->","yoast_head_json":{"title":"Nuria Costa Reverter - Artesania d&#039;Eivissa","robots":{"index":"index","follow":"follow","max-snippet":"max-snippet:-1","max-image-preview":"max-image-preview:large","max-video-preview":"max-video-preview:-1"},"canonical":"https:\/\/artesania.conselldeivissa.es\/es\/artesanos\/nuria-costa-reverter\/","og_locale":"es_ES","og_type":"article","og_title":"Nuria Costa Reverter - Artesania d&#039;Eivissa","og_description":"[vc_row el_id=\u00bbfilartesano\u00bb][vc_column width=\u00bb1\/3&#8243;][vc_column_text][\/vc_column_text][\/vc_column][vc_column width=\u00bb2\/3&#8243;][vc_column_text]N\u00faria Costa Reverter, natural de Jes\u00fas y miembro de la Colla de l\u2019Horta, inici\u00f3 su actividad como artesana en 1996 cuando se apunt\u00f3 a su primer curso [&hellip;]","og_url":"https:\/\/artesania.conselldeivissa.es\/es\/artesanos\/nuria-costa-reverter\/","og_site_name":"Artesania d&#039;Eivissa","article_modified_time":"2024-08-07T08:00:11+00:00","og_image":[{"width":380,"height":400,"url":"https:\/\/artesania.conselldeivissa.es\/wp-content\/uploads\/2022\/05\/53_Nuria_Costa_Reverter_perfil.jpg","type":"image\/jpeg"}],"twitter_card":"summary_large_image","twitter_misc":{"Tiempo de lectura":"1 minuto"},"schema":{"@context":"https:\/\/schema.org","@graph":[{"@type":"WebPage","@id":"https:\/\/artesania.conselldeivissa.es\/es\/artesanos\/nuria-costa-reverter\/","url":"https:\/\/artesania.conselldeivissa.es\/es\/artesanos\/nuria-costa-reverter\/","name":"Nuria Costa Reverter - Artesania d&#039;Eivissa","isPartOf":{"@id":"https:\/\/artesania.conselldeivissa.es\/#website"},"datePublished":"2022-05-27T09:42:20+00:00","dateModified":"2024-08-07T08:00:11+00:00","breadcrumb":{"@id":"https:\/\/artesania.conselldeivissa.es\/es\/artesanos\/nuria-costa-reverter\/#breadcrumb"},"inLanguage":"es","potentialAction":[{"@type":"ReadAction","target":["https:\/\/artesania.conselldeivissa.es\/es\/artesanos\/nuria-costa-reverter\/"]}]},{"@type":"BreadcrumbList","@id":"https:\/\/artesania.conselldeivissa.es\/es\/artesanos\/nuria-costa-reverter\/#breadcrumb","itemListElement":[{"@type":"ListItem","position":1,"name":"Portada","item":"https:\/\/artesania.conselldeivissa.es\/es\/"},{"@type":"ListItem","position":2,"name":"Artesanos","item":"https:\/\/artesania.conselldeivissa.es\/artesanos\/"},{"@type":"ListItem","position":3,"name":"Nuria Costa Reverter"}]},{"@type":"WebSite","@id":"https:\/\/artesania.conselldeivissa.es\/#website","url":"https:\/\/artesania.conselldeivissa.es\/","name":"Artesania d&#039;Eivissa","description":"Artesanes i artesans d&#039;Eivisssa","publisher":{"@id":"https:\/\/artesania.conselldeivissa.es\/#organization"},"potentialAction":[{"@type":"SearchAction","target":{"@type":"EntryPoint","urlTemplate":"https:\/\/artesania.conselldeivissa.es\/?s={search_term_string}"},"query-input":"required name=search_term_string"}],"inLanguage":"es"},{"@type":"Organization","@id":"https:\/\/artesania.conselldeivissa.es\/#organization","name":"Artesania d&#039;Eivissa","url":"https:\/\/artesania.conselldeivissa.es\/","sameAs":[],"logo":{"@type":"ImageObject","inLanguage":"es","@id":"https:\/\/artesania.conselldeivissa.es\/#\/schema\/logo\/image\/","url":"https:\/\/artesania.conselldeivissa.es\/wp-content\/uploads\/2022\/08\/artesansnegro.png","contentUrl":"https:\/\/artesania.conselldeivissa.es\/wp-content\/uploads\/2022\/08\/artesansnegro.png","width":400,"height":97,"caption":"Artesania d&#039;Eivissa"},"image":{"@id":"https:\/\/artesania.conselldeivissa.es\/#\/schema\/logo\/image\/"}}]}},"_links":{"self":[{"href":"https:\/\/artesania.conselldeivissa.es\/es\/wp-json\/wp\/v2\/artesanos\/247","targetHints":{"allow":["GET"]}}],"collection":[{"href":"https:\/\/artesania.conselldeivissa.es\/es\/wp-json\/wp\/v2\/artesanos"}],"about":[{"href":"https:\/\/artesania.conselldeivissa.es\/es\/wp-json\/wp\/v2\/types\/artesanos"}],"author":[{"embeddable":true,"href":"https:\/\/artesania.conselldeivissa.es\/es\/wp-json\/wp\/v2\/users\/1"}],"version-history":[{"count":1,"href":"https:\/\/artesania.conselldeivissa.es\/es\/wp-json\/wp\/v2\/artesanos\/247\/revisions"}],"predecessor-version":[{"id":12024,"href":"https:\/\/artesania.conselldeivissa.es\/es\/wp-json\/wp\/v2\/artesanos\/247\/revisions\/12024"}],"wp:featuredmedia":[{"embeddable":true,"href":"https:\/\/artesania.conselldeivissa.es\/es\/wp-json\/wp\/v2\/media\/910"}],"wp:attachment":[{"href":"https:\/\/artesania.conselldeivissa.es\/es\/wp-json\/wp\/v2\/media?parent=247"}],"curies":[{"name":"wp","href":"https:\/\/api.w.org\/{rel}","templated":true}]}}

<p>[vc_row el_id=»filartesano»][vc_column width=»1/3&#8243;][vc_column_text]<div id="camposficha"><div class="catag cat-calzado">Calzado</div><h3>Nuria Costa Reverter</h3><div class="ofi">Alpargatero/a</div><a href="https://artesania.conselldeivissa.es/es/quienes-somos/#acreditaciones"><img decoding="async" src="https://artesania.conselldeivissa.es/wp-content/themes/laurits-child/images/mestre.png" class="ico_dist"></a><div class="prodart"><p><strong>PRODUCTOS</strong></p><p>Cursos y talleres de como hacer espardenyes eivissenques y vestimenta de la mujer ibicenca.</p></div><div class="iconphone"><a href="tel:+34971310539" target="_blank" class="">971310539</a> / <a href="tel:+34686252826" target="_blank" >686252826</a></div><a href="https://wa.me/+34674331152" target="_blank" class="campoficha iconwhatsapp">674331152</a><a href="mailto:nuriacostareverter@gmail.com" target="_blank" class="campoficha iconenvelope">nuriacostareverter@gmail.com</a></div>[/vc_column_text][/vc_column][vc_column width=»2/3&#8243;][vc_column_text]Núria Costa Reverter, natural de Jesús y miembro de la Colla de l’Horta, inició su actividad como artesana en 1996 cuando se apuntó a su primer curso de alpargatas. A lo largo de los años siguió con esta actividad hasta que en 2015 consiguió la carta de artesana. Además de dedicarse a la recuperación del oficio de <i>fer espardenyes,</i> también ha colaborado en la recuperación de la elaboración de la <i>tela de burell </i>para confeccionar la <i>gonella negra.</i>[/vc_column_text][vc_column_text]<strong>No comercializa sus productos</strong><br />
La finalidad de su carta acreditación es conservar y transmitir unos conocimientos que forman parte de los oficios tradicionales y de la cultura propia de Ibiza.[/vc_column_text][/vc_column][/vc_row][vc_row][vc_column width=»1/2&#8243;][vc_single_image image=»924&#8243; img_size=»full»][vc_single_image image=»922&#8243; img_size=»full»][vc_single_image image=»920&#8243; img_size=»full»][/vc_column][vc_column width=»1/2&#8243;][vc_single_image image=»923&#8243; img_size=»full»][vc_single_image image=»921&#8243; img_size=»full»][vc_single_image image=»919&#8243; img_size=»full»][/vc_column][/vc_row]</p>

<p>[vc_row el_id=»filartesano»][vc_column width=»1/3&#8243;][vc_column_text][/vc_column_text][/vc_column][vc_column width=»2/3&#8243;][vc_column_text]Núria Costa Reverter, natural de Jesús y miembro de la Colla de l’Horta, inició su actividad como artesana en 1996 cuando se apuntó a su primer curso [&hellip;]</p>

<!-- This site is optimized with the Yoast SEO plugin v19.6 - https://yoast.com/wordpress/plugins/seo/ -->
<title>Nuria Costa Reverter - Artesania d&#039;Eivissa</title>
<meta name="robots" content="index, follow, max-snippet:-1, max-image-preview:large, max-video-preview:-1" />
<link rel="canonical" href="https://artesania.conselldeivissa.es/es/artesanos/nuria-costa-reverter/" />
<meta property="og:locale" content="es_ES" />
<meta property="og:type" content="article" />
<meta property="og:title" content="Nuria Costa Reverter - Artesania d&#039;Eivissa" />
<meta property="og:description" content="[vc_row el_id=»filartesano»][vc_column width=»1/3&#8243;][vc_column_text][/vc_column_text][/vc_column][vc_column width=»2/3&#8243;][vc_column_text]Núria Costa Reverter, natural de Jesús y miembro de la Colla de l’Horta, inició su actividad como artesana en 1996 cuando se apuntó a su primer curso [&hellip;]" />
<meta property="og:url" content="https://artesania.conselldeivissa.es/es/artesanos/nuria-costa-reverter/" />
<meta property="og:site_name" content="Artesania d&#039;Eivissa" />
<meta property="article:modified_time" content="2024-08-07T08:00:11+00:00" />
<meta property="og:image" content="https://artesania.conselldeivissa.es/wp-content/uploads/2022/05/53_Nuria_Costa_Reverter_perfil.jpg" />
	<meta property="og:image:width" content="380" />
	<meta property="og:image:height" content="400" />
	<meta property="og:image:type" content="image/jpeg" />
<meta name="twitter:card" content="summary_large_image" />
<meta name="twitter:label1" content="Tiempo de lectura" />
	<meta name="twitter:data1" content="1 minuto" />
<script type="application/ld+json" class="yoast-schema-graph">{"@context":"https://schema.org","@graph":[{"@type":"WebPage","@id":"https://artesania.conselldeivissa.es/es/artesanos/nuria-costa-reverter/","url":"https://artesania.conselldeivissa.es/es/artesanos/nuria-costa-reverter/","name":"Nuria Costa Reverter - Artesania d&#039;Eivissa","isPartOf":{"@id":"https://artesania.conselldeivissa.es/#website"},"datePublished":"2022-05-27T09:42:20+00:00","dateModified":"2024-08-07T08:00:11+00:00","breadcrumb":{"@id":"https://artesania.conselldeivissa.es/es/artesanos/nuria-costa-reverter/#breadcrumb"},"inLanguage":"es","potentialAction":[{"@type":"ReadAction","target":["https://artesania.conselldeivissa.es/es/artesanos/nuria-costa-reverter/"]}]},{"@type":"BreadcrumbList","@id":"https://artesania.conselldeivissa.es/es/artesanos/nuria-costa-reverter/#breadcrumb","itemListElement":[{"@type":"ListItem","position":1,"name":"Portada","item":"https://artesania.conselldeivissa.es/es/"},{"@type":"ListItem","position":2,"name":"Artesanos","item":"https://artesania.conselldeivissa.es/artesanos/"},{"@type":"ListItem","position":3,"name":"Nuria Costa Reverter"}]},{"@type":"WebSite","@id":"https://artesania.conselldeivissa.es/#website","url":"https://artesania.conselldeivissa.es/","name":"Artesania d&#039;Eivissa","description":"Artesanes i artesans d&#039;Eivisssa","publisher":{"@id":"https://artesania.conselldeivissa.es/#organization"},"potentialAction":[{"@type":"SearchAction","target":{"@type":"EntryPoint","urlTemplate":"https://artesania.conselldeivissa.es/?s={search_term_string}"},"query-input":"required name=search_term_string"}],"inLanguage":"es"},{"@type":"Organization","@id":"https://artesania.conselldeivissa.es/#organization","name":"Artesania d&#039;Eivissa","url":"https://artesania.conselldeivissa.es/","sameAs":[],"logo":{"@type":"ImageObject","inLanguage":"es","@id":"https://artesania.conselldeivissa.es/#/schema/logo/image/","url":"https://artesania.conselldeivissa.es/wp-content/uploads/2022/08/artesansnegro.png","contentUrl":"https://artesania.conselldeivissa.es/wp-content/uploads/2022/08/artesansnegro.png","width":400,"height":97,"caption":"Artesania d&#039;Eivissa"},"image":{"@id":"https://artesania.conselldeivissa.es/#/schema/logo/image/"}}]}</script>
<!-- / Yoast SEO plugin. -->

[vc_row el_id=»filartesano»][vc_column width=»1/3&#8243;][vc_column_text][/vc_column_text][/vc_column][vc_column width=»2/3&#8243;][vc_column_text]Núria Costa Reverter, natural de Jesús y miembro de la Colla de l’Horta, inició su actividad como artesana en 1996 cuando se apuntó a su primer curso [&hellip;]
