{"id":133,"date":"2022-05-24T10:38:00","date_gmt":"2022-05-24T08:38:00","guid":{"rendered":"https:\/\/artesania.conselldeivissa.es\/?post_type=artesanos&#038;p=133"},"modified":"2023-08-04T17:39:53","modified_gmt":"2023-08-04T15:39:53","slug":"monika-maxim","status":"publish","type":"artesanos","link":"https:\/\/artesania.conselldeivissa.es\/es\/artesanos\/monika-maxim\/","title":{"rendered":"Monika Maxim"},"content":{"rendered":"<p>[vc_row el_id=\u00bbfilartesano\u00bb][vc_column width=\u00bb1\/3&#8243;][vc_column_text]<div id=\"camposficha\"><div class=\"catag cat-tejidos-y-confeccion\">Tejidos y confecci\u00f3n<\/div><h3>Monika Maxim<\/h3><div class=\"ofi\">Modista<\/div><a href=\"https:\/\/artesania.conselldeivissa.es\/es\/quienes-somos\/#acreditaciones\"><img decoding=\"async\" src=\"https:\/\/artesania.conselldeivissa.es\/wp-content\/themes\/laurits-child\/images\/artesa.png\" class=\"ico_dist\"><\/a><div class=\"prodart\"><p><strong>PRODUCTOS<\/strong><\/p><p>Moda ibicenca artesanal.<\/p><\/div><a href=\"tel:+34640390139\" target=\"_blank\" class=\"iconphone campoficha w100\">640390139<\/a><a href=\"https:\/\/wa.me\/+34640390139\" target=\"_blank\" class=\"campoficha iconwhatsapp\">640390139<\/a><a href=\"mailto:monicamaxim12@gmail.com\" target=\"_blank\" class=\"campoficha iconenvelope\">monicamaxim12@gmail.com<\/a><p class=\"titredes\"><strong>REDES SOCIALES<\/strong><\/p><a href=\"https:\/\/www.facebook.com\/monikamaximibiza\" target=\"_blank\" class=\"\" ><span class=\"fab fa-facebook-f\"><\/span><\/a><a href=\"https:\/\/www.instagram.com\/monikamaximibiza_ro\/?hl=es\" target=\"_blank\" class=\"\"><span class=\"fab fa-instagram\"><\/span><\/a><img decoding=\"async\" class=\"logo_artesano\" src=\"https:\/\/artesania.conselldeivissa.es\/wp-content\/uploads\/2022\/05\/108-logo-Monica-Maxim.jpg\"><\/div>[\/vc_column_text][\/vc_column][vc_column width=\u00bb2\/3&#8243;][vc_column_text]M\u00e1s de 30 a\u00f1os de experiencia en el mundo de la costura y 15 a\u00f1os en la moda ibicenca respaldan el proyecto de Monika Maxim, quien debut\u00f3 en 2017 en la Pasarela Adlib. Su t\u00e9cnica principal se basa en fibras naturales como el algod\u00f3n, las puntillas, los encajes de bolillo y el ganchillo, dotando siempre a las piezas de un acabado \u00fanico. Es notable la pureza del estilo ibicenco cl\u00e1sico que destilan sus prendas, influenciadas por una d\u00e9cada de aprendizaje al lado del prestigioso dise\u00f1ador Luis Ferrer.[\/vc_column_text][vc_column_text]<strong>D\u00d3NDE ENCONTRAR SUS PRODUCTOS<\/strong><\/p>\n<div id=\"lugares_artesano\"><p><strong>Comercios y mercadillos<\/strong><\/p><a href=\"https:\/\/artesania.conselldeivissa.es\/es\/lugares\/monika-maxim\/\" class=\"lugart\" target=\"_blank\">Monika Maxim<\/a><\/div>[\/vc_column_text][vc_column_text]<strong>Otros lugares<\/strong><\/p>\n<p>En tiendas de Girona, Benidorm, Marbella&#8230;[\/vc_column_text][vc_single_image image=\u00bb4347&#8243; img_size=\u00bbfull\u00bb onclick=\u00bbcustom_link\u00bb img_link_target=\u00bb_blank\u00bb link=\u00bbhttps:\/\/www.adlibibiza.es\/speaker\/monika-maxim-ibiza\/\u00bb el_class=\u00bbadlib\u00bb][\/vc_column][\/vc_row][vc_row][vc_column width=\u00bb1\/2&#8243;][vc_single_image image=\u00bb946&#8243; img_size=\u00bbfull\u00bb][vc_single_image image=\u00bb944&#8243; img_size=\u00bbfull\u00bb][\/vc_column][vc_column width=\u00bb1\/2&#8243;][vc_single_image image=\u00bb945&#8243; img_size=\u00bbfull\u00bb][vc_single_image image=\u00bb943&#8243; img_size=\u00bbfull\u00bb][\/vc_column][\/vc_row][vc_row][vc_column][vc_video link=\u00bbhttps:\/\/www.youtube.com\/watch?v=qSevJVZDQYU\u00bb][\/vc_column][\/vc_row]<\/p>\n","protected":false},"excerpt":{"rendered":"<p>[vc_row el_id=\u00bbfilartesano\u00bb][vc_column width=\u00bb1\/3&#8243;][vc_column_text][\/vc_column_text][\/vc_column][vc_column width=\u00bb2\/3&#8243;][vc_column_text]M\u00e1s de 30 a\u00f1os de experiencia en el mundo de la costura y 15 a\u00f1os en la moda ibicenca respaldan el proyecto de Monika Maxim, quien debut\u00f3 [&hellip;]<\/p>\n","protected":false},"author":1,"featured_media":938,"template":"","meta":{"footnotes":""},"class_list":["post-133","artesanos","type-artesanos","status-publish","has-post-thumbnail","hentry","artesano-category-tejidos-y-confeccion"],"acf":[],"yoast_head":"<!-- This site is optimized with the Yoast SEO plugin v19.6 - https:\/\/yoast.com\/wordpress\/plugins\/seo\/ -->\n<title>Monika Maxim - Artesania d&#039;Eivissa<\/title>\n<meta name=\"robots\" content=\"index, follow, max-snippet:-1, max-image-preview:large, max-video-preview:-1\" \/>\n<link rel=\"canonical\" href=\"https:\/\/artesania.conselldeivissa.es\/es\/artesanos\/monika-maxim\/\" \/>\n<meta property=\"og:locale\" content=\"es_ES\" \/>\n<meta property=\"og:type\" content=\"article\" \/>\n<meta property=\"og:title\" content=\"Monika Maxim - Artesania d&#039;Eivissa\" \/>\n<meta property=\"og:description\" content=\"[vc_row el_id=\u00bbfilartesano\u00bb][vc_column width=\u00bb1\/3&#8243;][vc_column_text][\/vc_column_text][\/vc_column][vc_column width=\u00bb2\/3&#8243;][vc_column_text]M\u00e1s de 30 a\u00f1os de experiencia en el mundo de la costura y 15 a\u00f1os en la moda ibicenca respaldan el proyecto de Monika Maxim, quien debut\u00f3 [&hellip;]\" \/>\n<meta property=\"og:url\" content=\"https:\/\/artesania.conselldeivissa.es\/es\/artesanos\/monika-maxim\/\" \/>\n<meta property=\"og:site_name\" content=\"Artesania d&#039;Eivissa\" \/>\n<meta property=\"article:modified_time\" content=\"2023-08-04T15:39:53+00:00\" \/>\n<meta property=\"og:image\" content=\"https:\/\/artesania.conselldeivissa.es\/wp-content\/uploads\/2022\/05\/108_Maricica_Maxim_perfil.jpg\" \/>\n\t<meta property=\"og:image:width\" content=\"380\" \/>\n\t<meta property=\"og:image:height\" content=\"400\" \/>\n\t<meta property=\"og:image:type\" content=\"image\/jpeg\" \/>\n<meta name=\"twitter:card\" content=\"summary_large_image\" \/>\n<meta name=\"twitter:label1\" content=\"Tiempo de lectura\" \/>\n\t<meta name=\"twitter:data1\" content=\"1 minuto\" \/>\n<script type=\"application\/ld+json\" class=\"yoast-schema-graph\">{\"@context\":\"https:\/\/schema.org\",\"@graph\":[{\"@type\":\"WebPage\",\"@id\":\"https:\/\/artesania.conselldeivissa.es\/es\/artesanos\/monika-maxim\/\",\"url\":\"https:\/\/artesania.conselldeivissa.es\/es\/artesanos\/monika-maxim\/\",\"name\":\"Monika Maxim - Artesania d&#039;Eivissa\",\"isPartOf\":{\"@id\":\"https:\/\/artesania.conselldeivissa.es\/#website\"},\"datePublished\":\"2022-05-24T08:38:00+00:00\",\"dateModified\":\"2023-08-04T15:39:53+00:00\",\"breadcrumb\":{\"@id\":\"https:\/\/artesania.conselldeivissa.es\/es\/artesanos\/monika-maxim\/#breadcrumb\"},\"inLanguage\":\"es\",\"potentialAction\":[{\"@type\":\"ReadAction\",\"target\":[\"https:\/\/artesania.conselldeivissa.es\/es\/artesanos\/monika-maxim\/\"]}]},{\"@type\":\"BreadcrumbList\",\"@id\":\"https:\/\/artesania.conselldeivissa.es\/es\/artesanos\/monika-maxim\/#breadcrumb\",\"itemListElement\":[{\"@type\":\"ListItem\",\"position\":1,\"name\":\"Portada\",\"item\":\"https:\/\/artesania.conselldeivissa.es\/es\/\"},{\"@type\":\"ListItem\",\"position\":2,\"name\":\"Artesanos\",\"item\":\"https:\/\/artesania.conselldeivissa.es\/artesanos\/\"},{\"@type\":\"ListItem\",\"position\":3,\"name\":\"Monika Maxim\"}]},{\"@type\":\"WebSite\",\"@id\":\"https:\/\/artesania.conselldeivissa.es\/#website\",\"url\":\"https:\/\/artesania.conselldeivissa.es\/\",\"name\":\"Artesania d&#039;Eivissa\",\"description\":\"Artesanes i artesans d&#039;Eivisssa\",\"publisher\":{\"@id\":\"https:\/\/artesania.conselldeivissa.es\/#organization\"},\"potentialAction\":[{\"@type\":\"SearchAction\",\"target\":{\"@type\":\"EntryPoint\",\"urlTemplate\":\"https:\/\/artesania.conselldeivissa.es\/?s={search_term_string}\"},\"query-input\":\"required name=search_term_string\"}],\"inLanguage\":\"es\"},{\"@type\":\"Organization\",\"@id\":\"https:\/\/artesania.conselldeivissa.es\/#organization\",\"name\":\"Artesania d&#039;Eivissa\",\"url\":\"https:\/\/artesania.conselldeivissa.es\/\",\"sameAs\":[],\"logo\":{\"@type\":\"ImageObject\",\"inLanguage\":\"es\",\"@id\":\"https:\/\/artesania.conselldeivissa.es\/#\/schema\/logo\/image\/\",\"url\":\"https:\/\/artesania.conselldeivissa.es\/wp-content\/uploads\/2022\/08\/artesansnegro.png\",\"contentUrl\":\"https:\/\/artesania.conselldeivissa.es\/wp-content\/uploads\/2022\/08\/artesansnegro.png\",\"width\":400,\"height\":97,\"caption\":\"Artesania d&#039;Eivissa\"},\"image\":{\"@id\":\"https:\/\/artesania.conselldeivissa.es\/#\/schema\/logo\/image\/\"}}]}<\/script>\n<!-- \/ Yoast SEO plugin. -->","yoast_head_json":{"title":"Monika Maxim - Artesania d&#039;Eivissa","robots":{"index":"index","follow":"follow","max-snippet":"max-snippet:-1","max-image-preview":"max-image-preview:large","max-video-preview":"max-video-preview:-1"},"canonical":"https:\/\/artesania.conselldeivissa.es\/es\/artesanos\/monika-maxim\/","og_locale":"es_ES","og_type":"article","og_title":"Monika Maxim - Artesania d&#039;Eivissa","og_description":"[vc_row el_id=\u00bbfilartesano\u00bb][vc_column width=\u00bb1\/3&#8243;][vc_column_text][\/vc_column_text][\/vc_column][vc_column width=\u00bb2\/3&#8243;][vc_column_text]M\u00e1s de 30 a\u00f1os de experiencia en el mundo de la costura y 15 a\u00f1os en la moda ibicenca respaldan el proyecto de Monika Maxim, quien debut\u00f3 [&hellip;]","og_url":"https:\/\/artesania.conselldeivissa.es\/es\/artesanos\/monika-maxim\/","og_site_name":"Artesania d&#039;Eivissa","article_modified_time":"2023-08-04T15:39:53+00:00","og_image":[{"width":380,"height":400,"url":"https:\/\/artesania.conselldeivissa.es\/wp-content\/uploads\/2022\/05\/108_Maricica_Maxim_perfil.jpg","type":"image\/jpeg"}],"twitter_card":"summary_large_image","twitter_misc":{"Tiempo de lectura":"1 minuto"},"schema":{"@context":"https:\/\/schema.org","@graph":[{"@type":"WebPage","@id":"https:\/\/artesania.conselldeivissa.es\/es\/artesanos\/monika-maxim\/","url":"https:\/\/artesania.conselldeivissa.es\/es\/artesanos\/monika-maxim\/","name":"Monika Maxim - Artesania d&#039;Eivissa","isPartOf":{"@id":"https:\/\/artesania.conselldeivissa.es\/#website"},"datePublished":"2022-05-24T08:38:00+00:00","dateModified":"2023-08-04T15:39:53+00:00","breadcrumb":{"@id":"https:\/\/artesania.conselldeivissa.es\/es\/artesanos\/monika-maxim\/#breadcrumb"},"inLanguage":"es","potentialAction":[{"@type":"ReadAction","target":["https:\/\/artesania.conselldeivissa.es\/es\/artesanos\/monika-maxim\/"]}]},{"@type":"BreadcrumbList","@id":"https:\/\/artesania.conselldeivissa.es\/es\/artesanos\/monika-maxim\/#breadcrumb","itemListElement":[{"@type":"ListItem","position":1,"name":"Portada","item":"https:\/\/artesania.conselldeivissa.es\/es\/"},{"@type":"ListItem","position":2,"name":"Artesanos","item":"https:\/\/artesania.conselldeivissa.es\/artesanos\/"},{"@type":"ListItem","position":3,"name":"Monika Maxim"}]},{"@type":"WebSite","@id":"https:\/\/artesania.conselldeivissa.es\/#website","url":"https:\/\/artesania.conselldeivissa.es\/","name":"Artesania d&#039;Eivissa","description":"Artesanes i artesans d&#039;Eivisssa","publisher":{"@id":"https:\/\/artesania.conselldeivissa.es\/#organization"},"potentialAction":[{"@type":"SearchAction","target":{"@type":"EntryPoint","urlTemplate":"https:\/\/artesania.conselldeivissa.es\/?s={search_term_string}"},"query-input":"required name=search_term_string"}],"inLanguage":"es"},{"@type":"Organization","@id":"https:\/\/artesania.conselldeivissa.es\/#organization","name":"Artesania d&#039;Eivissa","url":"https:\/\/artesania.conselldeivissa.es\/","sameAs":[],"logo":{"@type":"ImageObject","inLanguage":"es","@id":"https:\/\/artesania.conselldeivissa.es\/#\/schema\/logo\/image\/","url":"https:\/\/artesania.conselldeivissa.es\/wp-content\/uploads\/2022\/08\/artesansnegro.png","contentUrl":"https:\/\/artesania.conselldeivissa.es\/wp-content\/uploads\/2022\/08\/artesansnegro.png","width":400,"height":97,"caption":"Artesania d&#039;Eivissa"},"image":{"@id":"https:\/\/artesania.conselldeivissa.es\/#\/schema\/logo\/image\/"}}]}},"_links":{"self":[{"href":"https:\/\/artesania.conselldeivissa.es\/es\/wp-json\/wp\/v2\/artesanos\/133","targetHints":{"allow":["GET"]}}],"collection":[{"href":"https:\/\/artesania.conselldeivissa.es\/es\/wp-json\/wp\/v2\/artesanos"}],"about":[{"href":"https:\/\/artesania.conselldeivissa.es\/es\/wp-json\/wp\/v2\/types\/artesanos"}],"author":[{"embeddable":true,"href":"https:\/\/artesania.conselldeivissa.es\/es\/wp-json\/wp\/v2\/users\/1"}],"version-history":[{"count":2,"href":"https:\/\/artesania.conselldeivissa.es\/es\/wp-json\/wp\/v2\/artesanos\/133\/revisions"}],"predecessor-version":[{"id":8919,"href":"https:\/\/artesania.conselldeivissa.es\/es\/wp-json\/wp\/v2\/artesanos\/133\/revisions\/8919"}],"wp:featuredmedia":[{"embeddable":true,"href":"https:\/\/artesania.conselldeivissa.es\/es\/wp-json\/wp\/v2\/media\/938"}],"wp:attachment":[{"href":"https:\/\/artesania.conselldeivissa.es\/es\/wp-json\/wp\/v2\/media?parent=133"}],"curies":[{"name":"wp","href":"https:\/\/api.w.org\/{rel}","templated":true}]}}

<p>[vc_row el_id=»filartesano»][vc_column width=»1/3&#8243;][vc_column_text]<div id="camposficha"><div class="catag cat-tejidos-y-confeccion">Tejidos y confección</div><h3>Monika Maxim</h3><div class="ofi">Modista</div><a href="https://artesania.conselldeivissa.es/es/quienes-somos/#acreditaciones"><img decoding="async" src="https://artesania.conselldeivissa.es/wp-content/themes/laurits-child/images/artesa.png" class="ico_dist"></a><div class="prodart"><p><strong>PRODUCTOS</strong></p><p>Moda ibicenca artesanal.</p></div><a href="tel:+34640390139" target="_blank" class="iconphone campoficha w100">640390139</a><a href="https://wa.me/+34640390139" target="_blank" class="campoficha iconwhatsapp">640390139</a><a href="mailto:monicamaxim12@gmail.com" target="_blank" class="campoficha iconenvelope">monicamaxim12@gmail.com</a><p class="titredes"><strong>REDES SOCIALES</strong></p><a href="https://www.facebook.com/monikamaximibiza" target="_blank" class="" ><span class="fab fa-facebook-f"></span></a><a href="https://www.instagram.com/monikamaximibiza_ro/?hl=es" target="_blank" class=""><span class="fab fa-instagram"></span></a><img decoding="async" class="logo_artesano" src="https://artesania.conselldeivissa.es/wp-content/uploads/2022/05/108-logo-Monica-Maxim.jpg"></div>[/vc_column_text][/vc_column][vc_column width=»2/3&#8243;][vc_column_text]Más de 30 años de experiencia en el mundo de la costura y 15 años en la moda ibicenca respaldan el proyecto de Monika Maxim, quien debutó en 2017 en la Pasarela Adlib. Su técnica principal se basa en fibras naturales como el algodón, las puntillas, los encajes de bolillo y el ganchillo, dotando siempre a las piezas de un acabado único. Es notable la pureza del estilo ibicenco clásico que destilan sus prendas, influenciadas por una década de aprendizaje al lado del prestigioso diseñador Luis Ferrer.[/vc_column_text][vc_column_text]<strong>DÓNDE ENCONTRAR SUS PRODUCTOS</strong></p>
<div id="lugares_artesano"><p><strong>Comercios y mercadillos</strong></p><a href="https://artesania.conselldeivissa.es/es/lugares/monika-maxim/" class="lugart" target="_blank">Monika Maxim</a></div>[/vc_column_text][vc_column_text]<strong>Otros lugares</strong></p>
<p>En tiendas de Girona, Benidorm, Marbella&#8230;[/vc_column_text][vc_single_image image=»4347&#8243; img_size=»full» onclick=»custom_link» img_link_target=»_blank» link=»https://www.adlibibiza.es/speaker/monika-maxim-ibiza/» el_class=»adlib»][/vc_column][/vc_row][vc_row][vc_column width=»1/2&#8243;][vc_single_image image=»946&#8243; img_size=»full»][vc_single_image image=»944&#8243; img_size=»full»][/vc_column][vc_column width=»1/2&#8243;][vc_single_image image=»945&#8243; img_size=»full»][vc_single_image image=»943&#8243; img_size=»full»][/vc_column][/vc_row][vc_row][vc_column][vc_video link=»https://www.youtube.com/watch?v=qSevJVZDQYU»][/vc_column][/vc_row]</p>

<p>[vc_row el_id=»filartesano»][vc_column width=»1/3&#8243;][vc_column_text][/vc_column_text][/vc_column][vc_column width=»2/3&#8243;][vc_column_text]Más de 30 años de experiencia en el mundo de la costura y 15 años en la moda ibicenca respaldan el proyecto de Monika Maxim, quien debutó [&hellip;]</p>

<!-- This site is optimized with the Yoast SEO plugin v19.6 - https://yoast.com/wordpress/plugins/seo/ -->
<title>Monika Maxim - Artesania d&#039;Eivissa</title>
<meta name="robots" content="index, follow, max-snippet:-1, max-image-preview:large, max-video-preview:-1" />
<link rel="canonical" href="https://artesania.conselldeivissa.es/es/artesanos/monika-maxim/" />
<meta property="og:locale" content="es_ES" />
<meta property="og:type" content="article" />
<meta property="og:title" content="Monika Maxim - Artesania d&#039;Eivissa" />
<meta property="og:description" content="[vc_row el_id=»filartesano»][vc_column width=»1/3&#8243;][vc_column_text][/vc_column_text][/vc_column][vc_column width=»2/3&#8243;][vc_column_text]Más de 30 años de experiencia en el mundo de la costura y 15 años en la moda ibicenca respaldan el proyecto de Monika Maxim, quien debutó [&hellip;]" />
<meta property="og:url" content="https://artesania.conselldeivissa.es/es/artesanos/monika-maxim/" />
<meta property="og:site_name" content="Artesania d&#039;Eivissa" />
<meta property="article:modified_time" content="2023-08-04T15:39:53+00:00" />
<meta property="og:image" content="https://artesania.conselldeivissa.es/wp-content/uploads/2022/05/108_Maricica_Maxim_perfil.jpg" />
	<meta property="og:image:width" content="380" />
	<meta property="og:image:height" content="400" />
	<meta property="og:image:type" content="image/jpeg" />
<meta name="twitter:card" content="summary_large_image" />
<meta name="twitter:label1" content="Tiempo de lectura" />
	<meta name="twitter:data1" content="1 minuto" />
<script type="application/ld+json" class="yoast-schema-graph">{"@context":"https://schema.org","@graph":[{"@type":"WebPage","@id":"https://artesania.conselldeivissa.es/es/artesanos/monika-maxim/","url":"https://artesania.conselldeivissa.es/es/artesanos/monika-maxim/","name":"Monika Maxim - Artesania d&#039;Eivissa","isPartOf":{"@id":"https://artesania.conselldeivissa.es/#website"},"datePublished":"2022-05-24T08:38:00+00:00","dateModified":"2023-08-04T15:39:53+00:00","breadcrumb":{"@id":"https://artesania.conselldeivissa.es/es/artesanos/monika-maxim/#breadcrumb"},"inLanguage":"es","potentialAction":[{"@type":"ReadAction","target":["https://artesania.conselldeivissa.es/es/artesanos/monika-maxim/"]}]},{"@type":"BreadcrumbList","@id":"https://artesania.conselldeivissa.es/es/artesanos/monika-maxim/#breadcrumb","itemListElement":[{"@type":"ListItem","position":1,"name":"Portada","item":"https://artesania.conselldeivissa.es/es/"},{"@type":"ListItem","position":2,"name":"Artesanos","item":"https://artesania.conselldeivissa.es/artesanos/"},{"@type":"ListItem","position":3,"name":"Monika Maxim"}]},{"@type":"WebSite","@id":"https://artesania.conselldeivissa.es/#website","url":"https://artesania.conselldeivissa.es/","name":"Artesania d&#039;Eivissa","description":"Artesanes i artesans d&#039;Eivisssa","publisher":{"@id":"https://artesania.conselldeivissa.es/#organization"},"potentialAction":[{"@type":"SearchAction","target":{"@type":"EntryPoint","urlTemplate":"https://artesania.conselldeivissa.es/?s={search_term_string}"},"query-input":"required name=search_term_string"}],"inLanguage":"es"},{"@type":"Organization","@id":"https://artesania.conselldeivissa.es/#organization","name":"Artesania d&#039;Eivissa","url":"https://artesania.conselldeivissa.es/","sameAs":[],"logo":{"@type":"ImageObject","inLanguage":"es","@id":"https://artesania.conselldeivissa.es/#/schema/logo/image/","url":"https://artesania.conselldeivissa.es/wp-content/uploads/2022/08/artesansnegro.png","contentUrl":"https://artesania.conselldeivissa.es/wp-content/uploads/2022/08/artesansnegro.png","width":400,"height":97,"caption":"Artesania d&#039;Eivissa"},"image":{"@id":"https://artesania.conselldeivissa.es/#/schema/logo/image/"}}]}</script>
<!-- / Yoast SEO plugin. -->

[vc_row el_id=»filartesano»][vc_column width=»1/3&#8243;][vc_column_text][/vc_column_text][/vc_column][vc_column width=»2/3&#8243;][vc_column_text]Más de 30 años de experiencia en el mundo de la costura y 15 años en la moda ibicenca respaldan el proyecto de Monika Maxim, quien debutó [&hellip;]
